{"id":3313,"date":"2018-07-18T09:47:28","date_gmt":"2018-07-18T09:47:28","guid":{"rendered":"https:\/\/iesalhadra.wordpress.com\/?page_id=3"},"modified":"2021-04-05T11:07:07","modified_gmt":"2021-04-05T10:07:07","slug":"contacto","status":"publish","type":"page","link":"https:\/\/blogsaverroes.juntadeandalucia.es\/iesalhadra\/contacto\/","title":{"rendered":"Contacto"},"content":{"rendered":"<p>&nbsp;<\/p>\r\n\r\n<figure><iframe loading=\"lazy\" src=\"https:\/\/www.google.com\/maps\/embed?pb=!1m18!1m12!1m3!1d3192.737280698105!2d-2.4443213847657072!3d36.848767572664094!2m3!1f0!2f0!3f0!3m2!1i1024!2i768!4f13.1!3m3!1m2!1s0xd7a9e0c9eba7aa1%3A0xffe0467d36206499!2sCalle+de+los+Colegios%2C+7%2C+04009+Almer%C3%ADa!5e0!3m2!1ses!2ses!4v1554192554898!5m2!1ses!2ses\" width=\"600\" height=\"450\"><\/iframe><\/figure>\r\n\r\n\r\n\r\n<h3 class=\"wp-block-heading\">&nbsp;<\/h3>\r\n<h3>Direcci\u00f3n<\/h3>\r\n\r\n\r\n\r\n<p>Carrera de los Colegios, 7, 04009 Almer\u00eda<\/p>\r\n\r\n\r\n\r\n<h3 class=\"wp-block-heading\">&nbsp;<\/h3>\r\n<h3>Tel\u00e9fono<\/h3>\r\n\r\n\r\n\r\n<p>Conserjer\u00eda: 950 156 930<\/p>\r\n\r\n\r\n\r\n<p>Secretar\u00eda: 600 141311<\/p>\r\n\r\n\r\n\r\n<p>Jefatura de Estudios: 600 141310<\/p>\r\n\r\n\r\n\r\n<p>Informaci\u00f3n modalidad a distancia y semipresencial: 950 156931.&nbsp;<\/p>\r\n\r\n\r\n\r\n<h3 class=\"wp-block-heading\">&nbsp;<\/h3>\r\n<h3>eMail<\/h3>\r\n\r\n\r\n\r\n<p><a href=\"mailto:04001163.edu@juntadeandalucia.es\">04001163.edu@juntadeandalucia.es<\/a><\/p>\r\n\r\n\r\n\r\n<h3 class=\"wp-block-heading\">&nbsp;<\/h3>\r\n<h3>Horario de Secretaria<\/h3>\r\n\r\n\r\n\r\n<p>L, M, X, J, V de 09:30 a 13:30<\/p>\r\n\r\n\r\n\r\n<p>&nbsp;<\/p>\r\n\r\n<p>&nbsp;<\/p>","protected":false},"excerpt":{"rendered":"<p>&nbsp; &nbsp; Direcci\u00f3n Carrera de los Colegios, 7, 04009 Almer\u00eda &nbsp; Tel\u00e9fono Conserjer\u00eda: 950 156 930 Secretar\u00eda: 600 141311 Jefatura de Estudios: 600 141310 Informaci\u00f3n modalidad a distancia y semipresencial: 950 156931.&nbsp; &nbsp; eMail 04001163.edu@juntadeandalucia.es &nbsp; Horario de Secretaria L, M, X, J, V de 09:30 a 13:30 &nbsp; &nbsp;<\/p>\n","protected":false},"author":11612,"featured_media":0,"parent":0,"menu_order":2,"comment_status":"closed","ping_status":"closed","template":"","meta":{"_et_pb_use_builder":"","_et_pb_old_content":"","_et_gb_content_width":"","ngg_post_thumbnail":0,"footnotes":""},"aioseo_notices":[],"_links":{"self":[{"href":"https:\/\/blogsaverroes.juntadeandalucia.es\/iesalhadra\/wp-json\/wp\/v2\/pages\/3313"}],"collection":[{"href":"https:\/\/blogsaverroes.juntadeandalucia.es\/iesalhadra\/wp-json\/wp\/v2\/pages"}],"about":[{"href":"https:\/\/blogsaverroes.juntadeandalucia.es\/iesalhadra\/wp-json\/wp\/v2\/types\/page"}],"author":[{"embeddable":true,"href":"https:\/\/blogsaverroes.juntadeandalucia.es\/iesalhadra\/wp-json\/wp\/v2\/users\/11612"}],"replies":[{"embeddable":true,"href":"https:\/\/blogsaverroes.juntadeandalucia.es\/iesalhadra\/wp-json\/wp\/v2\/comments?post=3313"}],"version-history":[{"count":2,"href":"https:\/\/blogsaverroes.juntadeandalucia.es\/iesalhadra\/wp-json\/wp\/v2\/pages\/3313\/revisions"}],"predecessor-version":[{"id":4248,"href":"https:\/\/blogsaverroes.juntadeandalucia.es\/iesalhadra\/wp-json\/wp\/v2\/pages\/3313\/revisions\/4248"}],"wp:attachment":[{"href":"https:\/\/blogsaverroes.juntadeandalucia.es\/iesalhadra\/wp-json\/wp\/v2\/media?parent=3313"}],"curies":[{"name":"wp","href":"https:\/\/api.w.org\/{rel}","templated":true}]}}