{"id":3318,"date":"2018-07-18T10:57:30","date_gmt":"2018-07-18T10:57:30","guid":{"rendered":"https:\/\/iesalhadra.wordpress.com\/?page_id=59"},"modified":"2026-02-17T11:36:45","modified_gmt":"2026-02-17T10:36:45","slug":"documentos","status":"publish","type":"page","link":"https:\/\/blogsaverroes.juntadeandalucia.es\/iesalhadra\/documentos\/","title":{"rendered":"Documentos"},"content":{"rendered":"<p>[et_pb_section fb_built=&#8221;1&#8243; _builder_version=&#8221;4.16&#8243; global_colors_info=&#8221;{}&#8221;][et_pb_row column_structure=&#8221;3_4,1_4&#8243; _builder_version=&#8221;4.16&#8243; background_size=&#8221;initial&#8221; background_position=&#8221;top_left&#8221; background_repeat=&#8221;repeat&#8221; global_colors_info=&#8221;{}&#8221;][et_pb_column type=&#8221;3_4&#8243; _builder_version=&#8221;4.16&#8243; custom_padding=&#8221;|||&#8221; global_colors_info=&#8221;{}&#8221; custom_padding__hover=&#8221;|||&#8221;][et_pb_post_title title=&#8221;off&#8221; meta=&#8221;off&#8221; force_fullwidth=&#8221;off&#8221; _builder_version=&#8221;4.16&#8243; _module_preset=&#8221;default&#8221; global_colors_info=&#8221;{}&#8221;][\/et_pb_post_title][et_pb_text _builder_version=&#8221;4.24.2&#8243; _module_preset=&#8221;default&#8221; global_colors_info=&#8221;{}&#8221;]<\/p>\n<h2><strong>PLAN DE CENTRO 25-26<\/strong><\/h2>\n<p>[\/et_pb_text][et_pb_button button_url=&#8221;https:\/\/blogsaverroes.juntadeandalucia.es\/iesalhadra\/instrucciones16-12-2021-evaluacion-lomloe-anexo-al-proyecto-educativo\/&#8221; url_new_window=&#8221;on&#8221; button_text=&#8221;Instrucciones de 16 de diciembre de 2021 &#8211; Evaluaci\u00f3n LOMLOE&#8221; disabled_on=&#8221;on|on|on&#8221; admin_label=&#8221;Instrucciones de 16 de diciembre de 2021 &#8211; Evaluaci\u00f3n LOMLOE&#8221; _builder_version=&#8221;4.16&#8243; _module_preset=&#8221;default&#8221; disabled=&#8221;on&#8221; global_colors_info=&#8221;{}&#8221;][\/et_pb_button][et_pb_button button_url=&#8221;https:\/\/blogsaverroes.juntadeandalucia.es\/iesalhadra\/files\/2026\/02\/PROYECTO-GESTI\u03b1N-ECON\u03b1MICA-2025-26.pdf&#8221; url_new_window=&#8221;on&#8221; button_text=&#8221;Proyecto de Gesti\u00f3n&#8221; disabled_on=&#8221;off|off|off&#8221; admin_label=&#8221;Proyecto de Gesti\u00f3n&#8221; _builder_version=&#8221;4.24.2&#8243; _module_preset=&#8221;default&#8221; global_colors_info=&#8221;{}&#8221;][\/et_pb_button][et_pb_button button_url=&#8221;https:\/\/blogsaverroes.juntadeandalucia.es\/iesalhadra\/files\/2026\/02\/ROF25_26.pdf&#8221; url_new_window=&#8221;on&#8221; button_text=&#8221;Reglamento de Organizaci\u00f3n y Funcionamiento&#8221; admin_label=&#8221;Reglamento de Organizaci\u00f3n y Funcionamiento&#8221; _builder_version=&#8221;4.24.2&#8243; _module_preset=&#8221;default&#8221; global_colors_info=&#8221;{}&#8221;][\/et_pb_button][et_pb_button button_url=&#8221;https:\/\/blogsaverroes.juntadeandalucia.es\/iesalhadra\/files\/2026\/02\/PROYECTO-EDUCATIVO_25_26.pdf&#8221; url_new_window=&#8221;on&#8221; button_text=&#8221;Proyecto Educativo&#8221; admin_label=&#8221;Proyecto Educativo&#8221; _builder_version=&#8221;4.24.2&#8243; _module_preset=&#8221;default&#8221; global_colors_info=&#8221;{}&#8221;][\/et_pb_button][et_pb_button button_url=&#8221;https:\/\/blogsaverroes.juntadeandalucia.es\/iesalhadra\/files\/2026\/02\/ANEXO-I_TABLAS-ATENCION-A-LA-DIVERSIDAD_ESO.pdf&#8221; url_new_window=&#8221;on&#8221; button_text=&#8221;Anexo I. Tablas de medidas de Atenci\u00f3n a la Diversidad&#8221; disabled_on=&#8221;off|off|off&#8221; admin_label=&#8221;Anexo 1. Tablas de medidas de Atenci\u00f3n a la Diversidad&#8221; _builder_version=&#8221;4.24.2&#8243; _module_preset=&#8221;default&#8221; global_colors_info=&#8221;{}&#8221;][\/et_pb_button][et_pb_button button_url=&#8221;https:\/\/blogsaverroes.juntadeandalucia.es\/iesalhadra\/files\/2026\/02\/ANEXO-II_PROGRAMA_TRANSITO_ESCOLAR_25_26.pdf&#8221; url_new_window=&#8221;on&#8221; button_text=&#8221;Anexo II. Programa de Tr\u00e1nsito Escolar&#8221; admin_label=&#8221;Anexo 2. Programa de Tr\u00e1nsito Escolar&#8221; _builder_version=&#8221;4.24.2&#8243; _module_preset=&#8221;default&#8221; global_colors_info=&#8221;{}&#8221;][\/et_pb_button][et_pb_button button_url=&#8221;https:\/\/blogsaverroes.juntadeandalucia.es\/iesalhadra\/files\/2026\/02\/ANEXO-III_ELABORACION_PROGRAMACIONES.pdf&#8221; url_new_window=&#8221;on&#8221; button_text=&#8221;Anexo III. Elaboraci\u00f3n de Programaciones&#8221; disabled_on=&#8221;off|off|off&#8221; admin_label=&#8221;Anexo 3. Elaboraci\u00f3n de Programaciones&#8221; _builder_version=&#8221;4.24.2&#8243; _module_preset=&#8221;default&#8221; global_colors_info=&#8221;{}&#8221;][\/et_pb_button][et_pb_button button_url=&#8221;https:\/\/blogsaverroes.juntadeandalucia.es\/iesalhadra\/files\/2026\/02\/ANEXO-IV_PLAN-DE-FORMACION.pdf&#8221; url_new_window=&#8221;on&#8221; button_text=&#8221;Anexo IV. Plan de Formaci\u00f3n&#8221; admin_label=&#8221;Anexo 4. Plan de Formaci\u00f3n&#8221; _builder_version=&#8221;4.24.2&#8243; _module_preset=&#8221;default&#8221; global_colors_info=&#8221;{}&#8221;][\/et_pb_button][et_pb_button button_url=&#8221;https:\/\/blogsaverroes.juntadeandalucia.es\/iesalhadra\/files\/2026\/02\/ANEXO-V_PLAN-DE-ACTUACION-DIGITAL.pdf&#8221; url_new_window=&#8221;on&#8221; button_text=&#8221;Anexo V. Plan de Actuaci\u00f3n Digital&#8221; disabled_on=&#8221;off|off|off&#8221; admin_label=&#8221;Anexo 5. Plan de Actuaci\u00f3n Digital&#8221; _builder_version=&#8221;4.24.2&#8243; _module_preset=&#8221;default&#8221; global_colors_info=&#8221;{}&#8221;][\/et_pb_button][et_pb_button button_url=&#8221;https:\/\/blogsaverroes.juntadeandalucia.es\/iesalhadra\/files\/2026\/02\/ANEXO-VI_PLAN-DE-ORIENTACION-Y-ACCION-TUTORIAL.pdf&#8221; url_new_window=&#8221;on&#8221; button_text=&#8221;Anexo VI. Plan de Orientaci\u00f3n y Acci\u00f3n Tutorial&#8221; disabled_on=&#8221;off|off|off&#8221; admin_label=&#8221;Anexo 6. Plan de Orientaci\u00f3n y Acci\u00f3n Tutorial&#8221; _builder_version=&#8221;4.24.2&#8243; _module_preset=&#8221;default&#8221; global_colors_info=&#8221;{}&#8221;][\/et_pb_button][et_pb_button button_url=&#8221;https:\/\/blogsaverroes.juntadeandalucia.es\/iesalhadra\/files\/2026\/02\/ANEXO-VI_PLAN-DE-LECTURA-PLANIFICADA.pdf&#8221; url_new_window=&#8221;on&#8221; button_text=&#8221;Anexo VII. Plan de Lectura Planificada&#8221; disabled_on=&#8221;off|off|off&#8221; admin_label=&#8221;Anexo 7. Plan de Lectura Planificada&#8221; _builder_version=&#8221;4.24.2&#8243; _module_preset=&#8221;default&#8221; hover_enabled=&#8221;0&#8243; global_colors_info=&#8221;{}&#8221; sticky_enabled=&#8221;0&#8243;][\/et_pb_button][et_pb_button button_url=&#8221;https:\/\/blogsaverroes.juntadeandalucia.es\/iesalhadra\/files\/2026\/02\/ANEXO-VII_PLAN-FOMENTO-RAZONAMIENTO-MATEM\u2561TICO.pdf&#8221; url_new_window=&#8221;on&#8221; button_text=&#8221;Anexo VIII. Plan de Fomento del Razonamiento Matem\u00e1tico&#8221; disabled_on=&#8221;off|off|off&#8221; admin_label=&#8221;Anexo 8. Plan de Fomento del Razonamiento Matem\u00e1tico&#8221; _builder_version=&#8221;4.24.2&#8243; _module_preset=&#8221;default&#8221; hover_enabled=&#8221;0&#8243; global_colors_info=&#8221;{}&#8221; sticky_enabled=&#8221;0&#8243;][\/et_pb_button][et_pb_button button_url=&#8221;https:\/\/blogsaverroes.juntadeandalucia.es\/iesalhadra\/files\/2026\/02\/OTROS-ANEXOS_TUTORIAL-HORARIOS_2025.pdf&#8221; url_new_window=&#8221;on&#8221; button_text=&#8221;Tutorial de cumplimentaci\u00f3n de horarios&#8221; disabled_on=&#8221;off|off|off&#8221; admin_label=&#8221;Otros Anexos. Tutorial de cumplimentaci\u00f3n de horarios&#8221; _builder_version=&#8221;4.24.2&#8243; _module_preset=&#8221;default&#8221; global_colors_info=&#8221;{}&#8221;][\/et_pb_button][et_pb_button button_url=&#8221;https:\/\/blogsaverroes.juntadeandalucia.es\/iesalhadra\/files\/2026\/02\/OTROS-ANEXOS_TUTORIAL-CUMPLIMENTACION-ANEXO-I.pdf&#8221; url_new_window=&#8221;on&#8221; button_text=&#8221;Tutorial de cumplimentaci\u00f3n de Anexo I&#8221; disabled_on=&#8221;off|off|off&#8221; admin_label=&#8221;Otros Anexos. Tutorial de cumplimentaci\u00f3n de Anexo I&#8221; _builder_version=&#8221;4.24.2&#8243; _module_preset=&#8221;default&#8221; global_colors_info=&#8221;{}&#8221;][\/et_pb_button][et_pb_button button_url=&#8221;https:\/\/blogsaverroes.juntadeandalucia.es\/iesalhadra\/files\/2026\/02\/OTROS_ANEXOS_GUI%CE%B1N-INFORMATIVO-REUNI%CE%B1N-FAMILIAS.pdf&#8221; url_new_window=&#8221;on&#8221; button_text=&#8221;Gui\u00f3n informativo Reuni\u00f3n Familias&#8221; disabled_on=&#8221;off|off|off&#8221; admin_label=&#8221;Otros Anexos. Gui\u00f3n informativo Reuni\u00f3n Familias&#8221; _builder_version=&#8221;4.24.2&#8243; _module_preset=&#8221;default&#8221; global_colors_info=&#8221;{}&#8221;][\/et_pb_button][et_pb_button button_url=&#8221;https:\/\/blogsaverroes.juntadeandalucia.es\/iesalhadra\/files\/2022\/11\/Bolet\u00edn-Profesorado-22_23.pdf&#8221; url_new_window=&#8221;on&#8221; button_text=&#8221;Bolet\u00edn del profesorado&#8221; disabled_on=&#8221;on|on|on&#8221; admin_label=&#8221;Bolet\u00edn del profesorado&#8221; _builder_version=&#8221;4.16&#8243; _module_preset=&#8221;default&#8221; disabled=&#8221;on&#8221; locked=&#8221;off&#8221; global_colors_info=&#8221;{}&#8221;][\/et_pb_button][et_pb_button button_url=&#8221;https:\/\/blogsaverroes.juntadeandalucia.es\/iesalhadra\/files\/2022\/11\/Bolet\u00edn-del-alumnado.pdf&#8221; url_new_window=&#8221;on&#8221; button_text=&#8221;Bolet\u00edn del alumnado&#8221; disabled_on=&#8221;on|on|on&#8221; admin_label=&#8221;Bolet\u00edn del alumnado&#8221; _builder_version=&#8221;4.16&#8243; _module_preset=&#8221;default&#8221; disabled=&#8221;on&#8221; global_colors_info=&#8221;{}&#8221;][\/et_pb_button][et_pb_button button_url=&#8221;https:\/\/blogsaverroes.juntadeandalucia.es\/iesalhadra\/files\/2022\/11\/Bolet\u00edn-Familias-3.pdf&#8221; url_new_window=&#8221;on&#8221; button_text=&#8221;Gu\u00eda informativa a las familias&#8221; disabled_on=&#8221;on|on|on&#8221; admin_label=&#8221;Gu\u00eda informativa a las familias&#8221; _builder_version=&#8221;4.16&#8243; _module_preset=&#8221;default&#8221; disabled=&#8221;on&#8221; global_colors_info=&#8221;{}&#8221;][\/et_pb_button][\/et_pb_column][et_pb_column type=&#8221;1_4&#8243; _builder_version=&#8221;4.16&#8243; custom_padding=&#8221;|||&#8221; global_colors_info=&#8221;{}&#8221; custom_padding__hover=&#8221;|||&#8221;][et_pb_sidebar area=&#8221;sidebar-1&#8243; _builder_version=&#8221;4.16&#8243; _module_preset=&#8221;default&#8221; global_colors_info=&#8221;{}&#8221;][\/et_pb_sidebar][\/et_pb_column][\/et_pb_row][\/et_pb_section]<\/p>\n","protected":false},"excerpt":{"rendered":"<p>[et_pb_section fb_built=&#8221;1&#8243; _builder_version=&#8221;4.16&#8243; global_colors_info=&#8221;{}&#8221;][et_pb_row column_structure=&#8221;3_4,1_4&#8243; _builder_version=&#8221;4.16&#8243; background_size=&#8221;initial&#8221; background_position=&#8221;top_left&#8221; background_repeat=&#8221;repeat&#8221; global_colors_info=&#8221;{}&#8221;][et_pb_column type=&#8221;3_4&#8243; _builder_version=&#8221;4.16&#8243; custom_padding=&#8221;|||&#8221; global_colors_info=&#8221;{}&#8221; custom_padding__hover=&#8221;|||&#8221;][et_pb_post_title title=&#8221;off&#8221; meta=&#8221;off&#8221; force_fullwidth=&#8221;off&#8221; _builder_version=&#8221;4.16&#8243; _module_preset=&#8221;default&#8221; global_colors_info=&#8221;{}&#8221;][\/et_pb_post_title][et_pb_text _builder_version=&#8221;4.24.2&#8243; _module_preset=&#8221;default&#8221; global_colors_info=&#8221;{}&#8221;] PLAN DE CENTRO 25-26 [\/et_pb_text][et_pb_button button_url=&#8221;https:\/\/blogsaverroes.juntadeandalucia.es\/iesalhadra\/instrucciones16-12-2021-evaluacion-lomloe-anexo-al-proyecto-educativo\/&#8221; url_new_window=&#8221;on&#8221; button_text=&#8221;Instrucciones de 16 de diciembre de 2021 &#8211; Evaluaci\u00f3n LOMLOE&#8221; disabled_on=&#8221;on|on|on&#8221; admin_label=&#8221;Instrucciones de 16 de diciembre de 2021 &#8211; Evaluaci\u00f3n LOMLOE&#8221; _builder_version=&#8221;4.16&#8243; _module_preset=&#8221;default&#8221; disabled=&#8221;on&#8221; [&hellip;]<\/p>\n","protected":false},"author":11612,"featured_media":8032,"parent":0,"menu_order":0,"comment_status":"closed","ping_status":"closed","template":"","meta":{"_et_pb_use_builder":"on","_et_pb_old_content":"<p>\u00a0<\/p>\r\n<!-- wp:file {\"id\":3292,\"href\":\"http:\\\/\\\/iesalhadra.org\\\/wpAlhadra\\\/wp-content\\\/uploads\\\/2020\\\/11\\\/PLAN-DE-CENTRO-20_21-1-comprimido.pdf\"} -->\r\n<div class=\"wp-block-file\"><a href=\"https:\/\/blogsaverroes.juntadeandalucia.es\/iesalhadra\/files\/2020\/11\/PLAN-DE-CENTRO-20_21-1-comprimido.pdf\">PLAN DE CENTRO 20_21<\/a><a class=\"wp-block-file__button\" href=\"https:\/\/blogsaverroes.juntadeandalucia.es\/iesalhadra\/files\/2020\/11\/PLAN-DE-CENTRO-20_21-1-comprimido.pdf\">Descarga<\/a><\/div>\r\n<!-- \/wp:file --><!-- wp:file {\"id\":3289,\"href\":\"http:\\\/\\\/iesalhadra.org\\\/wpAlhadra\\\/wp-content\\\/uploads\\\/2020\\\/11\\\/PLAN-DE-ACTUACI\\u00d3N-DIGITAL-2020-21.pdf\"} -->\r\n<div class=\"wp-block-file\"><a href=\"https:\/\/blogsaverroes.juntadeandalucia.es\/iesalhadra\/files\/2021\/11\/PAD_2122.pdf\" target=\"_blank\" rel=\"noopener noreferrer\">PLAN DE ACTUACI\u00d3N DIGITAL 2021-22<\/a><a class=\"wp-block-file__button\" href=\"https:\/\/blogsaverroes.juntadeandalucia.es\/iesalhadra\/files\/2021\/11\/PAD_2122.pdf\" target=\"_blank\" rel=\"noopener noreferrer\">Descarga<\/a><\/div>\r\n<!-- \/wp:file --><!-- wp:file {\"id\":3290,\"href\":\"http:\\\/\\\/iesalhadra.org\\\/wpAlhadra\\\/wp-content\\\/uploads\\\/2020\\\/11\\\/PLAN-DE-FORMACI\\u00d3N-DEL-PROFESORADO-2020-21.pdf\"} -->\r\n<div class=\"wp-block-file\"><a href=\"https:\/\/blogsaverroes.juntadeandalucia.es\/iesalhadra\/files\/2020\/11\/PLAN-DE-FORMACI\u00d3N-DEL-PROFESORADO-2020-21.pdf\" target=\"_blank\" rel=\"noopener noreferrer\">PLAN DE FORMACI\u00d3N DEL PROFESORADO 2020-21<\/a><a class=\"wp-block-file__button\" href=\"https:\/\/blogsaverroes.juntadeandalucia.es\/iesalhadra\/files\/2020\/11\/PLAN-DE-FORMACI\u00d3N-DEL-PROFESORADO-2020-21.pdf\" target=\"_blank\" rel=\"noopener noreferrer\">Descarga<\/a><\/div>\r\n<!-- \/wp:file --><!-- wp:file {\"id\":3253,\"href\":\"http:\\\/\\\/iesalhadra.org\\\/wpAlhadra\\\/wp-content\\\/uploads\\\/2020\\\/10\\\/Gu\\u00eda-de-las-familias-2020_21-1.pdf\"} -->\r\n<div class=\"wp-block-file\"><a href=\"https:\/\/blogsaverroes.juntadeandalucia.es\/iesalhadra\/files\/2021\/10\/Bolet\u00edn-Familias.pdf\" target=\"_blank\" rel=\"noopener noreferrer\">Gu\u00eda informativa de las familias 2021_22<\/a><a class=\"wp-block-file__button\" href=\"https:\/\/blogsaverroes.juntadeandalucia.es\/iesalhadra\/files\/2021\/10\/Bolet\u00edn-Familias.pdf\" target=\"_blank\" rel=\"noopener noreferrer\">Descarga<\/a><\/div>\r\n<!-- \/wp:file --><!-- wp:file {\"id\":3248,\"href\":\"http:\\\/\\\/iesalhadra.org\\\/wpAlhadra\\\/wp-content\\\/uploads\\\/2020\\\/10\\\/Gu\\u00eda-informativa-para-el-profesorado-2020_2021.pdf\"} -->\r\n<div class=\"wp-block-file\"><a href=\"https:\/\/blogsaverroes.juntadeandalucia.es\/iesalhadra\/files\/2021\/10\/Bolet\u00edn-Profesorado-2021_2022.pdf\" target=\"_blank\" rel=\"noopener noreferrer\">Gu\u00eda informativa para el profesorado 2021_2022<\/a><a class=\"wp-block-file__button\" href=\"https:\/\/blogsaverroes.juntadeandalucia.es\/iesalhadra\/files\/2021\/10\/Bolet\u00edn-Profesorado-2021_2022.pdf\">Descarga<\/a><\/div>\r\n<!-- \/wp:file --><!-- wp:file {\"id\":3249,\"href\":\"http:\\\/\\\/iesalhadra.org\\\/wpAlhadra\\\/wp-content\\\/uploads\\\/2020\\\/10\\\/Bienvenida-al-alumnado-2020_2021.pdf\"} -->\r\n<div class=\"wp-block-file\"><a href=\"https:\/\/blogsaverroes.juntadeandalucia.es\/iesalhadra\/files\/2021\/10\/Bolet\u00edn-del-alumnado.pdf\" target=\"_blank\" rel=\"noopener noreferrer\">Bienvenida al alumnado 2021_2022<\/a><a class=\"wp-block-file__button\" href=\"https:\/\/blogsaverroes.juntadeandalucia.es\/iesalhadra\/files\/2021\/10\/Bolet\u00edn-del-alumnado.pdf\" target=\"_blank\" rel=\"noopener noreferrer\">Descarga<\/a><\/div>\r\n<!-- \/wp:file -->\r\n<p>\u00a0<\/p>","_et_gb_content_width":"","ngg_post_thumbnail":0,"footnotes":""},"aioseo_notices":[],"_links":{"self":[{"href":"https:\/\/blogsaverroes.juntadeandalucia.es\/iesalhadra\/wp-json\/wp\/v2\/pages\/3318"}],"collection":[{"href":"https:\/\/blogsaverroes.juntadeandalucia.es\/iesalhadra\/wp-json\/wp\/v2\/pages"}],"about":[{"href":"https:\/\/blogsaverroes.juntadeandalucia.es\/iesalhadra\/wp-json\/wp\/v2\/types\/page"}],"author":[{"embeddable":true,"href":"https:\/\/blogsaverroes.juntadeandalucia.es\/iesalhadra\/wp-json\/wp\/v2\/users\/11612"}],"replies":[{"embeddable":true,"href":"https:\/\/blogsaverroes.juntadeandalucia.es\/iesalhadra\/wp-json\/wp\/v2\/comments?post=3318"}],"version-history":[{"count":29,"href":"https:\/\/blogsaverroes.juntadeandalucia.es\/iesalhadra\/wp-json\/wp\/v2\/pages\/3318\/revisions"}],"predecessor-version":[{"id":15652,"href":"https:\/\/blogsaverroes.juntadeandalucia.es\/iesalhadra\/wp-json\/wp\/v2\/pages\/3318\/revisions\/15652"}],"wp:featuredmedia":[{"embeddable":true,"href":"https:\/\/blogsaverroes.juntadeandalucia.es\/iesalhadra\/wp-json\/wp\/v2\/media\/8032"}],"wp:attachment":[{"href":"https:\/\/blogsaverroes.juntadeandalucia.es\/iesalhadra\/wp-json\/wp\/v2\/media?parent=3318"}],"curies":[{"name":"wp","href":"https:\/\/api.w.org\/{rel}","templated":true}]}}