{"id":398,"date":"2018-10-02T10:46:42","date_gmt":"2018-10-02T10:46:42","guid":{"rendered":"https:\/\/iesalhadra.wordpress.com\/?page_id=398"},"modified":"2021-03-17T12:51:05","modified_gmt":"2021-03-17T11:51:05","slug":"nuestros-espacios","status":"publish","type":"page","link":"https:\/\/blogsaverroes.juntadeandalucia.es\/iesalhadra\/nuestro-centro\/nuestros-espacios\/","title":{"rendered":"Nuestros Espacios"},"content":{"rendered":"<p>Adem\u00e1s de tu clase, (aula de referencia), hay otros espacios que facilitar\u00e1n que tu aprendizaje sea mejor. Los ir\u00e1s descubriendo conforme vaya avanzando el curso. Te ense\u00f1amos algunos de ellos:<\/p>\n<div class=\"et_pb_slider et_pb_slider_fullwidth_off et_pb_gallery_post_type\">\n\t\t\t\t<div class=\"et_pb_slides\">\n\t\t\t\t\t<div class=\"et_pb_slide\" style=\"background: url(https:\/\/blogsaverroes.juntadeandalucia.es\/iesalhadra\/files\/2018\/09\/imagen6.png);\"><\/div><div class=\"et_pb_slide\" style=\"background: url(https:\/\/blogsaverroes.juntadeandalucia.es\/iesalhadra\/files\/2018\/09\/imagen5.png);\"><\/div><div class=\"et_pb_slide\" style=\"background: url(https:\/\/blogsaverroes.juntadeandalucia.es\/iesalhadra\/files\/2018\/09\/imagen4.png);\"><\/div><div class=\"et_pb_slide\" style=\"background: url(https:\/\/blogsaverroes.juntadeandalucia.es\/iesalhadra\/files\/2018\/09\/imagen3.png);\"><\/div><div class=\"et_pb_slide\" style=\"background: url(https:\/\/blogsaverroes.juntadeandalucia.es\/iesalhadra\/files\/2018\/09\/imagen2.png);\"><\/div><div class=\"et_pb_slide\" style=\"background: url(https:\/\/blogsaverroes.juntadeandalucia.es\/iesalhadra\/files\/2018\/09\/imagen1.png);\"><\/div>\n\t\t\t\t<\/div>\n\t\t\t<\/div>\n<blockquote><p><strong>Cualquier actividad humana necesita un espacio y de tiempos determinados. As\u00ed sucede con el ense\u00f1ar y el aprender, con la educaci\u00f3n.<\/strong><\/p><\/blockquote>\n","protected":false},"excerpt":{"rendered":"<p>Adem\u00e1s de tu clase, (aula de referencia), hay otros espacios que facilitar\u00e1n que tu aprendizaje sea mejor. Los ir\u00e1s descubriendo conforme vaya avanzando el curso. Te ense\u00f1amos algunos de ellos: Cualquier actividad humana necesita un espacio y de tiempos determinados. As\u00ed sucede con el ense\u00f1ar y el aprender, con la educaci\u00f3n.<\/p>\n","protected":false},"author":11169,"featured_media":0,"parent":3540,"menu_order":0,"comment_status":"closed","ping_status":"closed","template":"","meta":{"_et_pb_use_builder":"","_et_pb_old_content":"","_et_gb_content_width":"","ngg_post_thumbnail":0,"footnotes":""},"aioseo_notices":[],"_links":{"self":[{"href":"https:\/\/blogsaverroes.juntadeandalucia.es\/iesalhadra\/wp-json\/wp\/v2\/pages\/398"}],"collection":[{"href":"https:\/\/blogsaverroes.juntadeandalucia.es\/iesalhadra\/wp-json\/wp\/v2\/pages"}],"about":[{"href":"https:\/\/blogsaverroes.juntadeandalucia.es\/iesalhadra\/wp-json\/wp\/v2\/types\/page"}],"author":[{"embeddable":true,"href":"https:\/\/blogsaverroes.juntadeandalucia.es\/iesalhadra\/wp-json\/wp\/v2\/users\/11169"}],"replies":[{"embeddable":true,"href":"https:\/\/blogsaverroes.juntadeandalucia.es\/iesalhadra\/wp-json\/wp\/v2\/comments?post=398"}],"version-history":[{"count":1,"href":"https:\/\/blogsaverroes.juntadeandalucia.es\/iesalhadra\/wp-json\/wp\/v2\/pages\/398\/revisions"}],"predecessor-version":[{"id":4130,"href":"https:\/\/blogsaverroes.juntadeandalucia.es\/iesalhadra\/wp-json\/wp\/v2\/pages\/398\/revisions\/4130"}],"up":[{"embeddable":true,"href":"https:\/\/blogsaverroes.juntadeandalucia.es\/iesalhadra\/wp-json\/wp\/v2\/pages\/3540"}],"wp:attachment":[{"href":"https:\/\/blogsaverroes.juntadeandalucia.es\/iesalhadra\/wp-json\/wp\/v2\/media?parent=398"}],"curies":[{"name":"wp","href":"https:\/\/api.w.org\/{rel}","templated":true}]}}