{"id":43,"date":"2018-07-18T10:51:50","date_gmt":"2018-07-18T10:51:50","guid":{"rendered":"https:\/\/iesalhadra.wordpress.com\/?page_id=43"},"modified":"2022-03-24T13:13:31","modified_gmt":"2022-03-24T12:13:31","slug":"departamentos","status":"publish","type":"page","link":"https:\/\/blogsaverroes.juntadeandalucia.es\/iesalhadra\/departamentos\/","title":{"rendered":"Departamentos"},"content":{"rendered":"<p>[et_pb_section fb_built=&#8221;1&#8243; _builder_version=&#8221;3.22&#8243; global_colors_info=&#8221;{}&#8221;][et_pb_row _builder_version=&#8221;3.25&#8243; background_size=&#8221;initial&#8221; background_position=&#8221;top_left&#8221; background_repeat=&#8221;repeat&#8221; global_colors_info=&#8221;{}&#8221; column_structure=&#8221;3_4,1_4&#8243;][et_pb_column type=&#8221;3_4&#8243; _builder_version=&#8221;3.25&#8243; custom_padding=&#8221;|||&#8221; global_colors_info=&#8221;{}&#8221; custom_padding__hover=&#8221;|||&#8221;][et_pb_post_title title=&#8221;off&#8221; meta=&#8221;off&#8221; _builder_version=&#8221;4.14.5&#8243; _module_preset=&#8221;default&#8221; global_colors_info=&#8221;{}&#8221;][\/et_pb_post_title][et_pb_text _builder_version=&#8221;4.14.5&#8243; background_size=&#8221;initial&#8221; background_position=&#8221;top_left&#8221; background_repeat=&#8221;repeat&#8221; global_colors_info=&#8221;{}&#8221;]<\/p>\n<ul>\n<li><a href=\"https:\/\/blogsaverroes.juntadeandalucia.es\/iesalhadra\/departamentos\/lengua-castellana-y-literatura\/\">Lengua Castellana y Literatura<\/a><\/li>\n<li><a href=\"https:\/\/blogsaverroes.juntadeandalucia.es\/iesalhadra\/departamentos\/matematicas\/\">Matem\u00e1ticas<\/a><\/li>\n<li><a href=\"https:\/\/blogsaverroes.juntadeandalucia.es\/iesalhadra\/departamentos\/biologia-y-geologia\/\">Biolog\u00eda y Geolog\u00eda<\/a><\/li>\n<li><a href=\"https:\/\/blogsaverroes.juntadeandalucia.es\/iesalhadra\/departamentos\/tecnologia\/\">Tecnolog\u00eda<\/a><\/li>\n<li><a href=\"https:\/\/blogsaverroes.juntadeandalucia.es\/iesalhadra\/departamentos\/dibujo\/\">Dibujo<\/a><\/li>\n<li><a href=\"https:\/\/blogsaverroes.juntadeandalucia.es\/iesalhadra\/departamentos\/geografia-e-historia\/\">Geograf\u00eda e Historia<\/a><\/li>\n<li><a href=\"https:\/\/blogsaverroes.juntadeandalucia.es\/iesalhadra\/departamentos\/musica\/\">M\u00fasica<\/a><\/li>\n<li><a href=\"https:\/\/blogsaverroes.juntadeandalucia.es\/iesalhadra\/departamentos\/frances\/\">Franc\u00e9s<\/a><\/li>\n<li><a href=\"https:\/\/blogsaverroes.juntadeandalucia.es\/iesalhadra\/departamentos\/latin-y-griego\/\">Lat\u00edn y Griego<\/a><\/li>\n<li><a href=\"https:\/\/blogsaverroes.juntadeandalucia.es\/iesalhadra\/departamentos\/filosofia\/\">Filosof\u00eda<\/a><\/li>\n<li><a href=\"https:\/\/blogsaverroes.juntadeandalucia.es\/iesalhadra\/departamentos\/fisica-y-quimica\/\">F\u00edsica y Qu\u00edmica<\/a><\/li>\n<li><a href=\"https:\/\/blogsaverroes.juntadeandalucia.es\/iesalhadra\/departamentos\/educacion-fisica\/\">Educaci\u00f3n F\u00edsica<\/a><\/li>\n<li><a href=\"https:\/\/blogsaverroes.juntadeandalucia.es\/iesalhadra\/departamentos\/ingles\/\">Ingl\u00e9s<\/a><\/li>\n<li><a href=\"https:\/\/blogsaverroes.juntadeandalucia.es\/iesalhadra\/departamentos\/orientacion\/\">Orientaci\u00f3n<\/a><\/li>\n<li><a href=\"https:\/\/blogsaverroes.juntadeandalucia.es\/iesalhadra\/departamentos\/formacion-y-orientacion-laboral\/\">Formaci\u00f3n y Orientaci\u00f3n Laboral<\/a><\/li>\n<li><a href=\"https:\/\/blogsaverroes.juntadeandalucia.es\/iesalhadra\/departamentos\/imagen-personal\/\">Imagen Personal<\/a><\/li>\n<li><a href=\"https:\/\/blogsaverroes.juntadeandalucia.es\/iesalhadra\/departamentos\/servicios-socioculturales-y-a-la-comunidad\">Servicios Socioculturales y a la Comunidad<\/a><\/li>\n<\/ul>\n<p>[\/et_pb_text][\/et_pb_column][et_pb_column type=&#8221;1_4&#8243; _builder_version=&#8221;3.25&#8243; custom_padding=&#8221;|||&#8221; global_colors_info=&#8221;{}&#8221; custom_padding__hover=&#8221;|||&#8221;][et_pb_sidebar _builder_version=&#8221;4.14.5&#8243; _module_preset=&#8221;default&#8221; area=&#8221;sidebar-1&#8243; hover_enabled=&#8221;0&#8243; sticky_enabled=&#8221;0&#8243;][\/et_pb_sidebar][\/et_pb_column][\/et_pb_row][\/et_pb_section]<\/p>\n","protected":false},"excerpt":{"rendered":"<p>[et_pb_section fb_built=&#8221;1&#8243; _builder_version=&#8221;3.22&#8243; global_colors_info=&#8221;{}&#8221;][et_pb_row _builder_version=&#8221;3.25&#8243; background_size=&#8221;initial&#8221; background_position=&#8221;top_left&#8221; background_repeat=&#8221;repeat&#8221; global_colors_info=&#8221;{}&#8221; column_structure=&#8221;3_4,1_4&#8243;][et_pb_column type=&#8221;3_4&#8243; _builder_version=&#8221;3.25&#8243; custom_padding=&#8221;|||&#8221; global_colors_info=&#8221;{}&#8221; custom_padding__hover=&#8221;|||&#8221;][et_pb_post_title title=&#8221;off&#8221; meta=&#8221;off&#8221; _builder_version=&#8221;4.14.5&#8243; _module_preset=&#8221;default&#8221; global_colors_info=&#8221;{}&#8221;][\/et_pb_post_title][et_pb_text _builder_version=&#8221;4.14.5&#8243; background_size=&#8221;initial&#8221; background_position=&#8221;top_left&#8221; background_repeat=&#8221;repeat&#8221; global_colors_info=&#8221;{}&#8221;] Lengua Castellana y Literatura Matem\u00e1ticas Biolog\u00eda y Geolog\u00eda Tecnolog\u00eda Dibujo Geograf\u00eda e Historia M\u00fasica Franc\u00e9s Lat\u00edn y Griego Filosof\u00eda F\u00edsica y Qu\u00edmica Educaci\u00f3n F\u00edsica Ingl\u00e9s Orientaci\u00f3n Formaci\u00f3n y Orientaci\u00f3n Laboral [&hellip;]<\/p>\n","protected":false},"author":11612,"featured_media":6586,"parent":0,"menu_order":3,"comment_status":"closed","ping_status":"closed","template":"","meta":{"_et_pb_use_builder":"on","_et_pb_old_content":"<p><img class=\"alignnone wp-image-6582 size-large\" src=\"https:\/\/blogsaverroes.juntadeandalucia.es\/iesalhadra\/files\/2022\/03\/departamentos_alhadra-1024x577.png\" alt=\"\" width=\"1024\" height=\"577\"><\/p><ul><li><a href=\"https:\/\/blogsaverroes.juntadeandalucia.es\/iesalhadra\/departamentos\/lengua-castellana-y-literatura\/\">Lengua Castellana y Literatura<\/a><\/li><li><a href=\"https:\/\/blogsaverroes.juntadeandalucia.es\/iesalhadra\/departamentos\/matematicas\/\">Matem\u00e1ticas<\/a><\/li><li><a href=\"https:\/\/blogsaverroes.juntadeandalucia.es\/iesalhadra\/departamentos\/biologia-y-geologia\/\">Biolog\u00eda y Geolog\u00eda<\/a><\/li><li><a href=\"https:\/\/blogsaverroes.juntadeandalucia.es\/iesalhadra\/departamentos\/tecnologia\/\">Tecnolog\u00eda<\/a><\/li><li><a href=\"https:\/\/blogsaverroes.juntadeandalucia.es\/iesalhadra\/departamentos\/dibujo\/\">Dibujo<\/a><\/li><li><a href=\"https:\/\/blogsaverroes.juntadeandalucia.es\/iesalhadra\/departamentos\/geografia-e-historia\/\">Geograf\u00eda e Historia<\/a><\/li><li><a href=\"https:\/\/blogsaverroes.juntadeandalucia.es\/iesalhadra\/departamentos\/musica\/\">M\u00fasica<\/a><\/li><li><a href=\"https:\/\/blogsaverroes.juntadeandalucia.es\/iesalhadra\/departamentos\/frances\/\">Franc\u00e9s<\/a><\/li><li><a href=\"https:\/\/blogsaverroes.juntadeandalucia.es\/iesalhadra\/departamentos\/latin-y-griego\/\">Lat\u00edn y Griego<\/a><\/li><li><a href=\"https:\/\/blogsaverroes.juntadeandalucia.es\/iesalhadra\/departamentos\/filosofia\/\">Filosof\u00eda<\/a><\/li><li><a href=\"https:\/\/blogsaverroes.juntadeandalucia.es\/iesalhadra\/departamentos\/fisica-y-quimica\/\">F\u00edsica y Qu\u00edmica<\/a><\/li><li><a href=\"https:\/\/blogsaverroes.juntadeandalucia.es\/iesalhadra\/departamentos\/educacion-fisica\/\">Educaci\u00f3n F\u00edsica<\/a><\/li><li><a href=\"https:\/\/blogsaverroes.juntadeandalucia.es\/iesalhadra\/departamentos\/ingles\/\">Ingl\u00e9s<\/a><\/li><li><a href=\"https:\/\/blogsaverroes.juntadeandalucia.es\/iesalhadra\/departamentos\/orientacion\/\">Orientaci\u00f3n<\/a><\/li><li><a href=\"https:\/\/blogsaverroes.juntadeandalucia.es\/iesalhadra\/departamentos\/formacion-y-orientacion-laboral\/\">Formaci\u00f3n y Orientaci\u00f3n Laboral<\/a><\/li><li><a href=\"https:\/\/blogsaverroes.juntadeandalucia.es\/iesalhadra\/departamentos\/imagen-personal\/\">Imagen Personal<\/a><\/li><li><a href=\"https:\/\/blogsaverroes.juntadeandalucia.es\/iesalhadra\/departamentos\/servicios-socioculturales-y-a-la-comunidad\">Servicios Socioculturales y a la Comunidad<\/a><\/li><\/ul>","_et_gb_content_width":"","ngg_post_thumbnail":0,"footnotes":""},"aioseo_notices":[],"_links":{"self":[{"href":"https:\/\/blogsaverroes.juntadeandalucia.es\/iesalhadra\/wp-json\/wp\/v2\/pages\/43"}],"collection":[{"href":"https:\/\/blogsaverroes.juntadeandalucia.es\/iesalhadra\/wp-json\/wp\/v2\/pages"}],"about":[{"href":"https:\/\/blogsaverroes.juntadeandalucia.es\/iesalhadra\/wp-json\/wp\/v2\/types\/page"}],"author":[{"embeddable":true,"href":"https:\/\/blogsaverroes.juntadeandalucia.es\/iesalhadra\/wp-json\/wp\/v2\/users\/11612"}],"replies":[{"embeddable":true,"href":"https:\/\/blogsaverroes.juntadeandalucia.es\/iesalhadra\/wp-json\/wp\/v2\/comments?post=43"}],"version-history":[{"count":5,"href":"https:\/\/blogsaverroes.juntadeandalucia.es\/iesalhadra\/wp-json\/wp\/v2\/pages\/43\/revisions"}],"predecessor-version":[{"id":6589,"href":"https:\/\/blogsaverroes.juntadeandalucia.es\/iesalhadra\/wp-json\/wp\/v2\/pages\/43\/revisions\/6589"}],"wp:featuredmedia":[{"embeddable":true,"href":"https:\/\/blogsaverroes.juntadeandalucia.es\/iesalhadra\/wp-json\/wp\/v2\/media\/6586"}],"wp:attachment":[{"href":"https:\/\/blogsaverroes.juntadeandalucia.es\/iesalhadra\/wp-json\/wp\/v2\/media?parent=43"}],"curies":[{"name":"wp","href":"https:\/\/api.w.org\/{rel}","templated":true}]}}