{"id":505,"date":"2018-11-21T08:17:53","date_gmt":"2018-11-21T08:17:53","guid":{"rendered":"https:\/\/iesalhadra.wordpress.com\/?page_id=505"},"modified":"2025-09-23T17:27:44","modified_gmt":"2025-09-23T16:27:44","slug":"geografia-e-historia","status":"publish","type":"page","link":"https:\/\/blogsaverroes.juntadeandalucia.es\/iesalhadra\/departamentos\/geografia-e-historia\/","title":{"rendered":"Geograf\u00eda e Historia"},"content":{"rendered":"<p>[et_pb_section fb_built=&#8221;1&#8243; _builder_version=&#8221;4.16&#8243; global_colors_info=&#8221;{}&#8221;][et_pb_row column_structure=&#8221;3_4,1_4&#8243; _builder_version=&#8221;4.16&#8243; background_size=&#8221;initial&#8221; background_position=&#8221;top_left&#8221; background_repeat=&#8221;repeat&#8221; global_colors_info=&#8221;{}&#8221;][et_pb_column type=&#8221;3_4&#8243; _builder_version=&#8221;4.16&#8243; custom_padding=&#8221;|||&#8221; global_colors_info=&#8221;{}&#8221; custom_padding__hover=&#8221;|||&#8221;][et_pb_post_title title=&#8221;off&#8221; meta=&#8221;off&#8221; _builder_version=&#8221;4.16&#8243; _module_preset=&#8221;default&#8221; global_colors_info=&#8221;{}&#8221;][\/et_pb_post_title][et_pb_text admin_label=&#8221;Profesorado&#8221; _builder_version=&#8221;4.24.2&#8243; background_size=&#8221;initial&#8221; background_position=&#8221;top_left&#8221; background_repeat=&#8221;repeat&#8221; hover_enabled=&#8221;0&#8243; global_colors_info=&#8221;{}&#8221; sticky_enabled=&#8221;0&#8243;]<\/p>\n<h2>Docentes<\/h2>\n<p>&nbsp;<\/p>\n<table class=\" alignleft\" style=\"height: 174px;width: 100%\" cellspacing=\"2\">\n<tbody>\n<tr style=\"height: 24px\">\n<td style=\"width: 71.9906%;height: 24px\">Carmona P\u00e9rez, Isabel Mar\u00eda (Jefa de departamento)<\/td>\n<td style=\"width: 27.38%;height: 24px\"><span style=\"color: #800080\"><a style=\"color: #800080\" href=\"mailto:icarper090@g.educaand.es\">icarper090@g.educaand.es<\/a><\/span><\/td>\n<\/tr>\n<tr style=\"height: 51px\">\n<td style=\"width: 71.9906%;height: 51px\">P\u00e9rez Garc\u00eda, Francisco Javier<\/td>\n<td style=\"width: 27.38%;height: 51px\"><span style=\"color: #800080\">fpergar770@g.educaand.es<\/span><\/td>\n<\/tr>\n<tr style=\"height: 51px\">\n<td style=\"width: 71.9906%;height: 51px\">Ram\u00f3n Jim\u00e9nez, Esther<\/td>\n<td style=\"width: 27.38%;height: 51px\"><span style=\"color: #800080\">eramjim359@g.educaand.es<\/span><\/td>\n<\/tr>\n<tr style=\"height: 24px\">\n<td style=\"width: 71.9906%;height: 24px\">Torres Caparr\u00f3s, Jos\u00e9 Antonio&nbsp;<\/td>\n<td style=\"width: 27.38%;height: 24px\"><span style=\"color: #800080\"><a style=\"color: #800080\" href=\"mailto:jtorcap142@g.educaand.es\">jtorcap142@g.educaand.es<\/a><\/span><\/td>\n<\/tr>\n<tr>\n<td style=\"width: 71.9906%\">Ure\u00f1a Chamorro, Miguel<\/td>\n<td style=\"width: 27.38%\">\n<p><span style=\"color: #800080\">murecha262@g.educaand.es<\/span><\/p>\n<\/td>\n<\/tr>\n<\/tbody>\n<\/table>\n<p>[\/et_pb_text][et_pb_text disabled_on=&#8221;on|on|on&#8221; _builder_version=&#8221;4.16&#8243; _module_preset=&#8221;default&#8221; disabled=&#8221;on&#8221; global_colors_info=&#8221;{}&#8221;]<\/p>\n<h2>&nbsp;<\/h2>\n<h2>Recursos<\/h2>\n<p>[\/et_pb_text][et_pb_button button_url=&#8221;https:\/\/sites.google.com\/view\/historia-alberto-aranda\/p%C3%A1gina-principal&#8221; url_new_window=&#8221;on&#8221; button_text=&#8221;El Blog de Historia de Alberto Aranda&#8221; button_alignment=&#8221;left&#8221; disabled_on=&#8221;on|on|on&#8221; _builder_version=&#8221;4.16&#8243; _module_preset=&#8221;default&#8221; custom_button=&#8221;on&#8221; button_text_size=&#8221;14px&#8221; button_text_color=&#8221;#ffffff&#8221; button_bg_color=&#8221;#8300e9&#8243; button_border_color=&#8221;#8300e9&#8243; button_icon=&#8221;&#xe0e3;||divi||400&#8243; disabled=&#8221;on&#8221; global_colors_info=&#8221;{}&#8221;][\/et_pb_button][et_pb_text _builder_version=&#8221;4.16&#8243; _module_preset=&#8221;default&#8221; global_colors_info=&#8221;{}&#8221;]<\/p>\n<h2><\/h2>\n<h2>Actividades<\/h2>\n<p>[\/et_pb_text][et_pb_blog fullwidth=&#8221;off&#8221; include_categories=&#8221;39&#8243; show_more=&#8221;on&#8221; show_author=&#8221;off&#8221; show_categories=&#8221;off&#8221; _builder_version=&#8221;4.16&#8243; _module_preset=&#8221;default&#8221; global_colors_info=&#8221;{}&#8221;][\/et_pb_blog][\/et_pb_column][et_pb_column type=&#8221;1_4&#8243; _builder_version=&#8221;4.16&#8243; custom_padding=&#8221;|||&#8221; global_colors_info=&#8221;{}&#8221; custom_padding__hover=&#8221;|||&#8221;][et_pb_sidebar area=&#8221;sidebar-1&#8243; _builder_version=&#8221;4.16&#8243; _module_preset=&#8221;default&#8221; global_colors_info=&#8221;{}&#8221;][\/et_pb_sidebar][\/et_pb_column][\/et_pb_row][\/et_pb_section]<\/p>\n","protected":false},"excerpt":{"rendered":"<p>[et_pb_section fb_built=&#8221;1&#8243; _builder_version=&#8221;4.16&#8243; global_colors_info=&#8221;{}&#8221;][et_pb_row column_structure=&#8221;3_4,1_4&#8243; _builder_version=&#8221;4.16&#8243; background_size=&#8221;initial&#8221; background_position=&#8221;top_left&#8221; background_repeat=&#8221;repeat&#8221; global_colors_info=&#8221;{}&#8221;][et_pb_column type=&#8221;3_4&#8243; _builder_version=&#8221;4.16&#8243; custom_padding=&#8221;|||&#8221; global_colors_info=&#8221;{}&#8221; custom_padding__hover=&#8221;|||&#8221;][et_pb_post_title title=&#8221;off&#8221; meta=&#8221;off&#8221; _builder_version=&#8221;4.16&#8243; _module_preset=&#8221;default&#8221; global_colors_info=&#8221;{}&#8221;][\/et_pb_post_title][et_pb_text admin_label=&#8221;Profesorado&#8221; _builder_version=&#8221;4.24.2&#8243; background_size=&#8221;initial&#8221; background_position=&#8221;top_left&#8221; background_repeat=&#8221;repeat&#8221; hover_enabled=&#8221;0&#8243; global_colors_info=&#8221;{}&#8221; sticky_enabled=&#8221;0&#8243;] Docentes &nbsp; Carmona P\u00e9rez, Isabel Mar\u00eda (Jefa de departamento) icarper090@g.educaand.es P\u00e9rez Garc\u00eda, Francisco Javier fpergar770@g.educaand.es Ram\u00f3n Jim\u00e9nez, Esther eramjim359@g.educaand.es Torres Caparr\u00f3s, Jos\u00e9 Antonio&nbsp; jtorcap142@g.educaand.es Ure\u00f1a Chamorro, Miguel [&hellip;]<\/p>\n","protected":false},"author":11169,"featured_media":6653,"parent":43,"menu_order":0,"comment_status":"closed","ping_status":"closed","template":"","meta":{"_et_pb_use_builder":"on","_et_pb_old_content":"[caption id=\"attachment_4284\" align=\"aligncenter\" width=\"626\"]<img class=\"wp-image-4284 size-full\" src=\"https:\/\/blogsaverroes.juntadeandalucia.es\/iesalhadra\/files\/2021\/04\/antigua-brujula-lupa-reloj-arena-mapa-vintage_33799-7722-e1617648057186.jpg\" alt=\"\" width=\"626\" height=\"363\"> \u00a0[\/caption]\r\n<p><!-- wp:heading --><\/p>\r\n<h2>Curso escolar 2020_2021<\/h2>\r\n<!-- \/wp:heading --><!-- wp:paragraph -->\r\n<h2>\u00a0<\/h2>\r\n<h3><em>Recursos del profesorado:<\/em><\/h3>\r\n<p>\u00a0<\/p>\r\n<!-- \/wp:paragraph --><!-- wp:list -->\r\n<ul>\r\n<li><strong><span style=\"font-size: 14pt;\"><a href=\"https:\/\/sites.google.com\/view\/historia-alberto-aranda\/p%C3%A1gina-principal\"><span style=\"color: #800080;\">Blog de Historia del profesor Alberto Aranda<\/span><\/a><\/span><\/strong><\/li>\r\n<\/ul>\r\n<p>\u00a0<\/p>\r\n<!-- \/wp:list --><!-- wp:heading --><hr>\r\n<h2>\u00a0<\/h2>\r\n<h3>Visita Teatralizada a la Alcazaba<\/h3>\r\n<!-- \/wp:heading --><!-- wp:paragraph {\"align\":\"justify\"} -->\r\n<p style=\"text-align: justify;\">Los alumnos y alumnas de 2\u00ba curso de la ESO pudieron disfrutar de una visita teatralizada a la Alcazaba de Almer\u00eda.<\/p>\r\n<!-- \/wp:paragraph --><!-- wp:gallery {\"ids\":[2293,2294,2295,2296]} -->\r\n<figure><img class=\"wp-image-2293\" src=\"https:\/\/blogsaverroes.juntadeandalucia.es\/iesalhadra\/files\/2020\/02\/IMG-20200218-WA0005-1-1024x472.jpg\" alt=\"\" data-id=\"2293\" data-link=\"http:\/\/iesalhadra.org\/wpAlhadra\/departamentos\/geografia-e-historia\/img-20200218-wa0005-2\/\"><\/figure>\r\n<figure><img class=\"wp-image-2294\" src=\"https:\/\/blogsaverroes.juntadeandalucia.es\/iesalhadra\/files\/2020\/02\/IMG-20200218-WA0006-1-1024x472.jpg\" alt=\"\" data-id=\"2294\" data-link=\"http:\/\/iesalhadra.org\/wpAlhadra\/departamentos\/geografia-e-historia\/img-20200218-wa0006-2\/\"><\/figure>\r\n<figure><img class=\"wp-image-2295\" src=\"https:\/\/blogsaverroes.juntadeandalucia.es\/iesalhadra\/files\/2020\/02\/IMG-20200218-WA0016-1024x472.jpg\" alt=\"\" data-id=\"2295\" data-link=\"http:\/\/iesalhadra.org\/wpAlhadra\/departamentos\/geografia-e-historia\/img-20200218-wa0016\/\"><\/figure>\r\n<figure><img class=\"wp-image-2296\" src=\"https:\/\/blogsaverroes.juntadeandalucia.es\/iesalhadra\/files\/2020\/02\/IMG-20200218-WA0019-1-1024x472.jpg\" alt=\"\" data-id=\"2296\" data-link=\"http:\/\/iesalhadra.org\/wpAlhadra\/departamentos\/geografia-e-historia\/img-20200218-wa0019-1\/\"><\/figure>\r\n<!-- \/wp:gallery --><!-- wp:heading --><hr>\r\n<h2>\u00a0<\/h2>\r\n<h2>Curso escolar 2018_2019<\/h2>\r\n<!-- \/wp:heading -->\r\n<p>El alumnado de 1\u00ba de Bachiller C, junto a su\u00a0 profesora Ana Serrano, realizaron una visita a Los Millares, dentro de los contenidos de la asignatura Patrimonio Cultural y Art\u00edstico andaluz.<\/p>\r\n<p>[gallery columns=\"2\" size=\"large\" ids=\"1134,1135\"]<\/p>\r\n<!-- wp:heading -->\r\n<h3>D\u00eda Internacional de los Trabajadores<\/h3>\r\n<!-- \/wp:heading --><!-- wp:paragraph -->\r\n<p>El departamento de Geograf\u00eda e Historia, en colaboraci\u00f3n con el departamento de FOL, realizan talleres dirigidos a 4\u00ba ESO y 1\u00ba Bachillerato para celebrar el d\u00eda internacional de los trabajadores.<\/p>\r\n<!-- \/wp:paragraph --><!-- wp:gallery {\"ids\":[1523,1524,1525]} -->\r\n<figure><img class=\"wp-image-1523\" src=\"https:\/\/blogsaverroes.juntadeandalucia.es\/iesalhadra\/files\/2019\/05\/20190502_121826.jpg\" alt=\"\" data-id=\"1523\" data-link=\"http:\/\/iesalhadra.org\/wpAlhadra\/departamentos\/geografia-e-historia\/20190502_121826\/\"><img class=\"wp-image-1524 alignright\" src=\"https:\/\/blogsaverroes.juntadeandalucia.es\/iesalhadra\/files\/2019\/05\/20190502_121837.jpg\" alt=\"\" data-id=\"1524\" data-link=\"http:\/\/iesalhadra.org\/wpAlhadra\/departamentos\/geografia-e-historia\/20190502_121837\/\"><\/figure>\r\n<figure><img class=\"wp-image-1525 aligncenter\" src=\"https:\/\/blogsaverroes.juntadeandalucia.es\/iesalhadra\/files\/2019\/05\/20190502_121857.jpg\" alt=\"\" data-id=\"1525\" data-link=\"http:\/\/iesalhadra.org\/wpAlhadra\/departamentos\/geografia-e-historia\/20190502_121857\/\"><\/figure>\r\n<!-- \/wp:gallery -->\r\n<p>\u00a0<\/p>","_et_gb_content_width":"","ngg_post_thumbnail":0,"footnotes":""},"aioseo_notices":[],"_links":{"self":[{"href":"https:\/\/blogsaverroes.juntadeandalucia.es\/iesalhadra\/wp-json\/wp\/v2\/pages\/505"}],"collection":[{"href":"https:\/\/blogsaverroes.juntadeandalucia.es\/iesalhadra\/wp-json\/wp\/v2\/pages"}],"about":[{"href":"https:\/\/blogsaverroes.juntadeandalucia.es\/iesalhadra\/wp-json\/wp\/v2\/types\/page"}],"author":[{"embeddable":true,"href":"https:\/\/blogsaverroes.juntadeandalucia.es\/iesalhadra\/wp-json\/wp\/v2\/users\/11169"}],"replies":[{"embeddable":true,"href":"https:\/\/blogsaverroes.juntadeandalucia.es\/iesalhadra\/wp-json\/wp\/v2\/comments?post=505"}],"version-history":[{"count":17,"href":"https:\/\/blogsaverroes.juntadeandalucia.es\/iesalhadra\/wp-json\/wp\/v2\/pages\/505\/revisions"}],"predecessor-version":[{"id":15056,"href":"https:\/\/blogsaverroes.juntadeandalucia.es\/iesalhadra\/wp-json\/wp\/v2\/pages\/505\/revisions\/15056"}],"up":[{"embeddable":true,"href":"https:\/\/blogsaverroes.juntadeandalucia.es\/iesalhadra\/wp-json\/wp\/v2\/pages\/43"}],"wp:featuredmedia":[{"embeddable":true,"href":"https:\/\/blogsaverroes.juntadeandalucia.es\/iesalhadra\/wp-json\/wp\/v2\/media\/6653"}],"wp:attachment":[{"href":"https:\/\/blogsaverroes.juntadeandalucia.es\/iesalhadra\/wp-json\/wp\/v2\/media?parent=505"}],"curies":[{"name":"wp","href":"https:\/\/api.w.org\/{rel}","templated":true}]}}