{"id":5622,"date":"2021-06-22T11:47:48","date_gmt":"2021-06-22T10:47:48","guid":{"rendered":"https:\/\/blogsaverroes.juntadeandalucia.es\/iesalhadra\/?page_id=5622"},"modified":"2021-06-22T11:47:51","modified_gmt":"2021-06-22T10:47:51","slug":"solicitud-clave-iande","status":"publish","type":"page","link":"https:\/\/blogsaverroes.juntadeandalucia.es\/iesalhadra\/solicitud-clave-iande\/","title":{"rendered":"Solicitud Clave iANDe"},"content":{"rendered":"<p>[et_pb_section fb_built=&#8221;1&#8243; admin_label=&#8221;section&#8221; _builder_version=&#8221;3.22&#8243;][et_pb_row column_structure=&#8221;3_4,1_4&#8243; admin_label=&#8221;row&#8221; _builder_version=&#8221;3.25&#8243; background_size=&#8221;initial&#8221; background_position=&#8221;top_left&#8221; background_repeat=&#8221;repeat&#8221;][et_pb_column type=&#8221;3_4&#8243; _builder_version=&#8221;3.25&#8243; custom_padding=&#8221;|||&#8221; custom_padding__hover=&#8221;|||&#8221;][et_pb_post_title _builder_version=&#8221;4.5.0&#8243; _module_preset=&#8221;default&#8221; hover_enabled=&#8221;0&#8243; meta=&#8221;off&#8221; featured_image=&#8221;off&#8221;][\/et_pb_post_title][et_pb_text admin_label=&#8221;Clave iANDe&#8221; _builder_version=&#8221;4.5.0&#8243; _module_preset=&#8221;default&#8221; hover_enabled=&#8221;0&#8243;]<\/p>\n<p>La Clave iANDE es un sistema de autenticaci\u00f3n de la Direcci\u00f3n General de Formaci\u00f3n Profesional Inicial y Educaci\u00f3n Permanente desarrollado por la Consejer\u00eda de Educaci\u00f3n que te&nbsp;<strong>permite realizar de forma telem\u00e1tica tr\u00e1mites de los centros educativos de Formaci\u00f3n Profesional y Educaci\u00f3n Permanente a trav\u00e9s del portal de la Secretar\u00eda Virtual de Centros.<\/strong><\/p>\n<p>Para facilitar telem\u00e1ticamente los procedimientos relacionados con el centro (admisi\u00f3n, matriculaci\u00f3n y otros tr\u00e1mites) y as\u00ed evitar que las familias tengan que desplazarse a las instalaciones de los mismos, se ha habilitado el Identificador Andaluz Educativo (iANDE), una clave que les permitir\u00e1 autenticarse en la Secretar\u00eda Virtual de forma \u00e1gil y r\u00e1pida.<\/p>\n<p>Debido a la situaci\u00f3n provocada por el COVID-19&nbsp;<strong>se recomienda la tramitaci\u00f3n online<\/strong>&nbsp;de todos los procedimientos a trav\u00e9s de la Secretar\u00eda Virtual, los enlaces los puedes encontrar en nuestra p\u00e1gina web.<\/p>\n<p><span style=\"color: #800080\"><strong><a style=\"color: #800080\" href=\"https:\/\/www.google.com\/url?q=https%3A%2F%2Fwww.juntadeandalucia.es%2Feducacion%2Fsecretariavirtual%2F&amp;sa=D&amp;sntz=1&amp;usg=AFQjCNHxT3DBxSEaaRQAIOdpG05h8ZaKvw\" target=\"_blank\" rel=\"noreferrer noopener\">Pincha aqu\u00ed para acceder a la Secretar\u00eda Virtual<\/a><\/strong><\/span><\/p>\n<p><span style=\"color: #800080\"><strong><a style=\"color: #800080\" href=\"https:\/\/www.google.com\/url?q=https%3A%2F%2Fwww.juntadeandalucia.es%2Feducacion%2Fsecretariavirtual%2Fautenticacion%2FregistroUsuarioIANDE%2F&amp;sa=D&amp;sntz=1&amp;usg=AFQjCNFeKp_b41dWhqC5RdLcFbZ6XL2aSg\" target=\"_blank\" rel=\"noreferrer noopener\">Pincha aqu\u00ed para solicitar la clave iANDE<\/a><\/strong><\/span><\/p>\n<p>Las claves iANDE se han difundido a las familias a trav\u00e9s de la app iPasen, en un mensaje anclado en la bandeja de entrada de Comunicaciones. En este mensaje los tutores legales tienen las claves iANDE de cada uno de sus hijos o hijas as\u00ed como para ellos mismos si fueran a su vez alumnos. Este mensaje permanece fijo y no se puede borrar.<\/p>\n<p>Adicionalmente a esto,&nbsp;<strong>tambi\u00e9n<\/strong>&nbsp;est\u00e1 disponible en la Secretar\u00eda Virtual un auto servicio de iANDE&nbsp;<strong>para aquellas personas que no son alumnado de ning\u00fan centro y deseen realizar tr\u00e1mites de admisi\u00f3n y matr\u00edcula<\/strong>&nbsp;en aquellos procedimientos que permitan la participaci\u00f3n de este tipo de personas (Admisi\u00f3n de FPI, Conservatorios, EOIs, y Educaci\u00f3n Permanente).<\/p>\n<p>[\/et_pb_text][et_pb_video _builder_version=&#8221;4.5.0&#8243; _module_preset=&#8221;default&#8221; src=&#8221;https:\/\/www.youtube.com\/watch?v=BG9pVAlp2lk&#8221; hover_enabled=&#8221;0&#8243;][\/et_pb_video][\/et_pb_column][et_pb_column type=&#8221;1_4&#8243; _builder_version=&#8221;3.25&#8243; custom_padding=&#8221;|||&#8221; custom_padding__hover=&#8221;|||&#8221;][et_pb_sidebar area=&#8221;sidebar-1&#8243; _builder_version=&#8221;4.5.0&#8243; _module_preset=&#8221;default&#8221;][\/et_pb_sidebar][\/et_pb_column][\/et_pb_row][\/et_pb_section]<\/p>\n","protected":false},"excerpt":{"rendered":"<p>La Clave iANDE es un sistema de autenticaci\u00f3n de la Direcci\u00f3n General de Formaci\u00f3n Profesional Inicial y Educaci\u00f3n Permanente desarrollado por la Consejer\u00eda de Educaci\u00f3n que te&nbsp;permite realizar de forma telem\u00e1tica tr\u00e1mites de los centros educativos de Formaci\u00f3n Profesional y Educaci\u00f3n Permanente a trav\u00e9s del portal de la Secretar\u00eda Virtual de Centros. Para facilitar telem\u00e1ticamente [&hellip;]<\/p>\n","protected":false},"author":11159,"featured_media":0,"parent":0,"menu_order":0,"comment_status":"closed","ping_status":"closed","template":"","meta":{"_et_pb_use_builder":"on","_et_pb_old_content":"","_et_gb_content_width":"","ngg_post_thumbnail":0,"footnotes":""},"aioseo_notices":[],"_links":{"self":[{"href":"https:\/\/blogsaverroes.juntadeandalucia.es\/iesalhadra\/wp-json\/wp\/v2\/pages\/5622"}],"collection":[{"href":"https:\/\/blogsaverroes.juntadeandalucia.es\/iesalhadra\/wp-json\/wp\/v2\/pages"}],"about":[{"href":"https:\/\/blogsaverroes.juntadeandalucia.es\/iesalhadra\/wp-json\/wp\/v2\/types\/page"}],"author":[{"embeddable":true,"href":"https:\/\/blogsaverroes.juntadeandalucia.es\/iesalhadra\/wp-json\/wp\/v2\/users\/11159"}],"replies":[{"embeddable":true,"href":"https:\/\/blogsaverroes.juntadeandalucia.es\/iesalhadra\/wp-json\/wp\/v2\/comments?post=5622"}],"version-history":[{"count":3,"href":"https:\/\/blogsaverroes.juntadeandalucia.es\/iesalhadra\/wp-json\/wp\/v2\/pages\/5622\/revisions"}],"predecessor-version":[{"id":5626,"href":"https:\/\/blogsaverroes.juntadeandalucia.es\/iesalhadra\/wp-json\/wp\/v2\/pages\/5622\/revisions\/5626"}],"wp:attachment":[{"href":"https:\/\/blogsaverroes.juntadeandalucia.es\/iesalhadra\/wp-json\/wp\/v2\/media?parent=5622"}],"curies":[{"name":"wp","href":"https:\/\/api.w.org\/{rel}","templated":true}]}}