{"id":5701,"date":"2021-06-30T09:45:32","date_gmt":"2021-06-30T08:45:32","guid":{"rendered":"https:\/\/blogsaverroes.juntadeandalucia.es\/iesalhadra\/?page_id=5701"},"modified":"2025-09-25T13:42:48","modified_gmt":"2025-09-25T12:42:48","slug":"formacion-y-orientacion-laboral","status":"publish","type":"page","link":"https:\/\/blogsaverroes.juntadeandalucia.es\/iesalhadra\/departamentos\/formacion-y-orientacion-laboral\/","title":{"rendered":"Formaci\u00f3n y Orientaci\u00f3n Laboral"},"content":{"rendered":"<p>[et_pb_section fb_built=&#8221;1&#8243; _builder_version=&#8221;4.16&#8243; global_colors_info=&#8221;{}&#8221;][et_pb_row column_structure=&#8221;3_4,1_4&#8243; _builder_version=&#8221;4.16&#8243; background_size=&#8221;initial&#8221; background_position=&#8221;top_left&#8221; background_repeat=&#8221;repeat&#8221; global_colors_info=&#8221;{}&#8221;][et_pb_column type=&#8221;3_4&#8243; _builder_version=&#8221;4.16&#8243; custom_padding=&#8221;|||&#8221; global_colors_info=&#8221;{}&#8221; custom_padding__hover=&#8221;|||&#8221;][et_pb_post_title title=&#8221;off&#8221; meta=&#8221;off&#8221; _builder_version=&#8221;4.16&#8243; _module_preset=&#8221;default&#8221; global_colors_info=&#8221;{}&#8221;][\/et_pb_post_title][et_pb_text admin_label=&#8221;Profesorado&#8221; _builder_version=&#8221;4.24.2&#8243; background_size=&#8221;initial&#8221; background_position=&#8221;top_left&#8221; background_repeat=&#8221;repeat&#8221; hover_enabled=&#8221;0&#8243; global_colors_info=&#8221;{}&#8221; sticky_enabled=&#8221;0&#8243;]<\/p>\n<h2>Docentes<\/h2>\n<p>&nbsp;<\/p>\n<table class=\" alignleft\" style=\"height: 281px;width: 100%\" cellspacing=\"2\">\n<tbody>\n<tr>\n<td style=\"width: 71.7087%\">Alem\u00e1n L\u00f3pez, Carlos<\/td>\n<td style=\"width: 27.1709%\"><a href=\"mailto:calelop360@g.educaand.es\"><span style=\"color: #800080\">calelop360@g.educaand.es<\/span><\/a><\/td>\n<\/tr>\n<tr style=\"height: 23px\">\n<td style=\"width: 71.7087%;height: 23px\">Camacho Mill\u00e1n, Isabel Mar\u00eda<\/td>\n<td style=\"width: 27.1709%;height: 23px\"><span style=\"color: #800080\"><a style=\"color: #800080\" href=\"mailto:icammil162@g.educaand.es\">icammil162@g.educaand.es<\/a><\/span><\/td>\n<\/tr>\n<tr style=\"height: 23px\">\n<td style=\"width: 71.7087%;height: 23px\">De las Heras Rodr\u00edguez, Juana Teresa<\/td>\n<td style=\"width: 27.1709%;height: 23px\"><span style=\"color: #800080\"><a style=\"color: #800080\" href=\"mailto:jherrod988@g.educaand.es\">jherrod988@g.educaand.es<\/a><\/span><\/td>\n<\/tr>\n<tr style=\"height: 23px\">\n<td style=\"width: 71.7087%;height: 23px\">Escamilla Y\u00e9lamos, Cristina (Jefa de departamento)<\/td>\n<td style=\"width: 27.1709%;height: 23px\"><span style=\"color: #800080\"><a style=\"color: #800080\" href=\"mailto:cescyel529@g.educaand.es\">cescyel529@g.educaand.es<\/a><\/span><\/td>\n<\/tr>\n<tr>\n<td style=\"width: 71.7087%\">Garc\u00eda De la Torre, David<\/td>\n<td style=\"width: 27.1709%\"><a href=\"mailto:dgartor068@g.educaand.es\"><span style=\"color: #800080\">dgartor068@g.educaand.es<\/span><\/a><\/td>\n<\/tr>\n<tr style=\"height: 23px\">\n<td style=\"width: 71.7087%;height: 23px\">Hidalgo Montoro, Mar\u00eda Mercedes<\/td>\n<td style=\"width: 27.1709%;height: 23px\"><span style=\"color: #800080\"><a style=\"color: #800080\" href=\"mailto:mhidmon241@g.educaand.es\">mhidmon241@g.educaand.es<\/a><\/span><\/td>\n<\/tr>\n<tr style=\"height: 24px\">\n<td style=\"width: 71.7087%;height: 24px\">Jim\u00e9nez D\u00edaz, Jorge<\/td>\n<td style=\"width: 27.1709%;height: 24px\"><span style=\"color: #800080\"><a style=\"color: #800080\" href=\"mailto:jjimdia542@g.educaand.es\">jjimdia542@g.educaand.es<\/a><\/span><\/td>\n<\/tr>\n<tr style=\"height: 23px\">\n<td style=\"width: 71.7087%;height: 23px\">Lozano Mart\u00ednez, El\u00edas<\/td>\n<td style=\"width: 27.1709%;height: 23px\"><span style=\"color: #800080\"><a style=\"color: #800080\" href=\"mailto:elozmar527@g.educaand.es\">elozmar527@g.educaand.es<\/a><\/span><\/td>\n<\/tr>\n<tr style=\"height: 24px\">\n<td style=\"width: 71.7087%;height: 24px\">Maga\u00f1a G\u00e1zquez, Pablo<\/td>\n<td style=\"width: 27.1709%;height: 24px\"><span style=\"color: #800080\"><a style=\"color: #800080\" href=\"mailto:pmaggaz103@g.educaand.es\">pmaggaz103@g.educaand.es<\/a><\/span><\/td>\n<\/tr>\n<tr style=\"height: 23px\">\n<td style=\"width: 71.7087%;height: 23px\">Moratel Real, Virginia<\/td>\n<td style=\"width: 27.1709%;height: 23px\"><span style=\"color: #800080\"><a style=\"color: #800080\" href=\"mailto:vmorrea710@g.educaand.es\">vmorrea710@g.educaand.es<\/a><\/span><\/td>\n<\/tr>\n<tr style=\"height: 24px\">\n<td style=\"width: 71.7087%;height: 24px\">Rienda Mart\u00ednez, Mar\u00eda del Mar<\/td>\n<td style=\"width: 27.1709%;height: 24px\"><span style=\"color: #800080\"><a style=\"color: #800080\" href=\"mailto:mriemar068@g.educaand.es\">mriemar068@g.educaand.es<\/a><\/span><\/td>\n<\/tr>\n<tr>\n<td style=\"width: 71.7087%\">Ruiz Segura, Carlos<\/td>\n<td style=\"width: 27.1709%\"><span style=\"color: #800080\"><span data-sheets-root=\"1\">cruiseg139@g.educaand.es<\/span><\/span><\/td>\n<\/tr>\n<\/tbody>\n<\/table>\n<p>[\/et_pb_text][et_pb_text disabled_on=&#8221;on|on|on&#8221; _builder_version=&#8221;4.16&#8243; _module_preset=&#8221;default&#8221; disabled=&#8221;on&#8221; global_colors_info=&#8221;{}&#8221;]<\/p>\n<h2>&nbsp;<\/h2>\n<h2>Recursos<\/h2>\n<p>[\/et_pb_text][et_pb_button button_url=&#8221;https:\/\/blogsaverroes.juntadeandalucia.es\/ticalhadra\/&#8221; url_new_window=&#8221;on&#8221; button_text=&#8221;Blog %22Las TIC en el IES Alhadra%22&#8243; button_alignment=&#8221;left&#8221; disabled_on=&#8221;on|on|on&#8221; _builder_version=&#8221;4.16&#8243; _module_preset=&#8221;default&#8221; custom_button=&#8221;on&#8221; button_text_size=&#8221;14px&#8221; button_text_color=&#8221;#ffffff&#8221; button_bg_color=&#8221;#8300e9&#8243; button_border_color=&#8221;#8300e9&#8243; button_icon=&#8221;&#xe0e3;||divi||400&#8243; disabled=&#8221;on&#8221; global_colors_info=&#8221;{}&#8221;][\/et_pb_button][et_pb_button button_url=&#8221;https:\/\/sites.google.com\/site\/matematicasgabriel\/matematicas?authuser=0&#8243; url_new_window=&#8221;on&#8221; button_text=&#8221;Site de Matem\u00e1ticas del profesor Gabriel Jim\u00e9nez Fern\u00e1ndez&#8221; button_alignment=&#8221;left&#8221; disabled_on=&#8221;on|on|on&#8221; _builder_version=&#8221;4.16&#8243; _module_preset=&#8221;default&#8221; custom_button=&#8221;on&#8221; button_text_size=&#8221;14px&#8221; button_text_color=&#8221;#ffffff&#8221; button_bg_color=&#8221;#8300e9&#8243; button_border_color=&#8221;#8300e9&#8243; button_icon=&#8221;&#xe0e3;||divi||400&#8243; disabled=&#8221;on&#8221; global_colors_info=&#8221;{}&#8221;][\/et_pb_button][et_pb_text _builder_version=&#8221;4.16&#8243; _module_preset=&#8221;default&#8221; global_colors_info=&#8221;{}&#8221;]<\/p>\n<h2>&nbsp;<\/h2>\n<h2>Actividades<\/h2>\n<p>[\/et_pb_text][et_pb_blog fullwidth=&#8221;off&#8221; include_categories=&#8221;44&#8243; show_more=&#8221;on&#8221; show_author=&#8221;off&#8221; show_categories=&#8221;off&#8221; _builder_version=&#8221;4.16&#8243; _module_preset=&#8221;default&#8221; global_colors_info=&#8221;{}&#8221;][\/et_pb_blog][\/et_pb_column][et_pb_column type=&#8221;1_4&#8243; _builder_version=&#8221;4.16&#8243; custom_padding=&#8221;|||&#8221; global_colors_info=&#8221;{}&#8221; custom_padding__hover=&#8221;|||&#8221;][et_pb_sidebar area=&#8221;sidebar-1&#8243; _builder_version=&#8221;4.16&#8243; _module_preset=&#8221;default&#8221; global_colors_info=&#8221;{}&#8221;][\/et_pb_sidebar][\/et_pb_column][\/et_pb_row][\/et_pb_section]<\/p>\n","protected":false},"excerpt":{"rendered":"<p>Docentes &nbsp; Alem\u00e1n L\u00f3pez, Carlos calelop360@g.educaand.es Camacho Mill\u00e1n, Isabel Mar\u00eda icammil162@g.educaand.es De las Heras Rodr\u00edguez, Juana Teresa jherrod988@g.educaand.es Escamilla Y\u00e9lamos, Cristina (Jefa de departamento) cescyel529@g.educaand.es Garc\u00eda De la Torre, David dgartor068@g.educaand.es Hidalgo Montoro, Mar\u00eda Mercedes mhidmon241@g.educaand.es Jim\u00e9nez D\u00edaz, Jorge jjimdia542@g.educaand.es Lozano Mart\u00ednez, El\u00edas elozmar527@g.educaand.es Maga\u00f1a G\u00e1zquez, Pablo pmaggaz103@g.educaand.es Moratel Real, Virginia vmorrea710@g.educaand.es Rienda Mart\u00ednez, Mar\u00eda [&hellip;]<\/p>\n","protected":false},"author":11159,"featured_media":6671,"parent":43,"menu_order":0,"comment_status":"closed","ping_status":"closed","template":"","meta":{"_et_pb_use_builder":"on","_et_pb_old_content":"","_et_gb_content_width":"","ngg_post_thumbnail":0,"footnotes":""},"aioseo_notices":[],"_links":{"self":[{"href":"https:\/\/blogsaverroes.juntadeandalucia.es\/iesalhadra\/wp-json\/wp\/v2\/pages\/5701"}],"collection":[{"href":"https:\/\/blogsaverroes.juntadeandalucia.es\/iesalhadra\/wp-json\/wp\/v2\/pages"}],"about":[{"href":"https:\/\/blogsaverroes.juntadeandalucia.es\/iesalhadra\/wp-json\/wp\/v2\/types\/page"}],"author":[{"embeddable":true,"href":"https:\/\/blogsaverroes.juntadeandalucia.es\/iesalhadra\/wp-json\/wp\/v2\/users\/11159"}],"replies":[{"embeddable":true,"href":"https:\/\/blogsaverroes.juntadeandalucia.es\/iesalhadra\/wp-json\/wp\/v2\/comments?post=5701"}],"version-history":[{"count":13,"href":"https:\/\/blogsaverroes.juntadeandalucia.es\/iesalhadra\/wp-json\/wp\/v2\/pages\/5701\/revisions"}],"predecessor-version":[{"id":15063,"href":"https:\/\/blogsaverroes.juntadeandalucia.es\/iesalhadra\/wp-json\/wp\/v2\/pages\/5701\/revisions\/15063"}],"up":[{"embeddable":true,"href":"https:\/\/blogsaverroes.juntadeandalucia.es\/iesalhadra\/wp-json\/wp\/v2\/pages\/43"}],"wp:featuredmedia":[{"embeddable":true,"href":"https:\/\/blogsaverroes.juntadeandalucia.es\/iesalhadra\/wp-json\/wp\/v2\/media\/6671"}],"wp:attachment":[{"href":"https:\/\/blogsaverroes.juntadeandalucia.es\/iesalhadra\/wp-json\/wp\/v2\/media?parent=5701"}],"curies":[{"name":"wp","href":"https:\/\/api.w.org\/{rel}","templated":true}]}}