{"id":8074,"date":"2022-11-24T10:53:37","date_gmt":"2022-11-24T09:53:37","guid":{"rendered":"https:\/\/blogsaverroes.juntadeandalucia.es\/iesalhadra\/?page_id=8074"},"modified":"2022-11-24T11:11:46","modified_gmt":"2022-11-24T10:11:46","slug":"mejora-de-la-empleabilidad-del-alumnado-de-medicacion-comunicativa-dual","status":"publish","type":"page","link":"https:\/\/blogsaverroes.juntadeandalucia.es\/iesalhadra\/mejora-de-la-empleabilidad-del-alumnado-de-medicacion-comunicativa-dual\/","title":{"rendered":"Mejora de la empleabilidad del alumnado de Medicaci\u00f3n Comunicativa DUAL"},"content":{"rendered":"<p>[et_pb_section fb_built=&#8221;1&#8243; admin_label=&#8221;section&#8221; _builder_version=&#8221;3.22&#8243; global_colors_info=&#8221;{}&#8221;][et_pb_row column_structure=&#8221;3_4,1_4&#8243; admin_label=&#8221;row&#8221; _builder_version=&#8221;3.25&#8243; background_size=&#8221;initial&#8221; background_position=&#8221;top_left&#8221; background_repeat=&#8221;repeat&#8221; global_colors_info=&#8221;{}&#8221;][et_pb_column type=&#8221;3_4&#8243; _builder_version=&#8221;3.25&#8243; custom_padding=&#8221;|||&#8221; global_colors_info=&#8221;{}&#8221; custom_padding__hover=&#8221;|||&#8221;][et_pb_image src=&#8221;https:\/\/blogsaverroes.juntadeandalucia.es\/iesalhadra\/files\/2022\/11\/MEJORA-DE-LA-EMPLEABILIDAD-DEL-CFGS-MEDIACION-COMUNICATIVA-IES-ALHADRA.jpg&#8221; title_text=&#8221;MEJORA DE LA EMPLEABILIDAD DEL CFGS MEDIACION COMUNICATIVA IES ALHADRA&#8221; _builder_version=&#8221;4.14.5&#8243; _module_preset=&#8221;default&#8221; global_colors_info=&#8221;{}&#8221;][\/et_pb_image][et_pb_text _builder_version=&#8221;4.14.5&#8243; _module_preset=&#8221;default&#8221; global_colors_info=&#8221;{}&#8221;]<\/p>\n<p>El 15 de noviembre tuvo lugar la inauguraci\u00f3n de las jornadas de formaci\u00f3n dirigidas al alumnado del CFGS dual de mediaci\u00f3n comunicativa del IES Alhadra. Esta formaci\u00f3n estar\u00e1 a cargo de la Agrupaci\u00f3n de personas sordas de Almer\u00eda (ASOAL), entidad colaboradora en los proyectos duales de \u00e9ste&nbsp;ciclo formativo.<\/p>\n<p><img loading=\"lazy\" decoding=\"async\" class=\"wp-image-8079 size-medium aligncenter\" src=\"https:\/\/blogsaverroes.juntadeandalucia.es\/iesalhadra\/files\/2022\/11\/IMG-20221123-WA0002-300x225.jpg\" alt=\"\" width=\"300\" height=\"225\"><\/p>\n<p>Estas jornadas, que tendr\u00e1n una duraci\u00f3n total de 15h, est\u00e1n enmarcadas en los proyectos espec\u00edficos destinados a reforzar las competencias profesionales y la empleabilidad del alumnado que cursa proyectos de Formaci\u00f3n Profesional dual mediante la colaboraci\u00f3n de los sectores productivos (Boja 24 mayo 2022).<\/p>\n<p>A lo largo de las 5 jornadas de duraci\u00f3n, el alumnado podr\u00e1 conocer de primera mano las necesidades de la poblaci\u00f3n objeto, as\u00ed como mejorar su competencia profesional como mediador\/a comunicativo\/a en este sector, clave, para su futuro profesional.<\/p>\n<p>[\/et_pb_text][et_pb_video src=&#8221;https:\/\/blogsaverroes.juntadeandalucia.es\/iesalhadra\/files\/2022\/11\/VID-20221123-WA0011.mp4&#8243; _builder_version=&#8221;4.14.5&#8243; _module_preset=&#8221;default&#8221; global_colors_info=&#8221;{}&#8221;][\/et_pb_video][et_pb_video _builder_version=&#8221;4.14.5&#8243; _module_preset=&#8221;default&#8221; title_text=&#8221;VID-20221123-WA0012&#8243; src=&#8221;https:\/\/blogsaverroes.juntadeandalucia.es\/iesalhadra\/files\/2022\/11\/VID-20221123-WA0012.mp4&#8243; hover_enabled=&#8221;0&#8243; sticky_enabled=&#8221;0&#8243;][\/et_pb_video][\/et_pb_column][et_pb_column type=&#8221;1_4&#8243; _builder_version=&#8221;3.25&#8243; custom_padding=&#8221;|||&#8221; global_colors_info=&#8221;{}&#8221; custom_padding__hover=&#8221;|||&#8221;][et_pb_sidebar area=&#8221;sidebar-1&#8243; _builder_version=&#8221;4.14.5&#8243; _module_preset=&#8221;default&#8221; global_colors_info=&#8221;{}&#8221;][\/et_pb_sidebar][\/et_pb_column][\/et_pb_row][\/et_pb_section]<\/p>\n","protected":false},"excerpt":{"rendered":"<p>El 15 de noviembre tuvo lugar la inauguraci\u00f3n de las jornadas de formaci\u00f3n dirigidas al alumnado del CFGS dual de mediaci\u00f3n comunicativa del IES Alhadra. Esta formaci\u00f3n estar\u00e1 a cargo de la Agrupaci\u00f3n de personas sordas de Almer\u00eda (ASOAL), entidad colaboradora en los proyectos duales de \u00e9ste&nbsp;ciclo formativo. Estas jornadas, que tendr\u00e1n una duraci\u00f3n total [&hellip;]<\/p>\n","protected":false},"author":11159,"featured_media":0,"parent":0,"menu_order":0,"comment_status":"closed","ping_status":"closed","template":"","meta":{"_et_pb_use_builder":"on","_et_pb_old_content":"","_et_gb_content_width":"","ngg_post_thumbnail":0,"footnotes":""},"aioseo_notices":[],"_links":{"self":[{"href":"https:\/\/blogsaverroes.juntadeandalucia.es\/iesalhadra\/wp-json\/wp\/v2\/pages\/8074"}],"collection":[{"href":"https:\/\/blogsaverroes.juntadeandalucia.es\/iesalhadra\/wp-json\/wp\/v2\/pages"}],"about":[{"href":"https:\/\/blogsaverroes.juntadeandalucia.es\/iesalhadra\/wp-json\/wp\/v2\/types\/page"}],"author":[{"embeddable":true,"href":"https:\/\/blogsaverroes.juntadeandalucia.es\/iesalhadra\/wp-json\/wp\/v2\/users\/11159"}],"replies":[{"embeddable":true,"href":"https:\/\/blogsaverroes.juntadeandalucia.es\/iesalhadra\/wp-json\/wp\/v2\/comments?post=8074"}],"version-history":[{"count":6,"href":"https:\/\/blogsaverroes.juntadeandalucia.es\/iesalhadra\/wp-json\/wp\/v2\/pages\/8074\/revisions"}],"predecessor-version":[{"id":8092,"href":"https:\/\/blogsaverroes.juntadeandalucia.es\/iesalhadra\/wp-json\/wp\/v2\/pages\/8074\/revisions\/8092"}],"wp:attachment":[{"href":"https:\/\/blogsaverroes.juntadeandalucia.es\/iesalhadra\/wp-json\/wp\/v2\/media?parent=8074"}],"curies":[{"name":"wp","href":"https:\/\/api.w.org\/{rel}","templated":true}]}}