{"id":668,"date":"2024-11-24T18:14:56","date_gmt":"2024-11-24T17:14:56","guid":{"rendered":"https:\/\/blogsaverroes.juntadeandalucia.es\/iesalhajar\/?page_id=668"},"modified":"2025-11-11T09:34:26","modified_gmt":"2025-11-11T08:34:26","slug":"lengua-castellana-y-literatura","status":"publish","type":"page","link":"https:\/\/blogsaverroes.juntadeandalucia.es\/iesalhajar\/lengua-castellana-y-literatura\/","title":{"rendered":"Lengua Castellana y Literatura"},"content":{"rendered":"<p>Departamento formado por:<\/p>\n<ul>\n<li>D\u00aa. Esperanza Leandro Romero (Jefa del Departamento)<\/li>\n<li>D\u00aa. Yolanda Jim\u00e9nez Tejera<\/li>\n<li>D\u00aa. Carmen Casas Cano<\/li>\n<li>D\u00aa. Roc\u00edo Granadino del Moral<\/li>\n<\/ul>\n<p>Programaciones:<\/p>\n<ul>\n<li><a href=\"https:\/\/blogsaverroes.juntadeandalucia.es\/iesalhajar\/files\/2025\/11\/LENGUA-CASTELLANA-Y-LITERATURA.pdf\">Lengua Castellana y Literatura<\/a><\/li>\n<li><a href=\"https:\/\/blogsaverroes.juntadeandalucia.es\/iesalhajar\/files\/2025\/11\/ORATORIA-Y-DEBATE.pdf\">Oratoria y Debate<\/a><\/li>\n<li><a href=\"https:\/\/blogsaverroes.juntadeandalucia.es\/iesalhajar\/files\/2024\/11\/Programacion-de-ALCT.pdf\">\u00c1rea Ling\u00fc\u00edstica de Car\u00e1cter Transversal<\/a><\/li>\n<li><a href=\"https:\/\/blogsaverroes.juntadeandalucia.es\/iesalhajar\/files\/2025\/11\/LATIN.pdf\">Lat\u00edn<\/a><\/li>\n<\/ul>\n","protected":false},"excerpt":{"rendered":"<p>Departamento formado por: D\u00aa. Esperanza Leandro Romero (Jefa del Departamento) D\u00aa. Yolanda Jim\u00e9nez Tejera D\u00aa. Carmen Casas Cano D\u00aa. Roc\u00edo Granadino del Moral Programaciones: Lengua Castellana y Literatura Oratoria y Debate \u00c1rea Ling\u00fc\u00edstica de Car\u00e1cter Transversal Lat\u00edn<\/p>\n","protected":false},"author":20327,"featured_media":0,"parent":0,"menu_order":0,"comment_status":"closed","ping_status":"closed","template":"","meta":{"_et_pb_use_builder":"","_et_pb_old_content":"","_et_gb_content_width":"","ngg_post_thumbnail":0,"footnotes":""},"aioseo_notices":[],"_links":{"self":[{"href":"https:\/\/blogsaverroes.juntadeandalucia.es\/iesalhajar\/wp-json\/wp\/v2\/pages\/668"}],"collection":[{"href":"https:\/\/blogsaverroes.juntadeandalucia.es\/iesalhajar\/wp-json\/wp\/v2\/pages"}],"about":[{"href":"https:\/\/blogsaverroes.juntadeandalucia.es\/iesalhajar\/wp-json\/wp\/v2\/types\/page"}],"author":[{"embeddable":true,"href":"https:\/\/blogsaverroes.juntadeandalucia.es\/iesalhajar\/wp-json\/wp\/v2\/users\/20327"}],"replies":[{"embeddable":true,"href":"https:\/\/blogsaverroes.juntadeandalucia.es\/iesalhajar\/wp-json\/wp\/v2\/comments?post=668"}],"version-history":[{"count":14,"href":"https:\/\/blogsaverroes.juntadeandalucia.es\/iesalhajar\/wp-json\/wp\/v2\/pages\/668\/revisions"}],"predecessor-version":[{"id":991,"href":"https:\/\/blogsaverroes.juntadeandalucia.es\/iesalhajar\/wp-json\/wp\/v2\/pages\/668\/revisions\/991"}],"wp:attachment":[{"href":"https:\/\/blogsaverroes.juntadeandalucia.es\/iesalhajar\/wp-json\/wp\/v2\/media?parent=668"}],"curies":[{"name":"wp","href":"https:\/\/api.w.org\/{rel}","templated":true}]}}