{"id":716,"date":"2024-11-24T19:17:39","date_gmt":"2024-11-24T18:17:39","guid":{"rendered":"https:\/\/blogsaverroes.juntadeandalucia.es\/iesalhajar\/?page_id=716"},"modified":"2025-11-11T09:26:50","modified_gmt":"2025-11-11T08:26:50","slug":"area-socio-linguistica","status":"publish","type":"page","link":"https:\/\/blogsaverroes.juntadeandalucia.es\/iesalhajar\/area-socio-linguistica\/","title":{"rendered":"\u00c1rea Socio-Ling\u00fc\u00edstica"},"content":{"rendered":"<p>Programaci\u00f3n:<\/p>\n<ul>\n<li><a href=\"https:\/\/blogsaverroes.juntadeandalucia.es\/iesalhajar\/files\/2025\/11\/Area-Linguistica-de-Caracter-Transversal.pdf\">\u00c1rea Ling\u00fc\u00edstica de Car\u00e1cter Transversal<\/a><\/li>\n<li><a href=\"https:\/\/blogsaverroes.juntadeandalucia.es\/iesalhajar\/files\/2025\/11\/AMBITO-SOCIO-LINGUISTICO.pdf\">\u00c1mbito socio-ling\u00fc\u00edstico<\/a><\/li>\n<\/ul>\n","protected":false},"excerpt":{"rendered":"<p>Programaci\u00f3n: \u00c1rea Ling\u00fc\u00edstica de Car\u00e1cter Transversal \u00c1mbito socio-ling\u00fc\u00edstico<\/p>\n","protected":false},"author":20327,"featured_media":0,"parent":0,"menu_order":0,"comment_status":"closed","ping_status":"closed","template":"","meta":{"_et_pb_use_builder":"","_et_pb_old_content":"","_et_gb_content_width":"","ngg_post_thumbnail":0,"footnotes":""},"aioseo_notices":[],"_links":{"self":[{"href":"https:\/\/blogsaverroes.juntadeandalucia.es\/iesalhajar\/wp-json\/wp\/v2\/pages\/716"}],"collection":[{"href":"https:\/\/blogsaverroes.juntadeandalucia.es\/iesalhajar\/wp-json\/wp\/v2\/pages"}],"about":[{"href":"https:\/\/blogsaverroes.juntadeandalucia.es\/iesalhajar\/wp-json\/wp\/v2\/types\/page"}],"author":[{"embeddable":true,"href":"https:\/\/blogsaverroes.juntadeandalucia.es\/iesalhajar\/wp-json\/wp\/v2\/users\/20327"}],"replies":[{"embeddable":true,"href":"https:\/\/blogsaverroes.juntadeandalucia.es\/iesalhajar\/wp-json\/wp\/v2\/comments?post=716"}],"version-history":[{"count":4,"href":"https:\/\/blogsaverroes.juntadeandalucia.es\/iesalhajar\/wp-json\/wp\/v2\/pages\/716\/revisions"}],"predecessor-version":[{"id":985,"href":"https:\/\/blogsaverroes.juntadeandalucia.es\/iesalhajar\/wp-json\/wp\/v2\/pages\/716\/revisions\/985"}],"wp:attachment":[{"href":"https:\/\/blogsaverroes.juntadeandalucia.es\/iesalhajar\/wp-json\/wp\/v2\/media?parent=716"}],"curies":[{"name":"wp","href":"https:\/\/api.w.org\/{rel}","templated":true}]}}

Área Socio-Lingüística

<p>Programación:</p>
<ul>
<li><a href="https://blogsaverroes.juntadeandalucia.es/iesalhajar/files/2025/11/Area-Linguistica-de-Caracter-Transversal.pdf">Área Lingüística de Carácter Transversal</a></li>
<li><a href="https://blogsaverroes.juntadeandalucia.es/iesalhajar/files/2025/11/AMBITO-SOCIO-LINGUISTICO.pdf">Ámbito socio-lingüístico</a></li>
</ul>

<p>Programación: Área Lingüística de Carácter Transversal Ámbito socio-lingüístico</p>
