{"id":359,"date":"2015-03-18T10:23:16","date_gmt":"2015-03-18T10:23:16","guid":{"rendered":"http:\/\/blogsaverroes.juntadeandalucia.es\/pre\/ceip\/?page_id=359"},"modified":"2017-04-12T10:48:50","modified_gmt":"2017-04-12T10:48:50","slug":"materiales-recursos","status":"publish","type":"page","link":"https:\/\/blogsaverroes.juntadeandalucia.es\/iesaljanadic\/filosofia\/materiales-recursos\/","title":{"rendered":"Materiales, recursos&#8230;"},"content":{"rendered":"<p><strong>Miembros del departamento:<\/strong><\/p>\n<p>Yolanda Ruiz Dorado<\/p>\n<p>Carmen Ayll\u00f3n Prados<\/p>\n<p>&nbsp;<\/p>\n<p><strong>Libros de texto del curso 2.016-17:<\/strong><\/p>\n<p><a href=\"https:\/\/www.dropbox.com\/s\/yiqw2wdd0mgbsjs\/Libros%20de%20texto%202016-17.docx?dl=0\">https:\/\/www.dropbox.com\/s\/yiqw2wdd0mgbsjs\/Libros%20de%20texto%202016-17.docx?dl=0<\/a><\/p>\n<p>&nbsp;<\/p>\n<p><strong>Programaci\u00f3n did\u00e1ctica del departamento de franc\u00e9s del curso 2.016-17:<\/strong><\/p>\n<p><a href=\"https:\/\/www.dropbox.com\/s\/lb1mn2j6nj50oxp\/Programaci%C3%B3n%20Dpto.%20Franc%C3%A9s%2016-17%20LOMCE.doc?dl=0\">https:\/\/www.dropbox.com\/s\/lb1mn2j6nj50oxp\/Programaci%C3%B3n%20Dpto.%20Franc%C3%A9s%2016-17%20LOMCE.doc?dl=0<\/a><\/p>\n","protected":false},"excerpt":{"rendered":"<p>Miembros del departamento: Yolanda Ruiz Dorado Carmen Ayll\u00f3n Prados &nbsp; Libros de texto del curso 2.016-17: https:\/\/www.dropbox.com\/s\/yiqw2wdd0mgbsjs\/Libros%20de%20texto%202016-17.docx?dl=0 &nbsp; Programaci\u00f3n did\u00e1ctica del departamento de franc\u00e9s del curso 2.016-17: https:\/\/www.dropbox.com\/s\/lb1mn2j6nj50oxp\/Programaci%C3%B3n%20Dpto.%20Franc%C3%A9s%2016-17%20LOMCE.doc?dl=0<\/p>\n","protected":false},"author":1,"featured_media":0,"parent":150,"menu_order":0,"comment_status":"closed","ping_status":"open","template":"template-full-width.php","meta":{"ngg_post_thumbnail":0,"footnotes":"","_mc_calendar":[]},"aioseo_notices":[],"_links":{"self":[{"href":"https:\/\/blogsaverroes.juntadeandalucia.es\/iesaljanadic\/wp-json\/wp\/v2\/pages\/359"}],"collection":[{"href":"https:\/\/blogsaverroes.juntadeandalucia.es\/iesaljanadic\/wp-json\/wp\/v2\/pages"}],"about":[{"href":"https:\/\/blogsaverroes.juntadeandalucia.es\/iesaljanadic\/wp-json\/wp\/v2\/types\/page"}],"author":[{"embeddable":true,"href":"https:\/\/blogsaverroes.juntadeandalucia.es\/iesaljanadic\/wp-json\/wp\/v2\/users\/1"}],"replies":[{"embeddable":true,"href":"https:\/\/blogsaverroes.juntadeandalucia.es\/iesaljanadic\/wp-json\/wp\/v2\/comments?post=359"}],"version-history":[{"count":8,"href":"https:\/\/blogsaverroes.juntadeandalucia.es\/iesaljanadic\/wp-json\/wp\/v2\/pages\/359\/revisions"}],"predecessor-version":[{"id":2970,"href":"https:\/\/blogsaverroes.juntadeandalucia.es\/iesaljanadic\/wp-json\/wp\/v2\/pages\/359\/revisions\/2970"}],"up":[{"embeddable":true,"href":"https:\/\/blogsaverroes.juntadeandalucia.es\/iesaljanadic\/wp-json\/wp\/v2\/pages\/150"}],"wp:attachment":[{"href":"https:\/\/blogsaverroes.juntadeandalucia.es\/iesaljanadic\/wp-json\/wp\/v2\/media?parent=359"}],"curies":[{"name":"wp","href":"https:\/\/api.w.org\/{rel}","templated":true}]}}