{"id":4201,"date":"2021-05-04T08:17:47","date_gmt":"2021-05-04T08:17:47","guid":{"rendered":"https:\/\/blogsaverroes.juntadeandalucia.es\/iesaljanadic\/?page_id=4201"},"modified":"2022-03-14T13:01:30","modified_gmt":"2022-03-14T13:01:30","slug":"secundaria-obligatoria-eso","status":"publish","type":"page","link":"https:\/\/blogsaverroes.juntadeandalucia.es\/iesaljanadic\/secundaria-obligatoria-eso\/","title":{"rendered":"SECUNDARIA OBLIGATORIA (ESO)"},"content":{"rendered":"\t\t<div data-elementor-type=\"wp-page\" data-elementor-id=\"4201\" class=\"elementor elementor-4201\">\n\t\t\t\t\t\t<section class=\"elementor-section elementor-top-section elementor-element elementor-element-971ea9a elementor-section-boxed elementor-section-height-default elementor-section-height-default\" data-id=\"971ea9a\" data-element_type=\"section\">\n\t\t\t\t\t\t<div class=\"elementor-container elementor-column-gap-default\">\n\t\t\t\t\t<div class=\"elementor-column elementor-col-100 elementor-top-column elementor-element elementor-element-aeac680\" data-id=\"aeac680\" data-element_type=\"column\">\n\t\t\t<div class=\"elementor-widget-wrap elementor-element-populated\">\n\t\t\t\t\t\t<div class=\"elementor-element elementor-element-e1a2c4d elementor-widget elementor-widget-text-editor\" data-id=\"e1a2c4d\" data-element_type=\"widget\" data-widget_type=\"text-editor.default\">\n\t\t\t\t<div class=\"elementor-widget-container\">\n\t\t\t\t\t\t\t\t\t<p><img fetchpriority=\"high\" decoding=\"async\" class=\"wp-image-4031 aligncenter\" src=\"https:\/\/blogsaverroes.juntadeandalucia.es\/iesaljanadic\/files\/2021\/04\/eso1.jpeg\" alt=\"eso\" width=\"264\" height=\"264\" srcset=\"https:\/\/blogsaverroes.juntadeandalucia.es\/iesaljanadic\/files\/2021\/04\/eso1.jpeg 1280w, https:\/\/blogsaverroes.juntadeandalucia.es\/iesaljanadic\/files\/2021\/04\/eso1-300x300.jpeg 300w, https:\/\/blogsaverroes.juntadeandalucia.es\/iesaljanadic\/files\/2021\/04\/eso1-1024x1024.jpeg 1024w, https:\/\/blogsaverroes.juntadeandalucia.es\/iesaljanadic\/files\/2021\/04\/eso1-150x150.jpeg 150w, https:\/\/blogsaverroes.juntadeandalucia.es\/iesaljanadic\/files\/2021\/04\/eso1-768x768.jpeg 768w, https:\/\/blogsaverroes.juntadeandalucia.es\/iesaljanadic\/files\/2021\/04\/eso1-432x432.jpeg 432w, https:\/\/blogsaverroes.juntadeandalucia.es\/iesaljanadic\/files\/2021\/04\/eso1-268x268.jpeg 268w, https:\/\/blogsaverroes.juntadeandalucia.es\/iesaljanadic\/files\/2021\/04\/eso1-700x700.jpeg 700w, https:\/\/blogsaverroes.juntadeandalucia.es\/iesaljanadic\/files\/2021\/04\/eso1-50x50.jpeg 50w\" sizes=\"(max-width: 264px) 100vw, 264px\" \/><\/p><p>Ofertamos los cuatro cursos de Ense\u00f1anza Secundaria Obligatoria. Normalmente disponemos de tres l\u00edneas de 1\u00ba de ESO a 4\u00ba de ESO. Todos los cursos reciben una ense\u00f1anza biling\u00fce (espa\u00f1ol\/ingl\u00e9s).<\/p>\t\t\t\t\t\t\t\t<\/div>\n\t\t\t\t<\/div>\n\t\t\t\t\t<\/div>\n\t\t<\/div>\n\t\t\t\t\t<\/div>\n\t\t<\/section>\n\t\t\t\t<section class=\"elementor-section elementor-top-section elementor-element elementor-element-9359720 elementor-section-boxed elementor-section-height-default elementor-section-height-default\" data-id=\"9359720\" data-element_type=\"section\">\n\t\t\t\t\t\t<div class=\"elementor-container elementor-column-gap-default\">\n\t\t\t\t\t<div class=\"elementor-column elementor-col-100 elementor-top-column elementor-element elementor-element-9595d3e\" data-id=\"9595d3e\" data-element_type=\"column\">\n\t\t\t<div class=\"elementor-widget-wrap elementor-element-populated\">\n\t\t\t\t\t\t<div class=\"elementor-element elementor-element-ffc3c5e elementor-widget elementor-widget-wp-widget-text\" data-id=\"ffc3c5e\" data-element_type=\"widget\" data-widget_type=\"wp-widget-text.default\">\n\t\t\t\t<div class=\"elementor-widget-container\">\n\t\t\t\t\t\t\t\t<div class=\"textwidget\"><\/div>\n\t\t\t\t\t\t<\/div>\n\t\t\t\t<\/div>\n\t\t\t\t\t<\/div>\n\t\t<\/div>\n\t\t\t\t\t<\/div>\n\t\t<\/section>\n\t\t\t\t<\/div>\n\t\t","protected":false},"excerpt":{"rendered":"<p>Ofertamos los cuatro cursos de Ense\u00f1anza Secundaria Obligatoria. Normalmente disponemos de tres l\u00edneas de 1\u00ba de ESO a 4\u00ba de ESO. Todos los cursos reciben una ense\u00f1anza biling\u00fce (espa\u00f1ol\/ingl\u00e9s).<\/p>\n","protected":false},"author":2884,"featured_media":0,"parent":0,"menu_order":0,"comment_status":"closed","ping_status":"closed","template":"","meta":{"ngg_post_thumbnail":0,"footnotes":"","_mc_calendar":[]},"aioseo_notices":[],"_links":{"self":[{"href":"https:\/\/blogsaverroes.juntadeandalucia.es\/iesaljanadic\/wp-json\/wp\/v2\/pages\/4201"}],"collection":[{"href":"https:\/\/blogsaverroes.juntadeandalucia.es\/iesaljanadic\/wp-json\/wp\/v2\/pages"}],"about":[{"href":"https:\/\/blogsaverroes.juntadeandalucia.es\/iesaljanadic\/wp-json\/wp\/v2\/types\/page"}],"author":[{"embeddable":true,"href":"https:\/\/blogsaverroes.juntadeandalucia.es\/iesaljanadic\/wp-json\/wp\/v2\/users\/2884"}],"replies":[{"embeddable":true,"href":"https:\/\/blogsaverroes.juntadeandalucia.es\/iesaljanadic\/wp-json\/wp\/v2\/comments?post=4201"}],"version-history":[{"count":6,"href":"https:\/\/blogsaverroes.juntadeandalucia.es\/iesaljanadic\/wp-json\/wp\/v2\/pages\/4201\/revisions"}],"predecessor-version":[{"id":4452,"href":"https:\/\/blogsaverroes.juntadeandalucia.es\/iesaljanadic\/wp-json\/wp\/v2\/pages\/4201\/revisions\/4452"}],"wp:attachment":[{"href":"https:\/\/blogsaverroes.juntadeandalucia.es\/iesaljanadic\/wp-json\/wp\/v2\/media?parent=4201"}],"curies":[{"name":"wp","href":"https:\/\/api.w.org\/{rel}","templated":true}]}}