{"id":351,"date":"2015-03-18T10:22:07","date_gmt":"2015-03-18T10:22:07","guid":{"rendered":"http:\/\/blogsaverroes.juntadeandalucia.es\/pre\/ceip\/?page_id=351"},"modified":"2022-03-07T19:39:52","modified_gmt":"2022-03-07T19:39:52","slug":"materiales-recursos","status":"publish","type":"page","link":"https:\/\/blogsaverroes.juntadeandalucia.es\/iesallawra\/dibujo\/materiales-recursos\/","title":{"rendered":"Materiales, recursos&#8230;"},"content":{"rendered":"<h3 style=\"text-align: center\"><span style=\"color: #0000ff\"><strong>Exposici\u00f3n de Trabajos del Alumnado de E.P.V.<\/strong><\/span><\/h3>\n<p><a href=\"https:\/\/blogsaverroes.juntadeandalucia.es\/iesallawra\/files\/2022\/03\/1646646478571.jpg\"><img loading=\"lazy\" decoding=\"async\" class=\"alignnone wp-image-2869 size-large\" src=\"https:\/\/blogsaverroes.juntadeandalucia.es\/iesallawra\/files\/2022\/03\/1646646478571-1024x363.jpg\" alt=\"\" width=\"1024\" height=\"363\" srcset=\"https:\/\/blogsaverroes.juntadeandalucia.es\/iesallawra\/files\/2022\/03\/1646646478571-1024x363.jpg 1024w, https:\/\/blogsaverroes.juntadeandalucia.es\/iesallawra\/files\/2022\/03\/1646646478571-300x106.jpg 300w, https:\/\/blogsaverroes.juntadeandalucia.es\/iesallawra\/files\/2022\/03\/1646646478571-768x272.jpg 768w, https:\/\/blogsaverroes.juntadeandalucia.es\/iesallawra\/files\/2022\/03\/1646646478571-1536x544.jpg 1536w, https:\/\/blogsaverroes.juntadeandalucia.es\/iesallawra\/files\/2022\/03\/1646646478571.jpg 1600w\" sizes=\"(max-width: 1024px) 100vw, 1024px\" \/><\/a><\/p>\n<p style=\"text-align: center\"><a href=\"https:\/\/blogsaverroes.juntadeandalucia.es\/iesallawra\/files\/2022\/03\/1646646478524.jpg\"><img loading=\"lazy\" decoding=\"async\" class=\"alignnone size-medium wp-image-2867\" src=\"https:\/\/blogsaverroes.juntadeandalucia.es\/iesallawra\/files\/2022\/03\/1646646478524-300x225.jpg\" alt=\"\" width=\"300\" height=\"225\" srcset=\"https:\/\/blogsaverroes.juntadeandalucia.es\/iesallawra\/files\/2022\/03\/1646646478524-300x225.jpg 300w, https:\/\/blogsaverroes.juntadeandalucia.es\/iesallawra\/files\/2022\/03\/1646646478524-1024x768.jpg 1024w, https:\/\/blogsaverroes.juntadeandalucia.es\/iesallawra\/files\/2022\/03\/1646646478524-768x576.jpg 768w, https:\/\/blogsaverroes.juntadeandalucia.es\/iesallawra\/files\/2022\/03\/1646646478524-1536x1152.jpg 1536w, https:\/\/blogsaverroes.juntadeandalucia.es\/iesallawra\/files\/2022\/03\/1646646478524.jpg 1600w\" sizes=\"(max-width: 300px) 100vw, 300px\" \/> <\/a><a href=\"https:\/\/blogsaverroes.juntadeandalucia.es\/iesallawra\/files\/2022\/03\/1646646478549.jpg\"><img loading=\"lazy\" decoding=\"async\" class=\"alignnone size-medium wp-image-2868\" src=\"https:\/\/blogsaverroes.juntadeandalucia.es\/iesallawra\/files\/2022\/03\/1646646478549-300x225.jpg\" alt=\"\" width=\"300\" height=\"225\" srcset=\"https:\/\/blogsaverroes.juntadeandalucia.es\/iesallawra\/files\/2022\/03\/1646646478549-300x225.jpg 300w, https:\/\/blogsaverroes.juntadeandalucia.es\/iesallawra\/files\/2022\/03\/1646646478549-1024x768.jpg 1024w, https:\/\/blogsaverroes.juntadeandalucia.es\/iesallawra\/files\/2022\/03\/1646646478549-768x576.jpg 768w, https:\/\/blogsaverroes.juntadeandalucia.es\/iesallawra\/files\/2022\/03\/1646646478549-1536x1152.jpg 1536w, https:\/\/blogsaverroes.juntadeandalucia.es\/iesallawra\/files\/2022\/03\/1646646478549.jpg 1600w\" sizes=\"(max-width: 300px) 100vw, 300px\" \/><\/a><\/p>\n<p style=\"text-align: center\"><a href=\"https:\/\/blogsaverroes.juntadeandalucia.es\/iesallawra\/files\/2022\/03\/1646646478632.jpg\"><img loading=\"lazy\" decoding=\"async\" class=\"alignnone wp-image-2872 size-large\" src=\"https:\/\/blogsaverroes.juntadeandalucia.es\/iesallawra\/files\/2022\/03\/1646646478632-1024x768.jpg\" alt=\"\" width=\"1024\" height=\"768\" srcset=\"https:\/\/blogsaverroes.juntadeandalucia.es\/iesallawra\/files\/2022\/03\/1646646478632-1024x768.jpg 1024w, https:\/\/blogsaverroes.juntadeandalucia.es\/iesallawra\/files\/2022\/03\/1646646478632-300x225.jpg 300w, https:\/\/blogsaverroes.juntadeandalucia.es\/iesallawra\/files\/2022\/03\/1646646478632-768x576.jpg 768w, https:\/\/blogsaverroes.juntadeandalucia.es\/iesallawra\/files\/2022\/03\/1646646478632-1536x1152.jpg 1536w, https:\/\/blogsaverroes.juntadeandalucia.es\/iesallawra\/files\/2022\/03\/1646646478632.jpg 1600w\" sizes=\"(max-width: 1024px) 100vw, 1024px\" \/><\/a><\/p>\n<p style=\"text-align: center\"><img loading=\"lazy\" decoding=\"async\" class=\"wp-image-2870 size-medium alignnone\" src=\"https:\/\/blogsaverroes.juntadeandalucia.es\/iesallawra\/files\/2022\/03\/1646646478592-225x300.jpg\" alt=\"\" width=\"225\" height=\"300\" srcset=\"https:\/\/blogsaverroes.juntadeandalucia.es\/iesallawra\/files\/2022\/03\/1646646478592-225x300.jpg 225w, https:\/\/blogsaverroes.juntadeandalucia.es\/iesallawra\/files\/2022\/03\/1646646478592-768x1024.jpg 768w, https:\/\/blogsaverroes.juntadeandalucia.es\/iesallawra\/files\/2022\/03\/1646646478592-1152x1536.jpg 1152w, https:\/\/blogsaverroes.juntadeandalucia.es\/iesallawra\/files\/2022\/03\/1646646478592.jpg 1200w\" sizes=\"(max-width: 225px) 100vw, 225px\" \/> <a href=\"https:\/\/blogsaverroes.juntadeandalucia.es\/iesallawra\/files\/2022\/03\/1646646478655.jpg\"><img loading=\"lazy\" decoding=\"async\" class=\"alignnone size-medium wp-image-2873\" src=\"https:\/\/blogsaverroes.juntadeandalucia.es\/iesallawra\/files\/2022\/03\/1646646478655-225x300.jpg\" alt=\"\" width=\"225\" height=\"300\" srcset=\"https:\/\/blogsaverroes.juntadeandalucia.es\/iesallawra\/files\/2022\/03\/1646646478655-225x300.jpg 225w, https:\/\/blogsaverroes.juntadeandalucia.es\/iesallawra\/files\/2022\/03\/1646646478655-768x1024.jpg 768w, https:\/\/blogsaverroes.juntadeandalucia.es\/iesallawra\/files\/2022\/03\/1646646478655-1152x1536.jpg 1152w, https:\/\/blogsaverroes.juntadeandalucia.es\/iesallawra\/files\/2022\/03\/1646646478655.jpg 1200w\" sizes=\"(max-width: 225px) 100vw, 225px\" \/> <\/a><a href=\"https:\/\/blogsaverroes.juntadeandalucia.es\/iesallawra\/files\/2022\/03\/1646646478655.jpg\"><img loading=\"lazy\" decoding=\"async\" class=\"alignnone size-medium wp-image-2873\" src=\"https:\/\/blogsaverroes.juntadeandalucia.es\/iesallawra\/files\/2022\/03\/1646646478655-225x300.jpg\" alt=\"\" width=\"225\" height=\"300\" srcset=\"https:\/\/blogsaverroes.juntadeandalucia.es\/iesallawra\/files\/2022\/03\/1646646478655-225x300.jpg 225w, https:\/\/blogsaverroes.juntadeandalucia.es\/iesallawra\/files\/2022\/03\/1646646478655-768x1024.jpg 768w, https:\/\/blogsaverroes.juntadeandalucia.es\/iesallawra\/files\/2022\/03\/1646646478655-1152x1536.jpg 1152w, https:\/\/blogsaverroes.juntadeandalucia.es\/iesallawra\/files\/2022\/03\/1646646478655.jpg 1200w\" sizes=\"(max-width: 225px) 100vw, 225px\" \/><\/a><\/p>\n<h4><a href=\"http:\/\/agrega.juntadeandalucia.es\/visualizador-1\/Visualizar\/Visualizar.do?identificador=es-an_2011071213_9172433&amp;secuencia=true&amp;idioma=es\" target=\"_blank\" rel=\"noopener noreferrer\">Dibujo, visualidad y conocimiento: Elementos comunes de la unidad<\/a><\/h4>\n<p><a href=\"http:\/\/agrega.juntadeandalucia.es\/visualizador-1\/Visualizar\/Visualizar.do?identificador=es-an_2011071213_9172433&amp;secuencia=true&amp;idioma=es\" target=\"_blank\" rel=\"noopener noreferrer\"><img loading=\"lazy\" decoding=\"async\" class=\" size-medium wp-image-2023 alignleft\" src=\"http:\/\/blogsaverroes.juntadeandalucia.es\/temahuemanies\/files\/2015\/03\/dibujo01-300x204.jpg\" alt=\"dibujo01\" width=\"300\" height=\"204\" srcset=\"https:\/\/blogsaverroes.juntadeandalucia.es\/iesallawra\/files\/2015\/03\/dibujo01-300x204.jpg 300w, https:\/\/blogsaverroes.juntadeandalucia.es\/iesallawra\/files\/2015\/03\/dibujo01.jpg 693w\" sizes=\"(max-width: 300px) 100vw, 300px\" \/><\/a><\/p>\n<p>&nbsp;<\/p>\n<p>&nbsp;<\/p>\n<p>&nbsp;<\/p>\n<p>&nbsp;<\/p>\n<p>&nbsp;<\/p>\n<p>&nbsp;<\/p>\n<p>La historia inicial que vas a encontrarte en esta primera unidad comienza hace mucho, mucho tiempo. Hay frases que han pasado a la historia por lo que han significado y por los acontecimientos a los que est\u00e1n ligadas. Tal vez te suenen estas dos : la primera \u00ab\u00a1\u00a1 Mira pap\u00e1, bueyes en el techo !\u00bb; la segunda, \u00abUn peque\u00f1o paso para un hombre pero un gran salto para la humanidad\u00bb y una tercera y \u00faltima tal vez menos conocida, \u00abDespu\u00e9s de Altamira todo me parece decadente\u00bb.<\/p>\n<p>&nbsp;<\/p>\n<h4><a href=\"http:\/\/agrega.juntadeandalucia.es\/visualizar\/es\/es-an_2011070113_9133317\/true\" target=\"_blank\" rel=\"noopener noreferrer\">Elementos y trazados fundamentales: los materiales y t\u00e9cnicas b\u00e1sicas, paralelismo y perpendicularidad<\/a><\/h4>\n<p><a href=\"http:\/\/agrega.juntadeandalucia.es\/visualizar\/es\/es-an_2011070113_9133317\/true\" target=\"_blank\" rel=\"noopener noreferrer\"><img loading=\"lazy\" decoding=\"async\" class=\" size-medium wp-image-2032 alignleft\" src=\"http:\/\/blogsaverroes.juntadeandalucia.es\/temahuemanies\/files\/2015\/03\/dibujo02-300x192.jpg\" alt=\"dibujo02\" width=\"300\" height=\"192\" srcset=\"https:\/\/blogsaverroes.juntadeandalucia.es\/iesallawra\/files\/2015\/03\/dibujo02-300x192.jpg 300w, https:\/\/blogsaverroes.juntadeandalucia.es\/iesallawra\/files\/2015\/03\/dibujo02.jpg 594w\" sizes=\"(max-width: 300px) 100vw, 300px\" \/><\/a><\/p>\n<p>&nbsp;<\/p>\n<p>&nbsp;<\/p>\n<p>&nbsp;<\/p>\n<p>&nbsp;<\/p>\n<p>&nbsp;<\/p>\n<p>El Dibujo T\u00e9cnico es un lenguaje objetivo y universal, su principal funci\u00f3n es la de exponer de forma clara una idea para que pueda ser comprendida sin dificultad por distintos observadores, esto requiere el uso de unas t\u00e9cnicas gr\u00e1ficas espec\u00edficas.<\/p>\n","protected":false},"excerpt":{"rendered":"<p>Exposici\u00f3n de Trabajos del Alumnado de E.P.V. Dibujo, visualidad y conocimiento: Elementos comunes de la unidad &nbsp; &nbsp; &nbsp; &nbsp; &nbsp; &nbsp; La historia inicial que vas a encontrarte en esta primera unidad comienza&#46;&#46;&#46;<\/p>\n","protected":false},"author":1,"featured_media":0,"parent":174,"menu_order":0,"comment_status":"open","ping_status":"open","template":"page-templates\/child-menu.php","meta":{"ngg_post_thumbnail":0,"footnotes":"","_mc_calendar":[]},"aioseo_notices":[],"_links":{"self":[{"href":"https:\/\/blogsaverroes.juntadeandalucia.es\/iesallawra\/wp-json\/wp\/v2\/pages\/351"}],"collection":[{"href":"https:\/\/blogsaverroes.juntadeandalucia.es\/iesallawra\/wp-json\/wp\/v2\/pages"}],"about":[{"href":"https:\/\/blogsaverroes.juntadeandalucia.es\/iesallawra\/wp-json\/wp\/v2\/types\/page"}],"author":[{"embeddable":true,"href":"https:\/\/blogsaverroes.juntadeandalucia.es\/iesallawra\/wp-json\/wp\/v2\/users\/1"}],"replies":[{"embeddable":true,"href":"https:\/\/blogsaverroes.juntadeandalucia.es\/iesallawra\/wp-json\/wp\/v2\/comments?post=351"}],"version-history":[{"count":13,"href":"https:\/\/blogsaverroes.juntadeandalucia.es\/iesallawra\/wp-json\/wp\/v2\/pages\/351\/revisions"}],"predecessor-version":[{"id":2897,"href":"https:\/\/blogsaverroes.juntadeandalucia.es\/iesallawra\/wp-json\/wp\/v2\/pages\/351\/revisions\/2897"}],"up":[{"embeddable":true,"href":"https:\/\/blogsaverroes.juntadeandalucia.es\/iesallawra\/wp-json\/wp\/v2\/pages\/174"}],"wp:attachment":[{"href":"https:\/\/blogsaverroes.juntadeandalucia.es\/iesallawra\/wp-json\/wp\/v2\/media?parent=351"}],"curies":[{"name":"wp","href":"https:\/\/api.w.org\/{rel}","templated":true}]}}

<h3 style="text-align: center"><span style="color: #0000ff"><strong>Exposición de Trabajos del Alumnado de E.P.V.</strong></span></h3>
<p><a href="https://blogsaverroes.juntadeandalucia.es/iesallawra/files/2022/03/1646646478571.jpg"><img loading="lazy" decoding="async" class="alignnone wp-image-2869 size-large" src="https://blogsaverroes.juntadeandalucia.es/iesallawra/files/2022/03/1646646478571-1024x363.jpg" alt="" width="1024" height="363" srcset="https://blogsaverroes.juntadeandalucia.es/iesallawra/files/2022/03/1646646478571-1024x363.jpg 1024w, https://blogsaverroes.juntadeandalucia.es/iesallawra/files/2022/03/1646646478571-300x106.jpg 300w, https://blogsaverroes.juntadeandalucia.es/iesallawra/files/2022/03/1646646478571-768x272.jpg 768w, https://blogsaverroes.juntadeandalucia.es/iesallawra/files/2022/03/1646646478571-1536x544.jpg 1536w, https://blogsaverroes.juntadeandalucia.es/iesallawra/files/2022/03/1646646478571.jpg 1600w" sizes="(max-width: 1024px) 100vw, 1024px" /></a></p>
<p style="text-align: center"><a href="https://blogsaverroes.juntadeandalucia.es/iesallawra/files/2022/03/1646646478524.jpg"><img loading="lazy" decoding="async" class="alignnone size-medium wp-image-2867" src="https://blogsaverroes.juntadeandalucia.es/iesallawra/files/2022/03/1646646478524-300x225.jpg" alt="" width="300" height="225" srcset="https://blogsaverroes.juntadeandalucia.es/iesallawra/files/2022/03/1646646478524-300x225.jpg 300w, https://blogsaverroes.juntadeandalucia.es/iesallawra/files/2022/03/1646646478524-1024x768.jpg 1024w, https://blogsaverroes.juntadeandalucia.es/iesallawra/files/2022/03/1646646478524-768x576.jpg 768w, https://blogsaverroes.juntadeandalucia.es/iesallawra/files/2022/03/1646646478524-1536x1152.jpg 1536w, https://blogsaverroes.juntadeandalucia.es/iesallawra/files/2022/03/1646646478524.jpg 1600w" sizes="(max-width: 300px) 100vw, 300px" /> </a><a href="https://blogsaverroes.juntadeandalucia.es/iesallawra/files/2022/03/1646646478549.jpg"><img loading="lazy" decoding="async" class="alignnone size-medium wp-image-2868" src="https://blogsaverroes.juntadeandalucia.es/iesallawra/files/2022/03/1646646478549-300x225.jpg" alt="" width="300" height="225" srcset="https://blogsaverroes.juntadeandalucia.es/iesallawra/files/2022/03/1646646478549-300x225.jpg 300w, https://blogsaverroes.juntadeandalucia.es/iesallawra/files/2022/03/1646646478549-1024x768.jpg 1024w, https://blogsaverroes.juntadeandalucia.es/iesallawra/files/2022/03/1646646478549-768x576.jpg 768w, https://blogsaverroes.juntadeandalucia.es/iesallawra/files/2022/03/1646646478549-1536x1152.jpg 1536w, https://blogsaverroes.juntadeandalucia.es/iesallawra/files/2022/03/1646646478549.jpg 1600w" sizes="(max-width: 300px) 100vw, 300px" /></a></p>
<p style="text-align: center"><a href="https://blogsaverroes.juntadeandalucia.es/iesallawra/files/2022/03/1646646478632.jpg"><img loading="lazy" decoding="async" class="alignnone wp-image-2872 size-large" src="https://blogsaverroes.juntadeandalucia.es/iesallawra/files/2022/03/1646646478632-1024x768.jpg" alt="" width="1024" height="768" srcset="https://blogsaverroes.juntadeandalucia.es/iesallawra/files/2022/03/1646646478632-1024x768.jpg 1024w, https://blogsaverroes.juntadeandalucia.es/iesallawra/files/2022/03/1646646478632-300x225.jpg 300w, https://blogsaverroes.juntadeandalucia.es/iesallawra/files/2022/03/1646646478632-768x576.jpg 768w, https://blogsaverroes.juntadeandalucia.es/iesallawra/files/2022/03/1646646478632-1536x1152.jpg 1536w, https://blogsaverroes.juntadeandalucia.es/iesallawra/files/2022/03/1646646478632.jpg 1600w" sizes="(max-width: 1024px) 100vw, 1024px" /></a></p>
<p style="text-align: center"><img loading="lazy" decoding="async" class="wp-image-2870 size-medium alignnone" src="https://blogsaverroes.juntadeandalucia.es/iesallawra/files/2022/03/1646646478592-225x300.jpg" alt="" width="225" height="300" srcset="https://blogsaverroes.juntadeandalucia.es/iesallawra/files/2022/03/1646646478592-225x300.jpg 225w, https://blogsaverroes.juntadeandalucia.es/iesallawra/files/2022/03/1646646478592-768x1024.jpg 768w, https://blogsaverroes.juntadeandalucia.es/iesallawra/files/2022/03/1646646478592-1152x1536.jpg 1152w, https://blogsaverroes.juntadeandalucia.es/iesallawra/files/2022/03/1646646478592.jpg 1200w" sizes="(max-width: 225px) 100vw, 225px" /> <a href="https://blogsaverroes.juntadeandalucia.es/iesallawra/files/2022/03/1646646478655.jpg"><img loading="lazy" decoding="async" class="alignnone size-medium wp-image-2873" src="https://blogsaverroes.juntadeandalucia.es/iesallawra/files/2022/03/1646646478655-225x300.jpg" alt="" width="225" height="300" srcset="https://blogsaverroes.juntadeandalucia.es/iesallawra/files/2022/03/1646646478655-225x300.jpg 225w, https://blogsaverroes.juntadeandalucia.es/iesallawra/files/2022/03/1646646478655-768x1024.jpg 768w, https://blogsaverroes.juntadeandalucia.es/iesallawra/files/2022/03/1646646478655-1152x1536.jpg 1152w, https://blogsaverroes.juntadeandalucia.es/iesallawra/files/2022/03/1646646478655.jpg 1200w" sizes="(max-width: 225px) 100vw, 225px" /> </a><a href="https://blogsaverroes.juntadeandalucia.es/iesallawra/files/2022/03/1646646478655.jpg"><img loading="lazy" decoding="async" class="alignnone size-medium wp-image-2873" src="https://blogsaverroes.juntadeandalucia.es/iesallawra/files/2022/03/1646646478655-225x300.jpg" alt="" width="225" height="300" srcset="https://blogsaverroes.juntadeandalucia.es/iesallawra/files/2022/03/1646646478655-225x300.jpg 225w, https://blogsaverroes.juntadeandalucia.es/iesallawra/files/2022/03/1646646478655-768x1024.jpg 768w, https://blogsaverroes.juntadeandalucia.es/iesallawra/files/2022/03/1646646478655-1152x1536.jpg 1152w, https://blogsaverroes.juntadeandalucia.es/iesallawra/files/2022/03/1646646478655.jpg 1200w" sizes="(max-width: 225px) 100vw, 225px" /></a></p>
<h4><a href="http://agrega.juntadeandalucia.es/visualizador-1/Visualizar/Visualizar.do?identificador=es-an_2011071213_9172433&amp;secuencia=true&amp;idioma=es" target="_blank" rel="noopener noreferrer">Dibujo, visualidad y conocimiento: Elementos comunes de la unidad</a></h4>
<p><a href="http://agrega.juntadeandalucia.es/visualizador-1/Visualizar/Visualizar.do?identificador=es-an_2011071213_9172433&amp;secuencia=true&amp;idioma=es" target="_blank" rel="noopener noreferrer"><img loading="lazy" decoding="async" class=" size-medium wp-image-2023 alignleft" src="http://blogsaverroes.juntadeandalucia.es/temahuemanies/files/2015/03/dibujo01-300x204.jpg" alt="dibujo01" width="300" height="204" srcset="https://blogsaverroes.juntadeandalucia.es/iesallawra/files/2015/03/dibujo01-300x204.jpg 300w, https://blogsaverroes.juntadeandalucia.es/iesallawra/files/2015/03/dibujo01.jpg 693w" sizes="(max-width: 300px) 100vw, 300px" /></a></p>
<p>&nbsp;</p>
<p>&nbsp;</p>
<p>&nbsp;</p>
<p>&nbsp;</p>
<p>&nbsp;</p>
<p>&nbsp;</p>
<p>La historia inicial que vas a encontrarte en esta primera unidad comienza hace mucho, mucho tiempo. Hay frases que han pasado a la historia por lo que han significado y por los acontecimientos a los que están ligadas. Tal vez te suenen estas dos : la primera «¡¡ Mira papá, bueyes en el techo !»; la segunda, «Un pequeño paso para un hombre pero un gran salto para la humanidad» y una tercera y última tal vez menos conocida, «Después de Altamira todo me parece decadente».</p>
<p>&nbsp;</p>
<h4><a href="http://agrega.juntadeandalucia.es/visualizar/es/es-an_2011070113_9133317/true" target="_blank" rel="noopener noreferrer">Elementos y trazados fundamentales: los materiales y técnicas básicas, paralelismo y perpendicularidad</a></h4>
<p><a href="http://agrega.juntadeandalucia.es/visualizar/es/es-an_2011070113_9133317/true" target="_blank" rel="noopener noreferrer"><img loading="lazy" decoding="async" class=" size-medium wp-image-2032 alignleft" src="http://blogsaverroes.juntadeandalucia.es/temahuemanies/files/2015/03/dibujo02-300x192.jpg" alt="dibujo02" width="300" height="192" srcset="https://blogsaverroes.juntadeandalucia.es/iesallawra/files/2015/03/dibujo02-300x192.jpg 300w, https://blogsaverroes.juntadeandalucia.es/iesallawra/files/2015/03/dibujo02.jpg 594w" sizes="(max-width: 300px) 100vw, 300px" /></a></p>
<p>&nbsp;</p>
<p>&nbsp;</p>
<p>&nbsp;</p>
<p>&nbsp;</p>
<p>&nbsp;</p>
<p>El Dibujo Técnico es un lenguaje objetivo y universal, su principal función es la de exponer de forma clara una idea para que pueda ser comprendida sin dificultad por distintos observadores, esto requiere el uso de unas técnicas gráficas específicas.</p>

<p>Exposición de Trabajos del Alumnado de E.P.V. Dibujo, visualidad y conocimiento: Elementos comunes de la unidad &nbsp; &nbsp; &nbsp; &nbsp; &nbsp; &nbsp; La historia inicial que vas a encontrarte en esta primera unidad comienza&#46;&#46;&#46;</p>
