{"id":335,"date":"2020-02-12T08:15:56","date_gmt":"2020-02-12T07:15:56","guid":{"rendered":"http:\/\/blogsaverroes.juntadeandalucia.es\/pre\/nuevoiesv2\/?page_id=335"},"modified":"2023-10-17T13:21:33","modified_gmt":"2023-10-17T11:21:33","slug":"novedades","status":"publish","type":"page","link":"https:\/\/blogsaverroes.juntadeandalucia.es\/iesalmoraima\/novedades\/","title":{"rendered":"Novedades"},"content":{"rendered":"<div class=\"pt-cv-wrapper et_smooth_scroll_disabled\"><div class=\"pt-cv-view pt-cv-grid pt-cv-colsys\" id=\"pt-cv-view-5d98be6679\"><div data-id=\"pt-cv-page-1\" class=\"pt-cv-page\" data-cvc=\"3\"><div class=\"col-md-4 col-sm-6 col-xs-12 pt-cv-content-item pt-cv-1-col\" ><div class='pt-cv-ifield'><a href=\"https:\/\/blogsaverroes.juntadeandalucia.es\/iesalmoraima\/nuestra-nueva-pagina-web\/\" class=\"_self pt-cv-href-thumbnail pt-cv-thumb-default\" target=\"_self\" ><img loading=\"lazy\" decoding=\"async\" width=\"400\" height=\"250\" src=\"https:\/\/blogsaverroes.juntadeandalucia.es\/iesalmoraima\/files\/2023\/11\/WhatsApp-Image-2023-11-11-at-09.59.38-400x250.jpeg\" class=\"pt-cv-thumbnail\" alt=\"\" \/><\/a>\n<h4 class=\"pt-cv-title\"><a href=\"https:\/\/blogsaverroes.juntadeandalucia.es\/iesalmoraima\/nuestra-nueva-pagina-web\/\" class=\"_self\" target=\"_self\" >Nuestra nueva p\u00e1gina web<\/a><\/h4>\n<div class=\"pt-cv-content\">\u00a1Bienvenidos\/as al nuevo espacio de IES Almoraima!. Aqu\u00ed podr\u00e1s encontrar mucha informaci\u00f3n de inter\u00e9s acerca ...<br \/><div class=\"pt-cv-rmwrap\"><a href=\"https:\/\/blogsaverroes.juntadeandalucia.es\/iesalmoraima\/nuestra-nueva-pagina-web\/\" class=\"_self pt-cv-readmore btn btn-success\" target=\"_self\">Leer M\u00e1s<\/a><\/div><\/div><\/div><\/div>\n<div class=\"col-md-4 col-sm-6 col-xs-12 pt-cv-content-item pt-cv-1-col\" ><div class='pt-cv-ifield'><a href=\"https:\/\/blogsaverroes.juntadeandalucia.es\/iesalmoraima\/1a-semana-de-la-ciencia-del-21-al-25-de-enero\/\" class=\"_self pt-cv-href-thumbnail pt-cv-thumb-default\" target=\"_self\" ><img loading=\"lazy\" decoding=\"async\" width=\"400\" height=\"250\" src=\"https:\/\/blogsaverroes.juntadeandalucia.es\/iesalmoraima\/files\/2020\/02\/paper-3213924_1920-1080x675-1.jpg\" class=\"pt-cv-thumbnail\" alt=\"\" srcset=\"https:\/\/blogsaverroes.juntadeandalucia.es\/iesalmoraima\/files\/2020\/02\/paper-3213924_1920-1080x675-1.jpg 1080w, https:\/\/blogsaverroes.juntadeandalucia.es\/iesalmoraima\/files\/2020\/02\/paper-3213924_1920-1080x675-1-300x188.jpg 300w, https:\/\/blogsaverroes.juntadeandalucia.es\/iesalmoraima\/files\/2020\/02\/paper-3213924_1920-1080x675-1-1024x640.jpg 1024w, https:\/\/blogsaverroes.juntadeandalucia.es\/iesalmoraima\/files\/2020\/02\/paper-3213924_1920-1080x675-1-768x480.jpg 768w, https:\/\/blogsaverroes.juntadeandalucia.es\/iesalmoraima\/files\/2020\/02\/paper-3213924_1920-1080x675-1-24x15.jpg 24w, https:\/\/blogsaverroes.juntadeandalucia.es\/iesalmoraima\/files\/2020\/02\/paper-3213924_1920-1080x675-1-36x23.jpg 36w, https:\/\/blogsaverroes.juntadeandalucia.es\/iesalmoraima\/files\/2020\/02\/paper-3213924_1920-1080x675-1-48x30.jpg 48w\" sizes=\"(max-width: 400px) 100vw, 400px\" \/><\/a>\n<h4 class=\"pt-cv-title\"><a href=\"https:\/\/blogsaverroes.juntadeandalucia.es\/iesalmoraima\/1a-semana-de-la-ciencia-del-21-al-25-de-enero\/\" class=\"_self\" target=\"_self\" >\u00a1Conoces nuestras redes sociales!<\/a><\/h4>\n<div class=\"pt-cv-content\">Con frecuencia publicamos en nuestras redes sociales todas las actividades que se desarrollan en nuestro ...<br \/><div class=\"pt-cv-rmwrap\"><a href=\"https:\/\/blogsaverroes.juntadeandalucia.es\/iesalmoraima\/1a-semana-de-la-ciencia-del-21-al-25-de-enero\/\" class=\"_self pt-cv-readmore btn btn-success\" target=\"_self\">Leer M\u00e1s<\/a><\/div><\/div><\/div><\/div><\/div><\/div><\/div>\n","protected":false},"excerpt":{"rendered":"","protected":false},"author":18603,"featured_media":0,"parent":0,"menu_order":0,"comment_status":"closed","ping_status":"closed","template":"","meta":{"_et_pb_use_builder":"","_et_pb_old_content":"","_et_gb_content_width":"","ngg_post_thumbnail":0,"footnotes":""},"aioseo_notices":[],"_links":{"self":[{"href":"https:\/\/blogsaverroes.juntadeandalucia.es\/iesalmoraima\/wp-json\/wp\/v2\/pages\/335"}],"collection":[{"href":"https:\/\/blogsaverroes.juntadeandalucia.es\/iesalmoraima\/wp-json\/wp\/v2\/pages"}],"about":[{"href":"https:\/\/blogsaverroes.juntadeandalucia.es\/iesalmoraima\/wp-json\/wp\/v2\/types\/page"}],"author":[{"embeddable":true,"href":"https:\/\/blogsaverroes.juntadeandalucia.es\/iesalmoraima\/wp-json\/wp\/v2\/users\/18603"}],"replies":[{"embeddable":true,"href":"https:\/\/blogsaverroes.juntadeandalucia.es\/iesalmoraima\/wp-json\/wp\/v2\/comments?post=335"}],"version-history":[{"count":1,"href":"https:\/\/blogsaverroes.juntadeandalucia.es\/iesalmoraima\/wp-json\/wp\/v2\/pages\/335\/revisions"}],"predecessor-version":[{"id":496,"href":"https:\/\/blogsaverroes.juntadeandalucia.es\/iesalmoraima\/wp-json\/wp\/v2\/pages\/335\/revisions\/496"}],"wp:attachment":[{"href":"https:\/\/blogsaverroes.juntadeandalucia.es\/iesalmoraima\/wp-json\/wp\/v2\/media?parent=335"}],"curies":[{"name":"wp","href":"https:\/\/api.w.org\/{rel}","templated":true}]}}