{"id":2485,"date":"2024-03-06T10:01:30","date_gmt":"2024-03-06T09:01:30","guid":{"rendered":"https:\/\/blogsaverroes.juntadeandalucia.es\/iesalmunia\/?page_id=2485"},"modified":"2024-05-18T11:46:18","modified_gmt":"2024-05-18T09:46:18","slug":"oferta-bachillerato","status":"publish","type":"page","link":"https:\/\/blogsaverroes.juntadeandalucia.es\/iesalmunia\/oferta-bachillerato\/","title":{"rendered":"Oferta &#8211; Bachillerato"},"content":{"rendered":"<p>[et_pb_section fb_built=\u00bb1&#8243; module_class=\u00bbseccionPagina\u00bb _builder_version=\u00bb4.16&#8243; locked=\u00bboff\u00bb global_colors_info=\u00bb{}\u00bb][et_pb_row module_class=\u00bbfilaPagina\u00bb _builder_version=\u00bb4.16&#8243; _module_preset=\u00bbdefault\u00bb global_colors_info=\u00bb{}\u00bb][et_pb_column type=\u00bb4_4&#8243; _builder_version=\u00bb4.16&#8243; _module_preset=\u00bbdefault\u00bb global_colors_info=\u00bb{}\u00bb][et_pb_text admin_label=\u00bbT\u00edtulo de p\u00e1gina\u00bb _builder_version=\u00bb4.16&#8243; _module_preset=\u00bbdefault\u00bb header_font=\u00bb|700|||||||\u00bb header_text_color=\u00bb#FFFFFF\u00bb header_font_size=\u00bb32px\u00bb background_color=\u00bbgcid-3f1082d3-0d82-4692-ab84-48f5528af1ba\u00bb use_background_color_gradient=\u00bbon\u00bb background_color_gradient_stops=\u00bbgcid-3f1082d3-0d82-4692-ab84-48f5528af1ba 0%|gcid-3f1082d3-0d82-4692-ab84-48f5528af1ba 100%\u00bb background_color_gradient_start=\u00bbgcid-3f1082d3-0d82-4692-ab84-48f5528af1ba\u00bb background_color_gradient_end=\u00bbgcid-3f1082d3-0d82-4692-ab84-48f5528af1ba\u00bb display_conditions=\u00bbW10=\u00bb custom_margin=\u00bb|-10px||-10px|false|false\u00bb custom_padding=\u00bb20px||10px|10px|false|false\u00bb background_last_edited=\u00bboff|desktop\u00bb header_text_shadow_style=\u00bbpreset2&#8243; global_colors_info=\u00bb{%22gcid-3f1082d3-0d82-4692-ab84-48f5528af1ba%22:%91%22background_color%22,%22colorStart%22,%22colorEnd%22%93}\u00bb background__hover_enabled=\u00bboff|desktop\u00bb]<\/p>\n<h1>Bachillerato<\/h1>\n<p>[\/et_pb_text][et_pb_text _builder_version=\u00bb4.16&#8243; header_font=\u00bb|700|||||||\u00bb header_2_font=\u00bb|700|||||||\u00bb header_3_font=\u00bb|700|||||||\u00bb background_size=\u00bbinitial\u00bb background_position=\u00bbtop_left\u00bb background_repeat=\u00bbrepeat\u00bb custom_margin=\u00bb||0px||false|false\u00bb custom_padding=\u00bb||0px||false|false\u00bb global_colors_info=\u00bb{}\u00bb]<\/p>\n<p>La etapa de Bachillerato comprende dos cursos acad\u00e9micos posteriores a la Educaci\u00f3n Secundaria Obligatoria. Su finalidad es:<\/p>\n<ul>\n<li>proporcionar al alumnado formaci\u00f3n, madurez intelectual y humana, conocimientos y habilidades que les permitan desarrollar funciones sociales e incorporarse a la vida activa con responsabilidad y competencia;<\/li>\n<li>capacitar al alumnado para acceder a la educaci\u00f3n superior;<\/li>\n<li>tomar conciencia y profundizar en el an\u00e1lisis sobre temas y problemas que afectan a todas las personas en un mundo globalizado, entre los que se considerar\u00e1n la salud, la pobreza en el mundo, la emigraci\u00f3n y la desigualdad entre las personas, pueblos y naciones, as\u00ed como los principios b\u00e1sicos que rigen el funcionamiento del medio f\u00edsico y natural y las repercusiones que sobre el mismo tienen las actividades humanas, el agotamiento de los recursos naturales, la superpoblaci\u00f3n, la contaminaci\u00f3n o el calentamiento de la Tierra, todo ello, con objeto de fomentar la contribuci\u00f3n activa en la defensa, conservaci\u00f3n y mejora de nuestro entorno y del medioambiente como elemento determinante de la calidad de vida.<\/li>\n<\/ul>\n<p>[\/et_pb_text][et_pb_button button_url=\u00bbhttps:\/\/www.juntadeandalucia.es\/organismos\/desarrolloeducativoyformacionprofesional\/areas\/ensenanzas-escolarizacion\/bachillerato.html\u00bb url_new_window=\u00bbon\u00bb button_text=\u00bbM\u00e1s informaci\u00f3n general sobre el Bachillerato\u00bb button_alignment=\u00bbcenter\u00bb admin_label=\u00bbEnlace M\u00e1s informaci\u00f3n Bachillerato\u00bb _builder_version=\u00bb4.24.2&#8243; custom_button=\u00bbon\u00bb button_text_size=\u00bb17px\u00bb button_text_color=\u00bb#44627c\u00bb button_bg_color=\u00bb#cdd2d7&#8243; button_border_width=\u00bb0px\u00bb button_border_radius=\u00bb100px\u00bb button_letter_spacing=\u00bb1px\u00bb button_font=\u00bbLato|700|||||||\u00bb button_icon=\u00bb&#x24;||divi||400&#8243; custom_padding=\u00bb||||false|false\u00bb hover_enabled=\u00bb0&#8243; z_index_tablet=\u00bb500&#8243; button_text_shadow_horizontal_length_tablet=\u00bb0px\u00bb button_text_shadow_vertical_length_tablet=\u00bb0px\u00bb button_text_shadow_blur_strength_tablet=\u00bb1px\u00bb box_shadow_horizontal_tablet=\u00bb0px\u00bb box_shadow_vertical_tablet=\u00bb0px\u00bb box_shadow_blur_tablet=\u00bb40px\u00bb box_shadow_spread_tablet=\u00bb0px\u00bb saved_tabs=\u00bball\u00bb global_colors_info=\u00bb{}\u00bb button_text_size__hover_enabled=\u00bboff\u00bb button_text_size__hover=\u00bbnull\u00bb button_one_text_size__hover_enabled=\u00bboff\u00bb button_one_text_size__hover=\u00bbnull\u00bb button_two_text_size__hover_enabled=\u00bboff\u00bb button_two_text_size__hover=\u00bbnull\u00bb button_text_color__hover_enabled=\u00bboff\u00bb button_text_color__hover=\u00bbnull\u00bb button_one_text_color__hover_enabled=\u00bboff\u00bb button_one_text_color__hover=\u00bbnull\u00bb button_two_text_color__hover_enabled=\u00bboff\u00bb button_two_text_color__hover=\u00bbnull\u00bb button_border_width__hover_enabled=\u00bboff\u00bb button_border_width__hover=\u00bbnull\u00bb button_one_border_width__hover_enabled=\u00bboff\u00bb button_one_border_width__hover=\u00bbnull\u00bb button_two_border_width__hover_enabled=\u00bboff\u00bb button_two_border_width__hover=\u00bbnull\u00bb button_border_color__hover_enabled=\u00bboff\u00bb button_border_color__hover=\u00bbnull\u00bb button_one_border_color__hover_enabled=\u00bboff\u00bb button_one_border_color__hover=\u00bbnull\u00bb button_two_border_color__hover_enabled=\u00bboff\u00bb button_two_border_color__hover=\u00bbnull\u00bb button_border_radius__hover_enabled=\u00bboff\u00bb button_border_radius__hover=\u00bbnull\u00bb button_one_border_radius__hover_enabled=\u00bboff\u00bb button_one_border_radius__hover=\u00bbnull\u00bb button_two_border_radius__hover_enabled=\u00bboff\u00bb button_two_border_radius__hover=\u00bbnull\u00bb button_letter_spacing__hover_enabled=\u00bbon\u00bb button_letter_spacing__hover=\u00bb1px\u00bb button_one_letter_spacing__hover_enabled=\u00bboff\u00bb button_one_letter_spacing__hover=\u00bbnull\u00bb button_two_letter_spacing__hover_enabled=\u00bboff\u00bb button_two_letter_spacing__hover=\u00bbnull\u00bb button_bg_color__hover_enabled=\u00bboff\u00bb button_bg_color__hover=\u00bbnull\u00bb button_one_bg_color__hover_enabled=\u00bboff\u00bb button_one_bg_color__hover=\u00bbnull\u00bb button_two_bg_color__hover_enabled=\u00bboff\u00bb button_two_bg_color__hover=\u00bbnull\u00bb sticky_enabled=\u00bb0&#8243;][\/et_pb_button][et_pb_text _builder_version=\u00bb4.16&#8243; header_font=\u00bb|700|||||||\u00bb header_2_font=\u00bb|700|||||||\u00bb header_3_font=\u00bb|700|||||||\u00bb background_size=\u00bbinitial\u00bb background_position=\u00bbtop_left\u00bb background_repeat=\u00bbrepeat\u00bb custom_margin=\u00bb0px||0px||false|false\u00bb custom_padding=\u00bb0px||0px||false|false\u00bb global_colors_info=\u00bb{}\u00bb]<\/p>\n<p>En el I.E.S. Almunia las caracter\u00edsticas de la E.S.O. son:<\/p>\n<ul>\n<li>Modalidades:\n<ul>\n<li>Ciencias y Tecnolog\u00eda\n<ul>\n<li>Itinerario Tecnolog\u00eda<\/li>\n<li>Itinerario Salud<\/li>\n<\/ul>\n<\/li>\n<li>Humanidades y Ciencias Sociales\n<ul>\n<li>Itinerario Ciencias Sociales<\/li>\n<li>Itinerario Humanidades<\/li>\n<\/ul>\n<\/li>\n<\/ul>\n<\/li>\n<li>Entre cuatro y cinco grupos por curso<\/li>\n<li>Optativas en todos los cursos<\/li>\n<\/ul>\n<p>A continuaci\u00f3n tiene las materias ofertadas en el I.E.S. Almunia en el a\u00f1o 23-24, as\u00ed como informaci\u00f3n particular de cada curso.<\/p>\n<p>[\/et_pb_text][et_pb_tabs disabled_on=\u00bboff|off|off\u00bb admin_label=\u00bbAsignaturas por curso 1\u00ba\u00bb _builder_version=\u00bb4.16&#8243; _module_preset=\u00bbdefault\u00bb global_colors_info=\u00bb{}\u00bb][et_pb_tab title=\u00bb1\u00ba TECNOLOG\u00cdA\u00bb _builder_version=\u00bb4.16&#8243; _module_preset=\u00bbdefault\u00bb global_colors_info=\u00bb{}\u00bb]<\/p>\n<p>Materias<\/p>\n<ul>\n<li>Filosof\u00eda (3 horas)<\/li>\n<li>Lengua Castellana y Literatura (4 horas)<\/li>\n<li>Ingl\u00e9s (4 horas)<\/li>\n<li>Educaci\u00f3n F\u00edsica (2 horas)<\/li>\n<li>Religi\u00f3n \/ ECD (1 hora)<\/li>\n<li>Matem\u00e1ticas (4 horas)<\/li>\n<li>F\u00edsica y Qu\u00edmica (4 horas)<\/li>\n<li>Dibujo T\u00e9cnico (4 horas)<\/li>\n<li>Dos optativas (de 2 horas cada una)\n<ul>\n<li>Franc\u00e9s (2 horas)<\/li>\n<li>Tecnolog\u00edas de la Informaci\u00f3n y la Comunicaci\u00f3n I (2 horas)<\/li>\n<li>Ampliaci\u00f3n de Ingl\u00e9s (2 horas)<\/li>\n<\/ul>\n<\/li>\n<\/ul>\n<p>[\/et_pb_tab][et_pb_tab title=\u00bb1\u00ba SALUD\u00bb _builder_version=\u00bb4.16&#8243; _module_preset=\u00bbdefault\u00bb global_colors_info=\u00bb{}\u00bb]<\/p>\n<p>Materias<\/p>\n<ul>\n<li>Filosof\u00eda (3 horas)<\/li>\n<li>Lengua Castellana y Literatura (4 horas)<\/li>\n<li>Ingl\u00e9s (4 horas)<\/li>\n<li>Educaci\u00f3n F\u00edsica (2 horas)<\/li>\n<li>Religi\u00f3n \/ ECD (1 hora)<\/li>\n<li>Matem\u00e1ticas (4 horas)<\/li>\n<li>F\u00edsica y Qu\u00edmica (4 horas)<\/li>\n<li>Biolog\u00eda y Geolog\u00eda (4 horas)<\/li>\n<li>Anatom\u00eda Aplicada (2 horas)<\/li>\n<li>Una optativas 1 (de 2 horas)\n<ul>\n<li>Franc\u00e9s (2 horas)<\/li>\n<li>Tecnolog\u00edas de la Informaci\u00f3n y la Comunicaci\u00f3n I (2 horas)<\/li>\n<li>Ampliaci\u00f3n de Ingl\u00e9s (2 horas)<\/li>\n<\/ul>\n<\/li>\n<\/ul>\n<p>[\/et_pb_tab][et_pb_tab title=\u00bb1\u00ba CIENCIAS SOCIALES\u00bb _builder_version=\u00bb4.16&#8243; _module_preset=\u00bbdefault\u00bb global_colors_info=\u00bb{}\u00bb]<\/p>\n<p>Materias<\/p>\n<ul>\n<li>Filosof\u00eda (3 horas)<\/li>\n<li>Lengua Castellana y Literatura (4 horas)<\/li>\n<li>Ingl\u00e9s (4 horas)<\/li>\n<li>Educaci\u00f3n F\u00edsica (2 horas)<\/li>\n<li>Religi\u00f3n \/ ECD (1 hora)<\/li>\n<li>Matem\u00e1ticas de Ciencias Sociales (4 horas)<\/li>\n<li>Econom\u00eda (4 horas)<\/li>\n<li>Historia del Mundo Contempor\u00e1neo (4 horas)<\/li>\n<li>Dos optativas (de 2 horas cada una)\n<ul>\n<li>Franc\u00e9s (2 horas)<\/li>\n<li>Tecnolog\u00edas de la Informaci\u00f3n y la Comunicaci\u00f3n I (2 horas)<\/li>\n<li>Ampliaci\u00f3n de Ingl\u00e9s (2 horas)<\/li>\n<li>Cultura Emprendedora y Empresarial (2 horas)<\/li>\n<\/ul>\n<\/li>\n<\/ul>\n<p>[\/et_pb_tab][et_pb_tab title=\u00bb1\u00ba HUMANIDADES\u00bb _builder_version=\u00bb4.16&#8243; _module_preset=\u00bbdefault\u00bb global_colors_info=\u00bb{}\u00bb]<\/p>\n<p>Materias<\/p>\n<ul>\n<li>Filosof\u00eda (3 horas)<\/li>\n<li>Lengua Castellana y Literatura (4 horas)<\/li>\n<li>Ingl\u00e9s (4 horas)<\/li>\n<li>Educaci\u00f3n F\u00edsica (2 horas)<\/li>\n<li>Religi\u00f3n \/ ECD (1 hora)<\/li>\n<li>Lat\u00edn (4 horas)<\/li>\n<li>Griego (4 horas)<\/li>\n<li>Literatura Universal (4 horas)<\/li>\n<li>Dos optativas (de 2 horas cada una)\n<ul>\n<li>Franc\u00e9s (2 horas)<\/li>\n<li>Tecnolog\u00edas de la Informaci\u00f3n y la Comunicaci\u00f3n I (2 horas)<\/li>\n<li>Ampliaci\u00f3n de Ingl\u00e9s (2 horas)<\/li>\n<\/ul>\n<\/li>\n<\/ul>\n<p>[\/et_pb_tab][\/et_pb_tabs][et_pb_tabs disabled_on=\u00bboff|off|off\u00bb admin_label=\u00bbAsignaturas por curso 2\u00ba\u00bb _builder_version=\u00bb4.16&#8243; _module_preset=\u00bbdefault\u00bb global_colors_info=\u00bb{}\u00bb][et_pb_tab title=\u00bb2\u00ba TECNOLOG\u00cdA\u00bb _builder_version=\u00bb4.16&#8243; _module_preset=\u00bbdefault\u00bb global_colors_info=\u00bb{}\u00bb]<\/p>\n<p>Materias<\/p>\n<ul>\n<li>Historia de la Filosof\u00eda (3 horas)<\/li>\n<li>Lengua Castellana y Literatura (3 horas)<\/li>\n<li>Ingl\u00e9s (3 horas)<\/li>\n<li>Historia de Espa\u00f1a (4 horas)<\/li>\n<li>Religi\u00f3n \/ ECD (1 hora)<\/li>\n<li>Matem\u00e1ticas II (4 horas)<\/li>\n<li>F\u00edsica (4 horas)<\/li>\n<li>Dibujo T\u00e9cnico II (4 horas)<\/li>\n<li>Optativas (una de 4 horas o dos de 2 horas)\n<ul>\n<li>Tecnolog\u00eda e Ingenier\u00eda II (4 horas)<\/li>\n<li>Actividad F\u00edsica, Salud y Sociedad (2 horas)<\/li>\n<li>Ampliaci\u00f3n de Ingl\u00e9s (2 horas)<\/li>\n<li>Franc\u00e9s (2 horas)<\/li>\n<li>Psicolog\u00eda (2 horas)<\/li>\n<li>Taller de Lengua Castellana y Literatura (2 horas)<\/li>\n<\/ul>\n<\/li>\n<\/ul>\n<p>[\/et_pb_tab][et_pb_tab title=\u00bb2\u00ba SALUD\u00bb _builder_version=\u00bb4.16&#8243; _module_preset=\u00bbdefault\u00bb global_colors_info=\u00bb{}\u00bb]<\/p>\n<p>Materias<\/p>\n<ul>\n<li>Historia de la Filosof\u00eda (3 horas)<\/li>\n<li>Lengua Castellana y Literatura (3 horas)<\/li>\n<li>Ingl\u00e9s (3 horas)<\/li>\n<li>Historia de Espa\u00f1a (4 horas)<\/li>\n<li>Religi\u00f3n \/ ECD (1 hora)<\/li>\n<li>Matem\u00e1ticas (4 horas)<\/li>\n<li>Qu\u00edmica (4 horas)<\/li>\n<li>Biolog\u00eda (4 horas)<\/li>\n<li>Optativas (dos de 2 horas cada una)\n<ul>\n<li>Actividad F\u00edsica, Salud y Sociedad (2 horas)<\/li>\n<li>Ampliaci\u00f3n de Ingl\u00e9s (2 horas)<\/li>\n<li>Franc\u00e9s (2 horas)<\/li>\n<li>Psicolog\u00eda (2 horas)<\/li>\n<li>Taller de Lengua Castellana y Literatura (2 horas)<\/li>\n<\/ul>\n<\/li>\n<\/ul>\n<p>[\/et_pb_tab][et_pb_tab title=\u00bb2\u00ba CIENCIAS SOCIALES\u00bb _builder_version=\u00bb4.16&#8243; _module_preset=\u00bbdefault\u00bb global_colors_info=\u00bb{}\u00bb]<\/p>\n<p>Materias<\/p>\n<ul>\n<li>Historia de la Filosof\u00eda (3 horas)<\/li>\n<li>Lengua Castellana y Literatura (3 horas)<\/li>\n<li>Ingl\u00e9s (3 horas)<\/li>\n<li>Historia de Espa\u00f1a (4 horas)<\/li>\n<li>Religi\u00f3n \/ ECD (1 hora)<\/li>\n<li>Matem\u00e1ticas Aplicadas a las Ciencias Sociales (4 horas)<\/li>\n<li>Empresa y Dise\u00f1o de Modelos de Negocio (4 horas)<\/li>\n<li>Geograf\u00eda (4 horas)<\/li>\n<li>Dos optativas (de 2 horas cada una)\n<ul>\n<li>Actividad F\u00edsica, Salud y Sociedad (2 horas)<\/li>\n<li>Ampliaci\u00f3n de Ingl\u00e9s (2 horas)<\/li>\n<li>Franc\u00e9s (2 horas)<\/li>\n<li>Psicolog\u00eda (2 horas)<\/li>\n<li>Taller de Lengua Castellana y Literatura (2 horas)<\/li>\n<\/ul>\n<\/li>\n<\/ul>\n<p>[\/et_pb_tab][et_pb_tab title=\u00bb2\u00ba HUMANIDADES\u00bb _builder_version=\u00bb4.16&#8243; _module_preset=\u00bbdefault\u00bb global_colors_info=\u00bb{}\u00bb]<\/p>\n<p>Materias<\/p>\n<ul>\n<li>Historia de la Filosof\u00eda (3 horas)<\/li>\n<li>Lengua Castellana y Literatura (3 horas)<\/li>\n<li>Ingl\u00e9s (3 horas)<\/li>\n<li>Historia de Espa\u00f1a (4 horas)<\/li>\n<li>Religi\u00f3n \/ ECD (1 hora)<\/li>\n<li>Lat\u00edn (4 horas)<\/li>\n<li>Griego (4 horas)<\/li>\n<li>Historia del Arte (4 horas)<\/li>\n<li>Dos optativas (de 2 horas cada una)\n<ul>\n<li>Actividad F\u00edsica, Salud y Sociedad (2 horas)<\/li>\n<li>Ampliaci\u00f3n de Ingl\u00e9s (2 horas)<\/li>\n<li>Franc\u00e9s (2 horas)<\/li>\n<li>Psicolog\u00eda (2 horas)<\/li>\n<li>Taller de Lengua Castellana y Literatura (2 horas)<\/li>\n<\/ul>\n<\/li>\n<\/ul>\n<p>[\/et_pb_tab][\/et_pb_tabs][\/et_pb_column][\/et_pb_row][\/et_pb_section]<\/p>\n","protected":false},"excerpt":{"rendered":"<p>BachilleratoLa etapa de Bachillerato comprende dos cursos acad\u00e9micos posteriores a la Educaci\u00f3n Secundaria Obligatoria. Su finalidad es: proporcionar al alumnado formaci\u00f3n, madurez intelectual y humana, conocimientos y habilidades que les permitan desarrollar funciones sociales e incorporarse a la vida activa con responsabilidad y competencia; capacitar al alumnado para acceder a la educaci\u00f3n superior; tomar conciencia [&hellip;]<\/p>\n","protected":false},"author":2253,"featured_media":0,"parent":0,"menu_order":0,"comment_status":"closed","ping_status":"closed","template":"","meta":{"_et_pb_use_builder":"on","_et_pb_old_content":"","_et_gb_content_width":"","ngg_post_thumbnail":0,"footnotes":""},"aioseo_notices":[],"_links":{"self":[{"href":"https:\/\/blogsaverroes.juntadeandalucia.es\/iesalmunia\/wp-json\/wp\/v2\/pages\/2485"}],"collection":[{"href":"https:\/\/blogsaverroes.juntadeandalucia.es\/iesalmunia\/wp-json\/wp\/v2\/pages"}],"about":[{"href":"https:\/\/blogsaverroes.juntadeandalucia.es\/iesalmunia\/wp-json\/wp\/v2\/types\/page"}],"author":[{"embeddable":true,"href":"https:\/\/blogsaverroes.juntadeandalucia.es\/iesalmunia\/wp-json\/wp\/v2\/users\/2253"}],"replies":[{"embeddable":true,"href":"https:\/\/blogsaverroes.juntadeandalucia.es\/iesalmunia\/wp-json\/wp\/v2\/comments?post=2485"}],"version-history":[{"count":8,"href":"https:\/\/blogsaverroes.juntadeandalucia.es\/iesalmunia\/wp-json\/wp\/v2\/pages\/2485\/revisions"}],"predecessor-version":[{"id":3055,"href":"https:\/\/blogsaverroes.juntadeandalucia.es\/iesalmunia\/wp-json\/wp\/v2\/pages\/2485\/revisions\/3055"}],"wp:attachment":[{"href":"https:\/\/blogsaverroes.juntadeandalucia.es\/iesalmunia\/wp-json\/wp\/v2\/media?parent=2485"}],"curies":[{"name":"wp","href":"https:\/\/api.w.org\/{rel}","templated":true}]}}