{"id":2635,"date":"2024-05-14T12:27:13","date_gmt":"2024-05-14T10:27:13","guid":{"rendered":"https:\/\/blogsaverroes.juntadeandalucia.es\/iesalmunia\/?page_id=2635"},"modified":"2024-05-14T12:27:19","modified_gmt":"2024-05-14T10:27:19","slug":"planes-y-proyectos-educativos","status":"publish","type":"page","link":"https:\/\/blogsaverroes.juntadeandalucia.es\/iesalmunia\/planes-y-proyectos-educativos\/","title":{"rendered":"Planes y proyectos educativos"},"content":{"rendered":"<p>[et_pb_section fb_built=\u00bb1&#8243; module_class=\u00bbseccionPagina\u00bb _builder_version=\u00bb4.16&#8243; custom_padding=\u00bb||||false|false\u00bb locked=\u00bboff\u00bb global_colors_info=\u00bb{}\u00bb][et_pb_row admin_label=\u00bbFila P\u00e1gina\u00bb module_class=\u00bbfilaPagina\u00bb _builder_version=\u00bb4.16&#8243; _module_preset=\u00bbdefault\u00bb global_colors_info=\u00bb{}\u00bb][et_pb_column type=\u00bb4_4&#8243; _builder_version=\u00bb4.16&#8243; _module_preset=\u00bbdefault\u00bb global_colors_info=\u00bb{}\u00bb][et_pb_post_title meta=\u00bboff\u00bb featured_image=\u00bboff\u00bb module_class=\u00bbtituloPagina\u00bb _builder_version=\u00bb4.24.2&#8243; _module_preset=\u00bbdefault\u00bb global_colors_info=\u00bb{}\u00bb][\/et_pb_post_title][et_pb_text _builder_version=\u00bb4.24.2&#8243; _module_preset=\u00bbdefault\u00bb global_colors_info=\u00bb{}\u00bb]<div class=\"pt-cv-wrapper et_smooth_scroll_disabled\"><div class=\"pt-cv-view pt-cv-grid pt-cv-colsys\" id=\"pt-cv-view-d89085cydn\"><div data-id=\"pt-cv-page-1\" class=\"pt-cv-page\" data-cvc=\"2\"><div class=\"col-md-6 col-sm-12 col-xs-12 pt-cv-content-item pt-cv-2-col\" ><div class='pt-cv-ifield'><a href=\"https:\/\/blogsaverroes.juntadeandalucia.es\/iesalmunia\/biblioalmunia\/\" class=\"_self pt-cv-href-thumbnail pt-cv-thumb-left\" target=\"_self\" ><img loading=\"lazy\" decoding=\"async\" width=\"150\" height=\"87\" src=\"https:\/\/blogsaverroes.juntadeandalucia.es\/iesalmunia\/files\/2024\/06\/plan_biblioteca_150.png\" class=\"pt-cv-thumbnail pull-left\" alt=\"Logo Biblioteca\" \/><\/a>\n<h3 class=\"pt-cv-title\"><a href=\"https:\/\/blogsaverroes.juntadeandalucia.es\/iesalmunia\/biblioalmunia\/\" class=\"_self\" target=\"_self\" >Biblioalmunia<\/a><\/h3>\n<div class=\"pt-cv-content\">Plan de fomento de la lectura y biblioteca. La tareas b\u00e1sicas de la biblioteca consisten en conservar y seleccionar el fondo bibliogr\u00e1fico, darlo a conocer al alumnado y fomentar su h\u00e1bito lector. Para ello, se realizan actividades para que conozcan la biblioteca, su funcionamiento, sus normas y su fondo y ...<br \/><div class=\"pt-cv-rmwrap\"><a href=\"https:\/\/blogsaverroes.juntadeandalucia.es\/iesalmunia\/biblioalmunia\/\" class=\"_self pt-cv-readmore btn btn-success\" target=\"_self\">Leer m\u00e1s<\/a><\/div><\/div><\/div><\/div>\n<div class=\"col-md-6 col-sm-12 col-xs-12 pt-cv-content-item pt-cv-2-col\" ><div class='pt-cv-ifield'><a href=\"https:\/\/blogsaverroes.juntadeandalucia.es\/iesalmunia\/bienestar\/\" class=\"_self pt-cv-href-thumbnail pt-cv-thumb-left\" target=\"_self\" ><img loading=\"lazy\" decoding=\"async\" width=\"111\" height=\"150\" src=\"https:\/\/blogsaverroes.juntadeandalucia.es\/iesalmunia\/files\/2024\/05\/plan_bienestar_150h.png\" class=\"pt-cv-thumbnail pull-left\" alt=\"Logo Programa Bienestar\" \/><\/a>\n<h3 class=\"pt-cv-title\"><a href=\"https:\/\/blogsaverroes.juntadeandalucia.es\/iesalmunia\/bienestar\/\" class=\"_self\" target=\"_self\" >Bienestar<\/a><\/h3>\n<div class=\"pt-cv-content\">Bienestar y h\u00e1bitos de vida saludable. Conjunto de actividades orientadas a fomentar h\u00e1bitos de vida saludables para favorecer un adecuado estado de bienestar f\u00edsico y mental del alumnado actual y futuro. Se realiza con la inestimable participaci\u00f3n de la enfermera de la zona, que durante el curso escolar realiza una ...<br \/><div class=\"pt-cv-rmwrap\"><a href=\"https:\/\/blogsaverroes.juntadeandalucia.es\/iesalmunia\/bienestar\/\" class=\"_self pt-cv-readmore btn btn-success\" target=\"_self\">Leer m\u00e1s<\/a><\/div><\/div><\/div><\/div>\n<div class=\"col-md-6 col-sm-12 col-xs-12 pt-cv-content-item pt-cv-2-col\" ><div class='pt-cv-ifield'><a href=\"https:\/\/blogsaverroes.juntadeandalucia.es\/iesalmunia\/steam\/\" class=\"_self pt-cv-href-thumbnail pt-cv-thumb-left\" target=\"_self\" ><img loading=\"lazy\" decoding=\"async\" width=\"150\" height=\"97\" src=\"https:\/\/blogsaverroes.juntadeandalucia.es\/iesalmunia\/files\/2024\/05\/plan_steam_150.png\" class=\"pt-cv-thumbnail pull-left\" alt=\"Logo Programa STEAM\" \/><\/a>\n<h3 class=\"pt-cv-title\"><a href=\"https:\/\/blogsaverroes.juntadeandalucia.es\/iesalmunia\/steam\/\" class=\"_self\" target=\"_self\" >STEAM<\/a><\/h3>\n<div class=\"pt-cv-content\">[et_pb_section fb_built=\"1\" module_class=\"seccionPagina\" _builder_version=\"4.16\" custom_padding=\"||||false|false\" locked=\"off\" global_colors_info=\"{}\"][et_pb_row admin_label=\"Fila T\u00edtulo y Descripci\u00f3n\" module_class=\"filaPagina\" _builder_version=\"4.24.2\" _module_preset=\"default\" custom_margin=\"||||false|false\" custom_padding=\"||||false|false\" global_colors_info=\"{}\"][et_pb_column type=\"4_4\" _builder_version=\"4.16\" _module_preset=\"default\" global_colors_info=\"{}\"][et_pb_text admin_label=\"T\u00edtulo de Plan o Proyecto\" module_class=\"tituloPagina\" _builder_version=\"4.24.2\" _module_preset=\"default\" global_colors_info=\"{%22gcid-3f1082d3-0d82-4692-ab84-48f5528af1ba%22:%91%22colorStart%22,%22colorEnd%22%93}\"]STEAM[\/et_pb_text][et_pb_text disabled_on=\"off|off|off\" admin_label=\"Descripci\u00f3n del Plan o Proyecto\" _builder_version=\"4.24.2\" global_colors_info=\"{}\"]Programas STEAM Desde el Departamento de Tecnolog\u00eda se ha venido realizando actividades relacionadas ...<br \/><div class=\"pt-cv-rmwrap\"><a href=\"https:\/\/blogsaverroes.juntadeandalucia.es\/iesalmunia\/steam\/\" class=\"_self pt-cv-readmore btn btn-success\" target=\"_self\">Leer m\u00e1s<\/a><\/div><\/div><\/div><\/div>\n<div class=\"col-md-6 col-sm-12 col-xs-12 pt-cv-content-item pt-cv-2-col\" ><div class='pt-cv-ifield'><a href=\"https:\/\/blogsaverroes.juntadeandalucia.es\/iesalmunia\/espacio-de-paz\/\" class=\"_self pt-cv-href-thumbnail pt-cv-thumb-left\" target=\"_self\" ><img loading=\"lazy\" decoding=\"async\" width=\"150\" height=\"150\" src=\"https:\/\/blogsaverroes.juntadeandalucia.es\/iesalmunia\/files\/2023\/02\/plan_espaciopaz-150x150.png\" class=\"pt-cv-thumbnail pull-left\" alt=\"Logo Escuela Espacio de Paz\" \/><\/a>\n<h3 class=\"pt-cv-title\"><a href=\"https:\/\/blogsaverroes.juntadeandalucia.es\/iesalmunia\/espacio-de-paz\/\" class=\"_self\" target=\"_self\" >Espacio de paz<\/a><\/h3>\n<div class=\"pt-cv-content\">En el proyecto \u00abEscuela: Espacio de paz\u00bb se realizan actividades para la promoci\u00f3n de la cultura de paz y la mejora de la convivencia, promoviendo la participaci\u00f3n de toda la comunidad educativa en actividades e iniciativas de tolerancia, convivencia y respeto mutuo entre iguales ...<br \/><div class=\"pt-cv-rmwrap\"><a href=\"https:\/\/blogsaverroes.juntadeandalucia.es\/iesalmunia\/espacio-de-paz\/\" class=\"_self pt-cv-readmore btn btn-success\" target=\"_self\">Leer m\u00e1s<\/a><\/div><\/div><\/div><\/div>\n<div class=\"col-md-6 col-sm-12 col-xs-12 pt-cv-content-item pt-cv-2-col\" ><div class='pt-cv-ifield'><a href=\"https:\/\/blogsaverroes.juntadeandalucia.es\/iesalmunia\/la-casa-del-flamenco\/\" class=\"_self pt-cv-href-thumbnail pt-cv-thumb-left\" target=\"_self\" ><img loading=\"lazy\" decoding=\"async\" width=\"105\" height=\"94\" src=\"https:\/\/blogsaverroes.juntadeandalucia.es\/iesalmunia\/files\/2023\/02\/plan_patrimonioFlamenco.png\" class=\"pt-cv-thumbnail pull-left\" alt=\"Logo La casa del Flamenco\" \/><\/a>\n<h3 class=\"pt-cv-title\"><a href=\"https:\/\/blogsaverroes.juntadeandalucia.es\/iesalmunia\/la-casa-del-flamenco\/\" class=\"_self\" target=\"_self\" >La casa del flamenco<\/a><\/h3>\n<div class=\"pt-cv-content\">La casa del flamenco es un proyecto que se desarrolla en nuestro centro a lo largo de los \u00faltimos a\u00f1os para que el flamenco sea conocido, vivido y disfrutado entre toda la comunidad educativa como parte de nuestra cultura. Del mismo modo, destaca su colaboraci\u00f3n con distintas entidades y colectivos ...<br \/><div class=\"pt-cv-rmwrap\"><a href=\"https:\/\/blogsaverroes.juntadeandalucia.es\/iesalmunia\/la-casa-del-flamenco\/\" class=\"_self pt-cv-readmore btn btn-success\" target=\"_self\">Leer m\u00e1s<\/a><\/div><\/div><\/div><\/div>\n<div class=\"col-md-6 col-sm-12 col-xs-12 pt-cv-content-item pt-cv-2-col\" ><div class='pt-cv-ifield'><a href=\"https:\/\/blogsaverroes.juntadeandalucia.es\/iesalmunia\/ppe-tde\/\" class=\"_self pt-cv-href-thumbnail pt-cv-thumb-left\" target=\"_self\" ><img loading=\"lazy\" decoding=\"async\" width=\"100\" height=\"100\" src=\"https:\/\/blogsaverroes.juntadeandalucia.es\/iesalmunia\/files\/2023\/02\/plan_tde.png\" class=\"pt-cv-thumbnail pull-left\" alt=\"Logo TDE\" \/><\/a>\n<h3 class=\"pt-cv-title\"><a href=\"https:\/\/blogsaverroes.juntadeandalucia.es\/iesalmunia\/ppe-tde\/\" class=\"_self\" target=\"_self\" >TDE<\/a><\/h3>\n<div class=\"pt-cv-content\">La Transformaci\u00f3n Digital Educativa (TDE) es \"el conjunto de actuaciones orientadas a la mejora y modernizaci\u00f3n de los procesos, los procedimientos, los h\u00e1bitos y comportamientos de las organizaciones educativas y de las personas que, haciendo uso de las tecnolog\u00edas digitales, desarrollen su capacidad de hacer frente a los retos de ...<br \/><div class=\"pt-cv-rmwrap\"><a href=\"https:\/\/blogsaverroes.juntadeandalucia.es\/iesalmunia\/ppe-tde\/\" class=\"_self pt-cv-readmore btn btn-success\" target=\"_self\">Leer m\u00e1s<\/a><\/div><\/div><\/div><\/div>\n<div class=\"col-md-6 col-sm-12 col-xs-12 pt-cv-content-item pt-cv-2-col\" ><div class='pt-cv-ifield'><a href=\"https:\/\/blogsaverroes.juntadeandalucia.es\/iesalmunia\/igualmunia\/\" class=\"_self pt-cv-href-thumbnail pt-cv-thumb-left\" target=\"_self\" ><img loading=\"lazy\" decoding=\"async\" width=\"120\" height=\"120\" src=\"https:\/\/blogsaverroes.juntadeandalucia.es\/iesalmunia\/files\/2024\/05\/igualmunialogo.png\" class=\"pt-cv-thumbnail pull-left\" alt=\"Logo Igualmunia\" \/><\/a>\n<h3 class=\"pt-cv-title\"><a href=\"https:\/\/blogsaverroes.juntadeandalucia.es\/iesalmunia\/igualmunia\/\" class=\"_self\" target=\"_self\" >Igualmunia<\/a><\/h3>\n<div class=\"pt-cv-content\">Plan de igualdad de g\u00e9nero en la Educaci\u00f3n. Propone actuaciones que inciden en la cultura real que sustenta la desigualdad y pretenden romper con los estereotipos y con la tradicional socializaci\u00f3n diferenciada. Plan muy activo que desarrolla numerosas actividades durante todo el a\u00f1o: exposiciones, conferencias, material audiovisual, etc ...<br \/><div class=\"pt-cv-rmwrap\"><a href=\"https:\/\/blogsaverroes.juntadeandalucia.es\/iesalmunia\/igualmunia\/\" class=\"_self pt-cv-readmore btn btn-success\" target=\"_self\">Leer m\u00e1s<\/a><\/div><\/div><\/div><\/div><\/div><\/div><\/div> [\/et_pb_text][\/et_pb_column][\/et_pb_row][\/et_pb_section]<\/p>\n","protected":false},"excerpt":{"rendered":"<div class=\"pt-cv-wrapper et_smooth_scroll_disabled\"><div class=\"pt-cv-view pt-cv-grid pt-cv-colsys\" id=\"pt-cv-view-d89085cydn\"><div data-id=\"pt-cv-page-1\" class=\"pt-cv-page\" data-cvc=\"2\"><div class=\"col-md-6 col-sm-12 col-xs-12 pt-cv-content-item pt-cv-2-col\" ><div class='pt-cv-ifield'><a href=\"https:\/\/blogsaverroes.juntadeandalucia.es\/iesalmunia\/biblioalmunia\/\" class=\"_self pt-cv-href-thumbnail pt-cv-thumb-left\" target=\"_self\" ><img width=\"150\" height=\"87\" src=\"https:\/\/blogsaverroes.juntadeandalucia.es\/iesalmunia\/files\/2024\/06\/plan_biblioteca_150.png\" class=\"pt-cv-thumbnail pull-left\" alt=\"Logo Biblioteca\" decoding=\"async\" loading=\"lazy\" \/><\/a>\n<h3 class=\"pt-cv-title\"><a href=\"https:\/\/blogsaverroes.juntadeandalucia.es\/iesalmunia\/biblioalmunia\/\" class=\"_self\" target=\"_self\" >Biblioalmunia<\/a><\/h3>\n<div class=\"pt-cv-content\">Plan de fomento de la lectura y biblioteca. La tareas b\u00e1sicas de la biblioteca consisten en conservar y seleccionar el fondo bibliogr\u00e1fico, darlo a conocer al alumnado y fomentar su h\u00e1bito lector. Para ello, se realizan actividades para que conozcan la biblioteca, su funcionamiento, sus normas y su fondo y ...<br \/><div class=\"pt-cv-rmwrap\"><a href=\"https:\/\/blogsaverroes.juntadeandalucia.es\/iesalmunia\/biblioalmunia\/\" class=\"_self pt-cv-readmore btn btn-success\" target=\"_self\">Leer m\u00e1s<\/a><\/div><\/div><\/div><\/div>\n<div class=\"col-md-6 col-sm-12 col-xs-12 pt-cv-content-item pt-cv-2-col\" ><div class='pt-cv-ifield'><a href=\"https:\/\/blogsaverroes.juntadeandalucia.es\/iesalmunia\/bienestar\/\" class=\"_self pt-cv-href-thumbnail pt-cv-thumb-left\" target=\"_self\" ><img width=\"111\" height=\"150\" src=\"https:\/\/blogsaverroes.juntadeandalucia.es\/iesalmunia\/files\/2024\/05\/plan_bienestar_150h.png\" class=\"pt-cv-thumbnail pull-left\" alt=\"Logo Programa Bienestar\" decoding=\"async\" loading=\"lazy\" \/><\/a>\n<h3 class=\"pt-cv-title\"><a href=\"https:\/\/blogsaverroes.juntadeandalucia.es\/iesalmunia\/bienestar\/\" class=\"_self\" target=\"_self\" >Bienestar<\/a><\/h3>\n<div class=\"pt-cv-content\">Bienestar y h\u00e1bitos de vida saludable. Conjunto de actividades orientadas a fomentar h\u00e1bitos de vida saludables para favorecer un adecuado estado de bienestar f\u00edsico y mental del alumnado actual y futuro. Se realiza con la inestimable participaci\u00f3n de la enfermera de la zona, que durante el curso escolar realiza una ...<br \/><div class=\"pt-cv-rmwrap\"><a href=\"https:\/\/blogsaverroes.juntadeandalucia.es\/iesalmunia\/bienestar\/\" class=\"_self pt-cv-readmore btn btn-success\" target=\"_self\">Leer m\u00e1s<\/a><\/div><\/div><\/div><\/div>\n<div class=\"col-md-6 col-sm-12 col-xs-12 pt-cv-content-item pt-cv-2-col\" ><div class='pt-cv-ifield'><a href=\"https:\/\/blogsaverroes.juntadeandalucia.es\/iesalmunia\/steam\/\" class=\"_self pt-cv-href-thumbnail pt-cv-thumb-left\" target=\"_self\" ><img width=\"150\" height=\"97\" src=\"https:\/\/blogsaverroes.juntadeandalucia.es\/iesalmunia\/files\/2024\/05\/plan_steam_150.png\" class=\"pt-cv-thumbnail pull-left\" alt=\"Logo Programa STEAM\" decoding=\"async\" loading=\"lazy\" \/><\/a>\n<h3 class=\"pt-cv-title\"><a href=\"https:\/\/blogsaverroes.juntadeandalucia.es\/iesalmunia\/steam\/\" class=\"_self\" target=\"_self\" >STEAM<\/a><\/h3>\n<div class=\"pt-cv-content\">[et_pb_section fb_built=\"1\" module_class=\"seccionPagina\" _builder_version=\"4.16\" custom_padding=\"||||false|false\" locked=\"off\" global_colors_info=\"{}\"][et_pb_row admin_label=\"Fila T\u00edtulo y Descripci\u00f3n\" module_class=\"filaPagina\" _builder_version=\"4.24.2\" _module_preset=\"default\" custom_margin=\"||||false|false\" custom_padding=\"||||false|false\" global_colors_info=\"{}\"][et_pb_column type=\"4_4\" _builder_version=\"4.16\" _module_preset=\"default\" global_colors_info=\"{}\"][et_pb_text admin_label=\"T\u00edtulo de Plan o Proyecto\" module_class=\"tituloPagina\" _builder_version=\"4.24.2\" _module_preset=\"default\" global_colors_info=\"{%22gcid-3f1082d3-0d82-4692-ab84-48f5528af1ba%22:%91%22colorStart%22,%22colorEnd%22%93}\"]STEAM[\/et_pb_text][et_pb_text disabled_on=\"off|off|off\" admin_label=\"Descripci\u00f3n del Plan o Proyecto\" _builder_version=\"4.24.2\" global_colors_info=\"{}\"]Programas STEAM Desde el Departamento de Tecnolog\u00eda se ha venido realizando actividades relacionadas ...<br \/><div class=\"pt-cv-rmwrap\"><a href=\"https:\/\/blogsaverroes.juntadeandalucia.es\/iesalmunia\/steam\/\" class=\"_self pt-cv-readmore btn btn-success\" target=\"_self\">Leer m\u00e1s<\/a><\/div><\/div><\/div><\/div>\n<div class=\"col-md-6 col-sm-12 col-xs-12 pt-cv-content-item pt-cv-2-col\" ><div class='pt-cv-ifield'><a href=\"https:\/\/blogsaverroes.juntadeandalucia.es\/iesalmunia\/espacio-de-paz\/\" class=\"_self pt-cv-href-thumbnail pt-cv-thumb-left\" target=\"_self\" ><img width=\"150\" height=\"150\" src=\"https:\/\/blogsaverroes.juntadeandalucia.es\/iesalmunia\/files\/2023\/02\/plan_espaciopaz-150x150.png\" class=\"pt-cv-thumbnail pull-left\" alt=\"Logo Escuela Espacio de Paz\" decoding=\"async\" loading=\"lazy\" \/><\/a>\n<h3 class=\"pt-cv-title\"><a href=\"https:\/\/blogsaverroes.juntadeandalucia.es\/iesalmunia\/espacio-de-paz\/\" class=\"_self\" target=\"_self\" >Espacio de paz<\/a><\/h3>\n<div class=\"pt-cv-content\">En el proyecto \u00abEscuela: Espacio de paz\u00bb se realizan actividades para la promoci\u00f3n de la cultura de paz y la mejora de la convivencia, promoviendo la participaci\u00f3n de toda la comunidad educativa en actividades e iniciativas de tolerancia, convivencia y respeto mutuo entre iguales ...<br \/><div class=\"pt-cv-rmwrap\"><a href=\"https:\/\/blogsaverroes.juntadeandalucia.es\/iesalmunia\/espacio-de-paz\/\" class=\"_self pt-cv-readmore btn btn-success\" target=\"_self\">Leer m\u00e1s<\/a><\/div><\/div><\/div><\/div>\n<div class=\"col-md-6 col-sm-12 col-xs-12 pt-cv-content-item pt-cv-2-col\" ><div class='pt-cv-ifield'><a href=\"https:\/\/blogsaverroes.juntadeandalucia.es\/iesalmunia\/la-casa-del-flamenco\/\" class=\"_self pt-cv-href-thumbnail pt-cv-thumb-left\" target=\"_self\" ><img width=\"105\" height=\"94\" src=\"https:\/\/blogsaverroes.juntadeandalucia.es\/iesalmunia\/files\/2023\/02\/plan_patrimonioFlamenco.png\" class=\"pt-cv-thumbnail pull-left\" alt=\"Logo La casa del Flamenco\" decoding=\"async\" loading=\"lazy\" \/><\/a>\n<h3 class=\"pt-cv-title\"><a href=\"https:\/\/blogsaverroes.juntadeandalucia.es\/iesalmunia\/la-casa-del-flamenco\/\" class=\"_self\" target=\"_self\" >La casa del flamenco<\/a><\/h3>\n<div class=\"pt-cv-content\">La casa del flamenco es un proyecto que se desarrolla en nuestro centro a lo largo de los \u00faltimos a\u00f1os para que el flamenco sea conocido, vivido y disfrutado entre toda la comunidad educativa como parte de nuestra cultura. Del mismo modo, destaca su colaboraci\u00f3n con distintas entidades y colectivos ...<br \/><div class=\"pt-cv-rmwrap\"><a href=\"https:\/\/blogsaverroes.juntadeandalucia.es\/iesalmunia\/la-casa-del-flamenco\/\" class=\"_self pt-cv-readmore btn btn-success\" target=\"_self\">Leer m\u00e1s<\/a><\/div><\/div><\/div><\/div>\n<div class=\"col-md-6 col-sm-12 col-xs-12 pt-cv-content-item pt-cv-2-col\" ><div class='pt-cv-ifield'><a href=\"https:\/\/blogsaverroes.juntadeandalucia.es\/iesalmunia\/ppe-tde\/\" class=\"_self pt-cv-href-thumbnail pt-cv-thumb-left\" target=\"_self\" ><img width=\"100\" height=\"100\" src=\"https:\/\/blogsaverroes.juntadeandalucia.es\/iesalmunia\/files\/2023\/02\/plan_tde.png\" class=\"pt-cv-thumbnail pull-left\" alt=\"Logo TDE\" decoding=\"async\" loading=\"lazy\" \/><\/a>\n<h3 class=\"pt-cv-title\"><a href=\"https:\/\/blogsaverroes.juntadeandalucia.es\/iesalmunia\/ppe-tde\/\" class=\"_self\" target=\"_self\" >TDE<\/a><\/h3>\n<div class=\"pt-cv-content\">La Transformaci\u00f3n Digital Educativa (TDE) es \"el conjunto de actuaciones orientadas a la mejora y modernizaci\u00f3n de los procesos, los procedimientos, los h\u00e1bitos y comportamientos de las organizaciones educativas y de las personas que, haciendo uso de las tecnolog\u00edas digitales, desarrollen su capacidad de hacer frente a los retos de ...<br \/><div class=\"pt-cv-rmwrap\"><a href=\"https:\/\/blogsaverroes.juntadeandalucia.es\/iesalmunia\/ppe-tde\/\" class=\"_self pt-cv-readmore btn btn-success\" target=\"_self\">Leer m\u00e1s<\/a><\/div><\/div><\/div><\/div>\n<div class=\"col-md-6 col-sm-12 col-xs-12 pt-cv-content-item pt-cv-2-col\" ><div class='pt-cv-ifield'><a href=\"https:\/\/blogsaverroes.juntadeandalucia.es\/iesalmunia\/igualmunia\/\" class=\"_self pt-cv-href-thumbnail pt-cv-thumb-left\" target=\"_self\" ><img width=\"120\" height=\"120\" src=\"https:\/\/blogsaverroes.juntadeandalucia.es\/iesalmunia\/files\/2024\/05\/igualmunialogo.png\" class=\"pt-cv-thumbnail pull-left\" alt=\"Logo Igualmunia\" decoding=\"async\" loading=\"lazy\" \/><\/a>\n<h3 class=\"pt-cv-title\"><a href=\"https:\/\/blogsaverroes.juntadeandalucia.es\/iesalmunia\/igualmunia\/\" class=\"_self\" target=\"_self\" >Igualmunia<\/a><\/h3>\n<div class=\"pt-cv-content\">Plan de igualdad de g\u00e9nero en la Educaci\u00f3n. Propone actuaciones que inciden en la cultura real que sustenta la desigualdad y pretenden romper con los estereotipos y con la tradicional socializaci\u00f3n diferenciada. Plan muy activo que desarrolla numerosas actividades durante todo el a\u00f1o: exposiciones, conferencias, material audiovisual, etc ...<br \/><div class=\"pt-cv-rmwrap\"><a href=\"https:\/\/blogsaverroes.juntadeandalucia.es\/iesalmunia\/igualmunia\/\" class=\"_self pt-cv-readmore btn btn-success\" target=\"_self\">Leer m\u00e1s<\/a><\/div><\/div><\/div><\/div><\/div><\/div><\/div>\n","protected":false},"author":2253,"featured_media":0,"parent":0,"menu_order":0,"comment_status":"closed","ping_status":"closed","template":"","meta":{"_et_pb_use_builder":"on","_et_pb_old_content":"","_et_gb_content_width":"","ngg_post_thumbnail":0,"footnotes":""},"aioseo_notices":[],"_links":{"self":[{"href":"https:\/\/blogsaverroes.juntadeandalucia.es\/iesalmunia\/wp-json\/wp\/v2\/pages\/2635"}],"collection":[{"href":"https:\/\/blogsaverroes.juntadeandalucia.es\/iesalmunia\/wp-json\/wp\/v2\/pages"}],"about":[{"href":"https:\/\/blogsaverroes.juntadeandalucia.es\/iesalmunia\/wp-json\/wp\/v2\/types\/page"}],"author":[{"embeddable":true,"href":"https:\/\/blogsaverroes.juntadeandalucia.es\/iesalmunia\/wp-json\/wp\/v2\/users\/2253"}],"replies":[{"embeddable":true,"href":"https:\/\/blogsaverroes.juntadeandalucia.es\/iesalmunia\/wp-json\/wp\/v2\/comments?post=2635"}],"version-history":[{"count":20,"href":"https:\/\/blogsaverroes.juntadeandalucia.es\/iesalmunia\/wp-json\/wp\/v2\/pages\/2635\/revisions"}],"predecessor-version":[{"id":2889,"href":"https:\/\/blogsaverroes.juntadeandalucia.es\/iesalmunia\/wp-json\/wp\/v2\/pages\/2635\/revisions\/2889"}],"wp:attachment":[{"href":"https:\/\/blogsaverroes.juntadeandalucia.es\/iesalmunia\/wp-json\/wp\/v2\/media?parent=2635"}],"curies":[{"name":"wp","href":"https:\/\/api.w.org\/{rel}","templated":true}]}}