{"id":490,"date":"2022-03-24T12:43:26","date_gmt":"2022-03-24T11:43:26","guid":{"rendered":"https:\/\/blogsaverroes.juntadeandalucia.es\/iesalmunia\/?page_id=490"},"modified":"2024-05-21T08:39:05","modified_gmt":"2024-05-21T06:39:05","slug":"el-i-e-s-almunia","status":"publish","type":"page","link":"https:\/\/blogsaverroes.juntadeandalucia.es\/iesalmunia\/el-i-e-s-almunia\/","title":{"rendered":"El I.E.S. Almunia"},"content":{"rendered":"<p>[et_pb_section fb_built=\u00bb1&#8243; module_class=\u00bbseccionPagina\u00bb _builder_version=\u00bb4.16&#8243; global_colors_info=\u00bb{}\u00bb][et_pb_row module_class=\u00bbfilaPagina\u00bb _builder_version=\u00bb4.16&#8243; global_colors_info=\u00bb{}\u00bb][et_pb_column type=\u00bb4_4&#8243; _builder_version=\u00bb4.16&#8243; custom_padding=\u00bb|||\u00bb global_colors_info=\u00bb{}\u00bb custom_padding__hover=\u00bb|||\u00bb][et_pb_text admin_label=\u00bbT\u00edtulo de p\u00e1gina\u00bb module_class=\u00bbtituloPagina\u00bb _builder_version=\u00bb4.16&#8243; _module_preset=\u00bbdefault\u00bb global_colors_info=\u00bb{%22gcid-3f1082d3-0d82-4692-ab84-48f5528af1ba%22:%91%22colorStart%22,%22colorEnd%22%93}\u00bb]<\/p>\n<h1>El I.E.S. Almunia<\/h1>\n<p>[\/et_pb_text][et_pb_image src=\u00bbhttps:\/\/blogsaverroes.juntadeandalucia.es\/iesalmunia\/files\/2023\/02\/Cabecera_ElIES.jpg\u00bb title_text=\u00bbCabecera_ElIES\u00bb force_fullwidth=\u00bbon\u00bb _builder_version=\u00bb4.16&#8243; _module_preset=\u00bbdefault\u00bb global_colors_info=\u00bb{}\u00bb][\/et_pb_image][et_pb_text _builder_version=\u00bb4.24.2&#8243; hover_enabled=\u00bb0&#8243; global_colors_info=\u00bb{}\u00bb sticky_enabled=\u00bb0&#8243;]<\/p>\n<p>El Instituto de Educaci\u00f3n Secundaria Almunia es un centro educativo p\u00fablico de educaci\u00f3n secundaria, bachillerato y formaci\u00f3n profesional situado en la zona norte del t\u00e9rmino municipal de Jerez de la Frontera (C\u00e1diz). Su nombre es un arabismo que significa huerto o granja, quedando as\u00ed representado el nombre de la popular barriada que nutre en mayor medida de alumnado al centro (Barriada La Granja).<\/p>\n<p>En la actualidad (2023) imparte ense\u00f1anza a un colectivo de aproximadamente 1.000 alumnos y alumnas, con entre cuatro y cinco l\u00edneas de Educaci\u00f3n Secundaria Obligatoria, cuatro de Bachillerato y cuatro ciclos de formaci\u00f3n profesional, todos en horario de ma\u00f1ana. Cuenta con una plantilla de aproximadamente 100 trabajadores y trabajadoras entre profesorado y personal de administraci\u00f3n y servicios.<\/p>\n<h3>Ubicaci\u00f3n y entorno<\/h3>\n<p>El centro est\u00e1 ubicado entre las barriadas de San Enrique, La Granja y La Marquesa, en la zona norte del municipio, de las cuales procede principalmente el alumnado. La entrada principal est\u00e1 por la Avenida de Arcos. Est\u00e1 muy pr\u00f3ximo al Polideportivo Municipal \u00abKiko Narv\u00e1ez\u00bb y al Centro Social de La Granja.<\/p>\n<p><iframe loading=\"lazy\" src=\"https:\/\/www.google.com\/maps\/embed?pb=!1m14!1m8!1m3!1d3828.0950821665624!2d-6.099112!3d36.696027!3m2!1i1024!2i768!4f13.1!3m3!1m2!1s0x0%3A0x2991a0816db3f4e9!2sIES%20Almunia!5e1!3m2!1ses!2ses!4v1657439230507!5m2!1ses!2ses\" width=\"100%\" height=\"450\"><\/iframe><\/p>\n<p>Los C.E.I.P. de la zona adscritos son:<\/p>\n<ul>\n<li>A primero de E.S.O., C.E.I.P. Arana Beato y CEIP La Marquesa;<\/li>\n<li>A tercero de E.S.O., C.E.I.P. Pablo Picasso (Estella del Marqu\u00e9s).<span style=\"color: #ff0000\"><br \/><\/span><\/li>\n<\/ul>\n<p>&nbsp;<\/p>\n<p>La ubicaci\u00f3n en la periferia del n\u00facleo urbano de la ciudad en la zona norte facilita el acceso al centro desde localidades cercanas. Esto es beneficioso para la participaci\u00f3n de alumnado de estas localidades especialmente en los ciclos de formaci\u00f3n profesional. Existen l\u00edneas de autobuses interurbanos con parada a unos cinco minutos del centro (<a href=\"https:\/\/siu.cmtbc.es\/es\/horarios.php\">horarios del Consorcio Metropolitano de Transportes de la Bah\u00eda de C\u00e1diz<\/a>).<\/p>\n<p>Desde la propia ciudad se puede llegar al centro en autob\u00fas urbano con las l\u00edneas 6, 8, 9 y 11 (<a href=\"https:\/\/www.comujesa.es\/autobuses-urbanos\/lineas-paradas-y-horarios\">paradas y horarios de autobuses urbanos<\/a>).<\/p>\n<p>El centro tiene servicio de Transporte Escolar para el alumnado procedente del C.E.I.P. Pablo Picasso que acceda a 3\u00ba de E.S.O. mientras curse las ense\u00f1anzas de E.S.O. y Bachillerato.<\/p>\n<h3>Breve historia<\/h3>\n<p>El I.E.S. ALMUNIA inici\u00f3 su andadura en octubre de 1989, concretamente el d\u00eda 10 de ese mes, se imparten las primeras clases. Comienza como I.B. Mixto N\u00ba 5, bajo la direcci\u00f3n de Don Jos\u00e9 M\u00aa Rizo Mart\u00edn, con 21 unidades de BUP y COU, 416 alumnos, y un claustro de 35 profesores, que asumi\u00f3 la continuidad del alumnado escolarizado por la tarde en la Extensi\u00f3n del I.B. Jos\u00e9 Manuel Caballero Bonald. El alumnado proced\u00eda de las Bdas. de La Granja, San Enrique, La Pita, La Milagrosa y S. Jos\u00e9 Obrero, posteriormente, se incorpora la bda. de La Marquesa. Tambi\u00e9n escolarizaba a la mayor\u00eda del alumnado de las pedan\u00edas y barriadas rurales de Jerez, como son Guadalcac\u00edn, Nueva Jarilla, Estella del Marqu\u00e9s, Gibalb\u00edn, La Ina, Lomopardo, y Cuartillo.<\/p>\n<p><a href=\"https:\/\/blogsaverroes.juntadeandalucia.es\/iesalmunia\/historia-del-i-e-s-almunia\/\">Leer m\u00e1s&#8230;<\/a><\/p>\n<h3>Instalaciones<\/h3>\n<p>El centro cuenta con las siguientes instalaciones:<\/p>\n<ul>\n<li>31 aulas ordinarias, todas con ordenador y ca\u00f1\u00f3n proyector o pantalla LED.<\/li>\n<li>Sala de usos m\u00faltiples con escenario y mesa de ponencias<\/li>\n<li>Dos pistas deportivas multiuso<\/li>\n<li>Gimnasio<\/li>\n<li>Laboratorio de F\u00edsica y Qu\u00edmica<\/li>\n<li>Laboratorio de Biolog\u00eda y Geolog\u00eda<\/li>\n<li>Aula de M\u00fasica<\/li>\n<li>Aula de Dibujo y Pl\u00e1stica<\/li>\n<li>Aula de Tecnolog\u00eda STEAM<\/li>\n<li>Aula de la Naturaleza<\/li>\n<li>Aulas espec\u00edficas de Formaci\u00f3n Profesional (Inform\u00e1tica y Comercio)<\/li>\n<li>Biblioteca<\/li>\n<\/ul>\nngg_shortcode_0_placeholder\n<p>[\/et_pb_text][\/et_pb_column][\/et_pb_row][\/et_pb_section]<\/p>\n","protected":false},"excerpt":{"rendered":"<p>El I.E.S. AlmuniaEl Instituto de Educaci\u00f3n Secundaria Almunia es un centro educativo p\u00fablico de educaci\u00f3n secundaria, bachillerato y formaci\u00f3n profesional situado en la zona norte del t\u00e9rmino municipal de Jerez de la Frontera (C\u00e1diz). Su nombre es un arabismo que significa huerto o granja, quedando as\u00ed representado el nombre de la popular barriada que nutre [&hellip;]<\/p>\n","protected":false},"author":2253,"featured_media":0,"parent":0,"menu_order":0,"comment_status":"closed","ping_status":"closed","template":"","meta":{"_et_pb_use_builder":"on","_et_pb_old_content":"<p>El I.E.S. Almunia se encuentra situado en la Barriada San Enrique de Jerez de la Frontera (C\u00e1diz). Se inaugur\u00f3 en 1989 y desde 1991 tiene el nombre actual. Este t\u00e9rmino es un arabismo que significa huerto o granja, quedando as\u00ed representado el nombre de la popular barriada que nutre, en importante medida, de alumnos\/as el Centro (Barriada La Granja).<\/p><p><img class=\"aligncenter wp-image-578 size-full\" src=\"https:\/\/blogsaverroes.juntadeandalucia.es\/iesalmunia\/files\/2022\/04\/fachadaIESAlmunia-e1650975946262.png\" alt=\"\" width=\"800\" height=\"406\"><\/p>","_et_gb_content_width":"","ngg_post_thumbnail":0,"footnotes":""},"aioseo_notices":[],"_links":{"self":[{"href":"https:\/\/blogsaverroes.juntadeandalucia.es\/iesalmunia\/wp-json\/wp\/v2\/pages\/490"}],"collection":[{"href":"https:\/\/blogsaverroes.juntadeandalucia.es\/iesalmunia\/wp-json\/wp\/v2\/pages"}],"about":[{"href":"https:\/\/blogsaverroes.juntadeandalucia.es\/iesalmunia\/wp-json\/wp\/v2\/types\/page"}],"author":[{"embeddable":true,"href":"https:\/\/blogsaverroes.juntadeandalucia.es\/iesalmunia\/wp-json\/wp\/v2\/users\/2253"}],"replies":[{"embeddable":true,"href":"https:\/\/blogsaverroes.juntadeandalucia.es\/iesalmunia\/wp-json\/wp\/v2\/comments?post=490"}],"version-history":[{"count":65,"href":"https:\/\/blogsaverroes.juntadeandalucia.es\/iesalmunia\/wp-json\/wp\/v2\/pages\/490\/revisions"}],"predecessor-version":[{"id":3105,"href":"https:\/\/blogsaverroes.juntadeandalucia.es\/iesalmunia\/wp-json\/wp\/v2\/pages\/490\/revisions\/3105"}],"wp:attachment":[{"href":"https:\/\/blogsaverroes.juntadeandalucia.es\/iesalmunia\/wp-json\/wp\/v2\/media?parent=490"}],"curies":[{"name":"wp","href":"https:\/\/api.w.org\/{rel}","templated":true}]}}