{"id":141,"date":"2015-03-17T07:13:24","date_gmt":"2015-03-17T07:13:24","guid":{"rendered":"http:\/\/blogsaverroes.juntadeandalucia.es\/pre\/ceip\/?page_id=141"},"modified":"2021-03-03T08:12:45","modified_gmt":"2021-03-03T08:12:45","slug":"escolarizacion","status":"publish","type":"page","link":"https:\/\/blogsaverroes.juntadeandalucia.es\/iesalquivira\/escolarizacion\/","title":{"rendered":"Admisi\u00f3n y Escolarizaci\u00f3n"},"content":{"rendered":"<p style=\"text-align: center\"><a href=\"https:\/\/blogsaverroes.juntadeandalucia.es\/iesalquivira\/files\/2015\/03\/Imagen-Escolarizaci\u00f3n-2018.png\"><img loading=\"lazy\" decoding=\"async\" class=\"alignnone size-medium wp-image-3199\" src=\"https:\/\/blogsaverroes.juntadeandalucia.es\/iesalquivira\/files\/2015\/03\/Imagen-Escolarizaci\u00f3n-2018-300x184.png\" alt=\"\" width=\"300\" height=\"184\" srcset=\"https:\/\/blogsaverroes.juntadeandalucia.es\/iesalquivira\/files\/2015\/03\/Imagen-Escolarizaci\u00f3n-2018-300x184.png 300w, https:\/\/blogsaverroes.juntadeandalucia.es\/iesalquivira\/files\/2015\/03\/Imagen-Escolarizaci\u00f3n-2018-24x15.png 24w, https:\/\/blogsaverroes.juntadeandalucia.es\/iesalquivira\/files\/2015\/03\/Imagen-Escolarizaci\u00f3n-2018-36x22.png 36w, https:\/\/blogsaverroes.juntadeandalucia.es\/iesalquivira\/files\/2015\/03\/Imagen-Escolarizaci\u00f3n-2018-48x29.png 48w, https:\/\/blogsaverroes.juntadeandalucia.es\/iesalquivira\/files\/2015\/03\/Imagen-Escolarizaci\u00f3n-2018.png 624w\" sizes=\"(max-width: 300px) 100vw, 300px\" \/><\/a><\/p>\n<p style=\"text-align: center\"><strong>Del 1 al 31 de marzo.<\/strong><\/p>\n<div class=\"tituloCajaColorJunta\"><strong>Recordarles que el periodo de admisi\u00f3n comprender\u00e1 desde el 1 al&nbsp; 31 de marzo 2020\/2021<\/strong><\/div>\n<div class=\"tituloCajaColorJunta\">Pr\u00f3ximamente estar\u00e1 disponible la informaci\u00f3n relativa al nuevo curso escolar<\/div>\n<p style=\"text-align: center\"><a title=\"Portal escolarizaci\u00f3n\" href=\"http:\/\/www.juntadeandalucia.es\/educacion\/webportal\/web\/portal-escolarizacion\/infantil-primaria-eso-bachillerato\" target=\"_blank\" rel=\"noopener noreferrer\">Enlace al portal de escolarizaci\u00f3n.<\/a><\/p>\n<p>La Consejer\u00eda de Educaci\u00f3n y Deporte convoca el procedimiento de admisi\u00f3n del alumnado en los centros docentes p\u00fablicos para cursar las ense\u00f1anzas de&nbsp;<strong>Educaci\u00f3n Secundaria Obligatoria y Bachillerato<\/strong>&nbsp;para el curso escolar 2021\/22.<\/p>\n<p><strong><u>PRESENCIALMENTE<\/u><\/strong><\/p>\n<p>En la Secretar\u00eda del IES Alquivira de 8,15 a 14,45 horas<\/p>\n<p><a href=\"https:\/\/www.juntadeandalucia.es\/educacion\/portals\/delegate\/content\/7e1d7b27-eaa4-42e7-bfa3-ac436db80ed6\/ANEXO%20III\">Impreso de solicitud<\/a><\/p>\n<p><strong><u>TELEM\u00c1TICAMENTE<\/u><\/strong><\/p>\n<p>Las solicitudes de admisi\u00f3n se cursar\u00e1n de forma electr\u00f3nica a trav\u00e9s de la Secretar\u00eda Virtual de los centros educativos, sin perjuicio de lo establecido en la Ley 39\/2015, de 1 de octubre, del Procedimiento Administrativo Com\u00fan de las Administraciones P\u00fablicas.<\/p>\n<p><a href=\"https:\/\/www.juntadeandalucia.es\/educacion\/secretariavirtual\/accesoTramite\/543\/\">Solicitud telem\u00e1tica<\/a><\/p>\n<p style=\"text-align: center\"><strong>M\u00c1S INFORMACI\u00d3N<\/strong><\/p>\n<p style=\"text-align: center\">IES Alquivira<\/p>\n<p style=\"text-align: center\">Calle San Juan Bosco n\u00ba 1, 18830 Hu\u00e9scar (GRANADA)<\/p>\n<p style=\"text-align: center\"><strong>Tel\u00e9fono: 958729920<\/strong><\/p>\n<p style=\"text-align: center\"><strong>Email:<\/strong>&nbsp;18005153.edu@juntadeandalucia.es<\/p>\n<p style=\"text-align: center\">&nbsp;<\/p>\n","protected":false},"excerpt":{"rendered":"<p>Del 1 al 31 de marzo. Recordarles que el periodo de admisi\u00f3n comprender\u00e1 desde el 1 al&nbsp; 31 de marzo 2020\/2021 Pr\u00f3ximamente estar\u00e1 disponible la&hellip;<\/p>\n","protected":false},"author":1,"featured_media":3298,"parent":0,"menu_order":0,"comment_status":"closed","ping_status":"open","template":"page-cs.php","meta":{"ngg_post_thumbnail":0,"footnotes":"","_mc_calendar":[]},"aioseo_notices":[],"_links":{"self":[{"href":"https:\/\/blogsaverroes.juntadeandalucia.es\/iesalquivira\/wp-json\/wp\/v2\/pages\/141"}],"collection":[{"href":"https:\/\/blogsaverroes.juntadeandalucia.es\/iesalquivira\/wp-json\/wp\/v2\/pages"}],"about":[{"href":"https:\/\/blogsaverroes.juntadeandalucia.es\/iesalquivira\/wp-json\/wp\/v2\/types\/page"}],"author":[{"embeddable":true,"href":"https:\/\/blogsaverroes.juntadeandalucia.es\/iesalquivira\/wp-json\/wp\/v2\/users\/1"}],"replies":[{"embeddable":true,"href":"https:\/\/blogsaverroes.juntadeandalucia.es\/iesalquivira\/wp-json\/wp\/v2\/comments?post=141"}],"version-history":[{"count":15,"href":"https:\/\/blogsaverroes.juntadeandalucia.es\/iesalquivira\/wp-json\/wp\/v2\/pages\/141\/revisions"}],"predecessor-version":[{"id":3832,"href":"https:\/\/blogsaverroes.juntadeandalucia.es\/iesalquivira\/wp-json\/wp\/v2\/pages\/141\/revisions\/3832"}],"wp:featuredmedia":[{"embeddable":true,"href":"https:\/\/blogsaverroes.juntadeandalucia.es\/iesalquivira\/wp-json\/wp\/v2\/media\/3298"}],"wp:attachment":[{"href":"https:\/\/blogsaverroes.juntadeandalucia.es\/iesalquivira\/wp-json\/wp\/v2\/media?parent=141"}],"curies":[{"name":"wp","href":"https:\/\/api.w.org\/{rel}","templated":true}]}}