{"id":153,"date":"2015-03-17T07:48:56","date_gmt":"2015-03-17T07:48:56","guid":{"rendered":"http:\/\/blogsaverroes.juntadeandalucia.es\/pre\/ceip\/?page_id=153"},"modified":"2017-01-03T13:21:25","modified_gmt":"2017-01-03T13:21:25","slug":"geografia-e-historia","status":"publish","type":"page","link":"https:\/\/blogsaverroes.juntadeandalucia.es\/iesalquivira\/geografia-e-historia\/","title":{"rendered":"Geograf\u00eda e Historia"},"content":{"rendered":"<p style=\"text-align: center\">\n<p><span style=\"font-size: medium\"><strong><span style=\"color: #333333;font-family: 'Georgia',serif\">Miembros del Departamento<\/span><\/strong><\/span><\/p>\n<p><span style=\"color: #333333;font-family: 'Georgia',serif\"><span style=\"font-size: medium\">D. Jos\u00e9 Julio Mart\u00ednez Valero (Jefatura del Departamento)\u00a0\u00a0\u00a0\u00a0Blog de <a href=\"http:\/\/sosiales.blogspot.com.es\/\" target=\"_blank\">Recursos Ciencias Sociales<\/a><\/span><\/span><\/p>\n<p><span style=\"font-size: medium\"><span style=\"color: #333333;font-family: 'Georgia',serif\">D.<\/span> <span style=\"color: #333333;font-family: 'Georgia',serif\">Juan Jos\u00e9 Plasencia Pe\u00f1a <\/span><\/span><\/p>\n<p style=\"text-align: center\">\n<p><img loading=\"lazy\" decoding=\"async\" class=\"aligncenter size-medium wp-image-2109\" src=\"http:\/\/blogsaverroes.juntadeandalucia.es\/iesalquivira\/files\/2015\/03\/geografia_historia-300x225.png\" alt=\"geografia_historia\" width=\"300\" height=\"225\" srcset=\"https:\/\/blogsaverroes.juntadeandalucia.es\/iesalquivira\/files\/2015\/03\/geografia_historia-300x225.png 300w, https:\/\/blogsaverroes.juntadeandalucia.es\/iesalquivira\/files\/2015\/03\/geografia_historia.png 640w\" sizes=\"(max-width: 300px) 100vw, 300px\" \/><\/p>\n<p><span style=\"font-family: sans-serif\"><span style=\"font-size: medium\"><strong>Geograf\u00eda e Historia<\/strong><\/span><\/span><\/p>\n<p><span style=\"font-family: sans-serif\"><span style=\"font-size: medium\">El conocimiento de la sociedad, su organizaci\u00f3n y funcionamiento a lo largo del tiempo es esencial para poder entender el mundo actual. Conocer el espacio donde se desarrollan las sociedades, los recursos naturales y el uso que se ha dado a \u00e9stos, nos aporta datos sobre el pasado y nos permiten vislumbrar algunos de los problemas del futuro. <\/span><\/span><\/p>\n<p><span style=\"font-family: sans-serif\"><span style=\"font-size: medium\">Las disciplinas de la Geograf\u00eda y la Historia son dos importantes ejes vertebradores para el conocimiento de la sociedad, ya que contemplan la realidad humana y social desde una perspectiva global e integradora y ofrecen una mayor capacidad para la estructuraci\u00f3n de los hechos sociales; no obstante la sociedad actual, cada vez m\u00e1s compleja, requiere de la intervenci\u00f3n de otras disciplinas como la Econom\u00eda, Sociolog\u00eda, Ecolog\u00eda o Historia del Arte, que aportan an\u00e1lisis diferentes y complementarios, para la mejor comprensi\u00f3n de la realidad social. <\/span><\/span><\/p>\n<p>&nbsp;<\/p>\n","protected":false},"excerpt":{"rendered":"<p>Miembros del Departamento D. Jos\u00e9 Julio Mart\u00ednez Valero (Jefatura del Departamento)\u00a0\u00a0\u00a0\u00a0Blog de Recursos Ciencias Sociales D. Juan Jos\u00e9 Plasencia Pe\u00f1a Geograf\u00eda e Historia El conocimiento&hellip;<\/p>\n","protected":false},"author":1,"featured_media":0,"parent":0,"menu_order":0,"comment_status":"closed","ping_status":"open","template":"page-cs.php","meta":{"ngg_post_thumbnail":0,"footnotes":"","_mc_calendar":[]},"aioseo_notices":[],"_links":{"self":[{"href":"https:\/\/blogsaverroes.juntadeandalucia.es\/iesalquivira\/wp-json\/wp\/v2\/pages\/153"}],"collection":[{"href":"https:\/\/blogsaverroes.juntadeandalucia.es\/iesalquivira\/wp-json\/wp\/v2\/pages"}],"about":[{"href":"https:\/\/blogsaverroes.juntadeandalucia.es\/iesalquivira\/wp-json\/wp\/v2\/types\/page"}],"author":[{"embeddable":true,"href":"https:\/\/blogsaverroes.juntadeandalucia.es\/iesalquivira\/wp-json\/wp\/v2\/users\/1"}],"replies":[{"embeddable":true,"href":"https:\/\/blogsaverroes.juntadeandalucia.es\/iesalquivira\/wp-json\/wp\/v2\/comments?post=153"}],"version-history":[{"count":10,"href":"https:\/\/blogsaverroes.juntadeandalucia.es\/iesalquivira\/wp-json\/wp\/v2\/pages\/153\/revisions"}],"predecessor-version":[{"id":2750,"href":"https:\/\/blogsaverroes.juntadeandalucia.es\/iesalquivira\/wp-json\/wp\/v2\/pages\/153\/revisions\/2750"}],"wp:attachment":[{"href":"https:\/\/blogsaverroes.juntadeandalucia.es\/iesalquivira\/wp-json\/wp\/v2\/media?parent=153"}],"curies":[{"name":"wp","href":"https:\/\/api.w.org\/{rel}","templated":true}]}}

Geografía e Historia

<p style="text-align: center">
<p><span style="font-size: medium"><strong><span style="color: #333333;font-family: 'Georgia',serif">Miembros del Departamento</span></strong></span></p>
<p><span style="color: #333333;font-family: 'Georgia',serif"><span style="font-size: medium">D. José Julio Martínez Valero (Jefatura del Departamento)    Blog de <a href="http://sosiales.blogspot.com.es/" target="_blank">Recursos Ciencias Sociales</a></span></span></p>
<p><span style="font-size: medium"><span style="color: #333333;font-family: 'Georgia',serif">D.</span> <span style="color: #333333;font-family: 'Georgia',serif">Juan José Plasencia Peña </span></span></p>
<p style="text-align: center">
<p><img loading="lazy" decoding="async" class="aligncenter size-medium wp-image-2109" src="http://blogsaverroes.juntadeandalucia.es/iesalquivira/files/2015/03/geografia_historia-300x225.png" alt="geografia_historia" width="300" height="225" srcset="https://blogsaverroes.juntadeandalucia.es/iesalquivira/files/2015/03/geografia_historia-300x225.png 300w, https://blogsaverroes.juntadeandalucia.es/iesalquivira/files/2015/03/geografia_historia.png 640w" sizes="(max-width: 300px) 100vw, 300px" /></p>
<p><span style="font-family: sans-serif"><span style="font-size: medium"><strong>Geografía e Historia</strong></span></span></p>
<p><span style="font-family: sans-serif"><span style="font-size: medium">El conocimiento de la sociedad, su organización y funcionamiento a lo largo del tiempo es esencial para poder entender el mundo actual. Conocer el espacio donde se desarrollan las sociedades, los recursos naturales y el uso que se ha dado a éstos, nos aporta datos sobre el pasado y nos permiten vislumbrar algunos de los problemas del futuro. </span></span></p>
<p><span style="font-family: sans-serif"><span style="font-size: medium">Las disciplinas de la Geografía y la Historia son dos importantes ejes vertebradores para el conocimiento de la sociedad, ya que contemplan la realidad humana y social desde una perspectiva global e integradora y ofrecen una mayor capacidad para la estructuración de los hechos sociales; no obstante la sociedad actual, cada vez más compleja, requiere de la intervención de otras disciplinas como la Economía, Sociología, Ecología o Historia del Arte, que aportan análisis diferentes y complementarios, para la mejor comprensión de la realidad social. </span></span></p>
<p>&nbsp;</p>

<p>Miembros del Departamento D. José Julio Martínez Valero (Jefatura del Departamento)    Blog de Recursos Ciencias Sociales D. Juan José Plasencia Peña Geografía e Historia El conocimiento&hellip;</p>
