{"id":3219,"date":"2018-04-22T17:58:50","date_gmt":"2018-04-22T17:58:50","guid":{"rendered":"http:\/\/blogsaverroes.juntadeandalucia.es\/iesalquivira\/?page_id=3219"},"modified":"2023-02-06T10:40:55","modified_gmt":"2023-02-06T10:40:55","slug":"frances","status":"publish","type":"page","link":"https:\/\/blogsaverroes.juntadeandalucia.es\/iesalquivira\/frances\/","title":{"rendered":"Franc\u00e9s"},"content":{"rendered":"<p><strong>Miembros del Departamento<\/strong><\/p>\n<p>D. Pedro Agust\u00edn Ill\u00e1n L\u00f3pez (Jefatura del Departamento)<\/p>\n<p>D\u00f1a. Yolanda S\u00e1nchez Chill\u00f3n<\/p>\n<p style=\"text-align: center\"><a href=\"https:\/\/blogsaverroes.juntadeandalucia.es\/francesalquivira\/\">Blog de&nbsp;Recursos de Franc\u00e9s<\/a><\/p>\n<p style=\"text-align: center\"><a href=\"https:\/\/blogsaverroes.juntadeandalucia.es\/alquiviracomunica\/\">Blog de Alquivira ComunicA<\/a><\/p>\n<div style=\"width: 843px;\" class=\"wp-video\"><!--[if lt IE 9]><script>document.createElement('video');<\/script><![endif]-->\n<video class=\"wp-video-shortcode\" id=\"video-3219-1\" width=\"843\" height=\"474\" preload=\"metadata\" controls=\"controls\"><source type=\"video\/mp4\" src=\"https:\/\/blogsaverroes.juntadeandalucia.es\/iesalquivira\/files\/2023\/02\/Presentaci\u00f3n-Master-Cr\u00eape-2023.mp4?_=1\" \/><a href=\"https:\/\/blogsaverroes.juntadeandalucia.es\/iesalquivira\/files\/2023\/02\/Presentaci\u00f3n-Master-Cr\u00eape-2023.mp4\">https:\/\/blogsaverroes.juntadeandalucia.es\/iesalquivira\/files\/2023\/02\/Presentaci\u00f3n-Master-Cr\u00eape-2023.mp4<\/a><\/video><\/div>\n<p><img loading=\"lazy\" decoding=\"async\" class=\"aligncenter size-medium wp-image-2099\" src=\"http:\/\/blogsaverroes.juntadeandalucia.es\/iesalquivira\/files\/2015\/03\/frances-300x160.jpg\" alt=\"frances\" width=\"300\" height=\"160\" srcset=\"https:\/\/blogsaverroes.juntadeandalucia.es\/iesalquivira\/files\/2015\/03\/frances-300x160.jpg 300w, https:\/\/blogsaverroes.juntadeandalucia.es\/iesalquivira\/files\/2015\/03\/frances.jpg 640w\" sizes=\"(max-width: 300px) 100vw, 300px\" \/><\/p>\n<p><strong>Segunda Lengua Extranjera <\/strong><\/p>\n<p>El pluriling\u00fcismo es una de las se\u00f1as de identidad de la ciudadan\u00eda en una Europa multiling\u00fce y multicultural, cuya diversidad no debe suponer un obst\u00e1culo a la movilidad y la cooperaci\u00f3n sino constituir una fuente de riqueza personal, social y cultural y un factor de progreso. A este fin, el Consejo Europeo reunido en Barcelona en 2002 recoge entre sus conclusiones la necesidad de coordinar esfuerzos en pos de una econom\u00eda competitiva basada en el conocimiento, e insta a los Estados miembros de la Uni\u00f3n Europea a desarrollar acciones educativas conducentes a la mejora del dominio de las competencias clave, en particular mediante la ense\u00f1anza de al menos dos lenguas extranjeras desde una edad muy temprana.<\/p>\n","protected":false},"excerpt":{"rendered":"<p>Miembros del Departamento D. Pedro Agust\u00edn Ill\u00e1n L\u00f3pez (Jefatura del Departamento) D\u00f1a. Yolanda S\u00e1nchez Chill\u00f3n Blog de&nbsp;Recursos de Franc\u00e9s Blog de Alquivira ComunicA Segunda Lengua&hellip;<\/p>\n","protected":false},"author":4435,"featured_media":0,"parent":0,"menu_order":0,"comment_status":"closed","ping_status":"closed","template":"","meta":{"ngg_post_thumbnail":0,"footnotes":"","_mc_calendar":[]},"aioseo_notices":[],"_links":{"self":[{"href":"https:\/\/blogsaverroes.juntadeandalucia.es\/iesalquivira\/wp-json\/wp\/v2\/pages\/3219"}],"collection":[{"href":"https:\/\/blogsaverroes.juntadeandalucia.es\/iesalquivira\/wp-json\/wp\/v2\/pages"}],"about":[{"href":"https:\/\/blogsaverroes.juntadeandalucia.es\/iesalquivira\/wp-json\/wp\/v2\/types\/page"}],"author":[{"embeddable":true,"href":"https:\/\/blogsaverroes.juntadeandalucia.es\/iesalquivira\/wp-json\/wp\/v2\/users\/4435"}],"replies":[{"embeddable":true,"href":"https:\/\/blogsaverroes.juntadeandalucia.es\/iesalquivira\/wp-json\/wp\/v2\/comments?post=3219"}],"version-history":[{"count":5,"href":"https:\/\/blogsaverroes.juntadeandalucia.es\/iesalquivira\/wp-json\/wp\/v2\/pages\/3219\/revisions"}],"predecessor-version":[{"id":4087,"href":"https:\/\/blogsaverroes.juntadeandalucia.es\/iesalquivira\/wp-json\/wp\/v2\/pages\/3219\/revisions\/4087"}],"wp:attachment":[{"href":"https:\/\/blogsaverroes.juntadeandalucia.es\/iesalquivira\/wp-json\/wp\/v2\/media?parent=3219"}],"curies":[{"name":"wp","href":"https:\/\/api.w.org\/{rel}","templated":true}]}}

Francés

<p><strong>Miembros del Departamento</strong></p>
<p>D. Pedro Agustín Illán López (Jefatura del Departamento)</p>
<p>Dña. Yolanda Sánchez Chillón</p>
<p style="text-align: center"><a href="https://blogsaverroes.juntadeandalucia.es/francesalquivira/">Blog de&nbsp;Recursos de Francés</a></p>
<p style="text-align: center"><a href="https://blogsaverroes.juntadeandalucia.es/alquiviracomunica/">Blog de Alquivira ComunicA</a></p>
<div style="width: 843px;" class="wp-video"><!--[if lt IE 9]><script>document.createElement('video');</script><![endif]-->
<video class="wp-video-shortcode" id="video-3219-1" width="843" height="474" preload="metadata" controls="controls"><source type="video/mp4" src="https://blogsaverroes.juntadeandalucia.es/iesalquivira/files/2023/02/Presentación-Master-Crêpe-2023.mp4?_=1" /><a href="https://blogsaverroes.juntadeandalucia.es/iesalquivira/files/2023/02/Presentación-Master-Crêpe-2023.mp4">https://blogsaverroes.juntadeandalucia.es/iesalquivira/files/2023/02/Presentación-Master-Crêpe-2023.mp4</a></video></div>
<p><img loading="lazy" decoding="async" class="aligncenter size-medium wp-image-2099" src="http://blogsaverroes.juntadeandalucia.es/iesalquivira/files/2015/03/frances-300x160.jpg" alt="frances" width="300" height="160" srcset="https://blogsaverroes.juntadeandalucia.es/iesalquivira/files/2015/03/frances-300x160.jpg 300w, https://blogsaverroes.juntadeandalucia.es/iesalquivira/files/2015/03/frances.jpg 640w" sizes="(max-width: 300px) 100vw, 300px" /></p>
<p><strong>Segunda Lengua Extranjera </strong></p>
<p>El plurilingüismo es una de las señas de identidad de la ciudadanía en una Europa multilingüe y multicultural, cuya diversidad no debe suponer un obstáculo a la movilidad y la cooperación sino constituir una fuente de riqueza personal, social y cultural y un factor de progreso. A este fin, el Consejo Europeo reunido en Barcelona en 2002 recoge entre sus conclusiones la necesidad de coordinar esfuerzos en pos de una economía competitiva basada en el conocimiento, e insta a los Estados miembros de la Unión Europea a desarrollar acciones educativas conducentes a la mejora del dominio de las competencias clave, en particular mediante la enseñanza de al menos dos lenguas extranjeras desde una edad muy temprana.</p>

<p>Miembros del Departamento D. Pedro Agustín Illán López (Jefatura del Departamento) Dña. Yolanda Sánchez Chillón Blog de&nbsp;Recursos de Francés Blog de Alquivira ComunicA Segunda Lengua&hellip;</p>
