{"id":35,"date":"2015-03-13T08:21:43","date_gmt":"2015-03-13T08:21:43","guid":{"rendered":"http:\/\/blogsaverroes.juntadeandalucia.es\/pre\/ceip\/?page_id=35"},"modified":"2025-11-01T07:10:53","modified_gmt":"2025-11-01T07:10:53","slug":"el-centro-2","status":"publish","type":"page","link":"https:\/\/blogsaverroes.juntadeandalucia.es\/iesalquivira\/el-centro-2\/","title":{"rendered":"Presentaci\u00f3n"},"content":{"rendered":"<h4>&nbsp;<\/h4>\n<p style=\"text-align: center\">,<a href=\"https:\/\/blogsaverroes.juntadeandalucia.es\/iesalquivira\/files\/2015\/03\/Centro-Lejos-ok-2.jpg\"><img loading=\"lazy\" decoding=\"async\" class=\"alignnone size-medium wp-image-3256\" src=\"https:\/\/blogsaverroes.juntadeandalucia.es\/iesalquivira\/files\/2015\/03\/Centro-Lejos-ok-2-300x179.jpg\" alt=\"\" width=\"300\" height=\"179\" srcset=\"https:\/\/blogsaverroes.juntadeandalucia.es\/iesalquivira\/files\/2015\/03\/Centro-Lejos-ok-2-300x179.jpg 300w, https:\/\/blogsaverroes.juntadeandalucia.es\/iesalquivira\/files\/2015\/03\/Centro-Lejos-ok-2-768x459.jpg 768w, https:\/\/blogsaverroes.juntadeandalucia.es\/iesalquivira\/files\/2015\/03\/Centro-Lejos-ok-2-1024x612.jpg 1024w, https:\/\/blogsaverroes.juntadeandalucia.es\/iesalquivira\/files\/2015\/03\/Centro-Lejos-ok-2-24x14.jpg 24w, https:\/\/blogsaverroes.juntadeandalucia.es\/iesalquivira\/files\/2015\/03\/Centro-Lejos-ok-2-36x22.jpg 36w, https:\/\/blogsaverroes.juntadeandalucia.es\/iesalquivira\/files\/2015\/03\/Centro-Lejos-ok-2-48x29.jpg 48w, https:\/\/blogsaverroes.juntadeandalucia.es\/iesalquivira\/files\/2015\/03\/Centro-Lejos-ok-2.jpg 1600w\" sizes=\"(max-width: 300px) 100vw, 300px\" \/><\/a><\/p>\n<p>Bienvenidos al IES Alquivira \ud83c\udf1f<\/p>\n<p>En el IES Alquivira, nuestra misi\u00f3n es clara: queremos que nuestros alumnos y alumnas alcancen el m\u00e1ximo nivel formativo y desarrollen una madurez personal que les facilite la transici\u00f3n a la vida adulta en las mejores condiciones posibles.<\/p>\n<p>Actualmente, contamos con un equipo de 58 docentes que acompa\u00f1an a 450 estudiantes y 5 miembros del personal de administraci\u00f3n y servicios. Ofrecemos una amplia gama de ense\u00f1anzas, que incluyen:<\/p>\n<p>&#8211; Educaci\u00f3n Secundaria Obligatoria (ESO)<\/p>\n<p>&#8211; Bachillerato de Ciencias y Tecnolog\u00eda<\/p>\n<p>&#8211; Bachillerato de Humanidades y Ciencias Sociales<\/p>\n<p>&#8211; Ciclo Formativo de Grado Medio de Electromec\u00e1nica de Veh\u00edculos Autom\u00f3viles<\/p>\n<p>&#8211; Ciclo Formativo de Grado Superior de Automoci\u00f3n<\/p>\n<p>&#8211; Ciclo Formativo de Grado Medio de Instalaci\u00f3n de Telecomunicaciones<\/p>\n<p>&#8211; Ciclo Formativo de Grado Medio de Producci\u00f3n Agroecol\u00f3gica<\/p>\n<p>&#8211; CFGB de automoci\u00f3n y F.B.O.<\/p>\n<p>Nuestro centro se organiza a trav\u00e9s del Equipo Directivo, el Claustro de Profesores y el Consejo Escolar, y contamos con \u00f3rganos de coordinaci\u00f3n pedag\u00f3gica que son fundamentales para nuestro funcionamiento, como el Equipo T\u00e9cnico de Coordinaci\u00f3n Pedag\u00f3gica, los Departamentos Did\u00e1cticos, el Departamento de Formaci\u00f3n, Innovaci\u00f3n y Evaluaci\u00f3n Educativa, el Departamento de Orientaci\u00f3n y el Departamento de Actividades Complementarias y Extraescolares.<\/p>\n<p>Adem\u00e1s, implementamos diversos programas que enriquecen la experiencia educativa, tales como:<\/p>\n<p>&#8211; STEM<\/p>\n<p>&#8211; Bibliotecas Escolares<\/p>\n<p>&#8211; Bienestar Emocional<\/p>\n<p>&#8211; Plan de apertura de centros docentes<\/p>\n<p>&#8211; Plan de igualdad de g\u00e9nero en educaci\u00f3n de Andaluc\u00eda<\/p>\n<p>&#8211; TDE (Plan de Actuaci\u00f3n Digital &#8211; C\u00f3digo Escuela 4.0)<\/p>\n<p>&#8211; aulaDjaque<\/p>\n<p>&#8211; Emprendimiento Educativo<\/p>\n<p>&#8211; H\u00e1bitos de Vida Saludable<\/p>\n<p>&#8211; Red Andaluza: Escuela \u00abEspacio de Paz\u00bb<\/p>\n<p>&#8211; PROA<\/p>\n<p>&#8211; Programa de Atenci\u00f3n Socioeducativa ZTS<\/p>\n<p>&#8211; Programa de centro biling\u00fce ESO y Bachillerato &#8211; Ingl\u00e9s<\/p>\n<p>&#8211; Erasmus+(FP) &#8211; ON THE WAY TO EUROPE &#8211; Proyectos acreditados de movilidad de estudiantes y personal de Formaci\u00f3n Profesional (FP)<\/p>\n<p>&#8211; Erasmus+(FP) &#8211; Proyectos acreditados de movilidad de estudiantes y personal de Formaci\u00f3n Profesional (FP)<\/p>\n<p>&#8211; Erasmus+(FP) &#8211; Proyectos acreditados de movilidad de estudiantes y personal de Formaci\u00f3n Profesional (FP)<\/p>\n<p>\u00a1Te invitamos a formar parte de nuestra comunidad educativa! En el IES Alquivira, cada d\u00eda es una nueva oportunidad para aprender y crecer juntos.<\/p>\n<h4><em><strong>Bienvenidos todos y todas.<\/strong><\/em> \ud83c\udf89<\/h4>\n<p>&nbsp;<\/p>\n<h4>&nbsp;<\/h4>\n<p>&nbsp;<\/p>\n<h4><b>Datos de contacto<\/b><\/h4>\n<p><span id=\"aioseop_snippet_description\">Calle San Juan Bosco n\u00ba 1, 18830 Hu\u00e9scar (GRANADA)<\/span><\/p>\n<p><strong>Tel\u00e9fono: 958729920&nbsp;&nbsp; Fax: 958729926<\/strong><\/p>\n<p><strong>Email:<\/strong> 18005153.edu@juntadeandalucia.es<\/p>\n<h4>&nbsp;<\/h4>\n<h4>&nbsp;<\/h4>\n","protected":false},"excerpt":{"rendered":"<p>&nbsp; , Bienvenidos al IES Alquivira \ud83c\udf1f En el IES Alquivira, nuestra misi\u00f3n es clara: queremos que nuestros alumnos y alumnas alcancen el m\u00e1ximo nivel&hellip;<\/p>\n","protected":false},"author":1,"featured_media":3251,"parent":0,"menu_order":0,"comment_status":"closed","ping_status":"open","template":"","meta":{"ngg_post_thumbnail":0,"footnotes":"","_mc_calendar":[]},"aioseo_notices":[],"_links":{"self":[{"href":"https:\/\/blogsaverroes.juntadeandalucia.es\/iesalquivira\/wp-json\/wp\/v2\/pages\/35"}],"collection":[{"href":"https:\/\/blogsaverroes.juntadeandalucia.es\/iesalquivira\/wp-json\/wp\/v2\/pages"}],"about":[{"href":"https:\/\/blogsaverroes.juntadeandalucia.es\/iesalquivira\/wp-json\/wp\/v2\/types\/page"}],"author":[{"embeddable":true,"href":"https:\/\/blogsaverroes.juntadeandalucia.es\/iesalquivira\/wp-json\/wp\/v2\/users\/1"}],"replies":[{"embeddable":true,"href":"https:\/\/blogsaverroes.juntadeandalucia.es\/iesalquivira\/wp-json\/wp\/v2\/comments?post=35"}],"version-history":[{"count":49,"href":"https:\/\/blogsaverroes.juntadeandalucia.es\/iesalquivira\/wp-json\/wp\/v2\/pages\/35\/revisions"}],"predecessor-version":[{"id":4281,"href":"https:\/\/blogsaverroes.juntadeandalucia.es\/iesalquivira\/wp-json\/wp\/v2\/pages\/35\/revisions\/4281"}],"wp:featuredmedia":[{"embeddable":true,"href":"https:\/\/blogsaverroes.juntadeandalucia.es\/iesalquivira\/wp-json\/wp\/v2\/media\/3251"}],"wp:attachment":[{"href":"https:\/\/blogsaverroes.juntadeandalucia.es\/iesalquivira\/wp-json\/wp\/v2\/media?parent=35"}],"curies":[{"name":"wp","href":"https:\/\/api.w.org\/{rel}","templated":true}]}}

Presentación

<h4>&nbsp;</h4>
<p style="text-align: center">,<a href="https://blogsaverroes.juntadeandalucia.es/iesalquivira/files/2015/03/Centro-Lejos-ok-2.jpg"><img loading="lazy" decoding="async" class="alignnone size-medium wp-image-3256" src="https://blogsaverroes.juntadeandalucia.es/iesalquivira/files/2015/03/Centro-Lejos-ok-2-300x179.jpg" alt="" width="300" height="179" srcset="https://blogsaverroes.juntadeandalucia.es/iesalquivira/files/2015/03/Centro-Lejos-ok-2-300x179.jpg 300w, https://blogsaverroes.juntadeandalucia.es/iesalquivira/files/2015/03/Centro-Lejos-ok-2-768x459.jpg 768w, https://blogsaverroes.juntadeandalucia.es/iesalquivira/files/2015/03/Centro-Lejos-ok-2-1024x612.jpg 1024w, https://blogsaverroes.juntadeandalucia.es/iesalquivira/files/2015/03/Centro-Lejos-ok-2-24x14.jpg 24w, https://blogsaverroes.juntadeandalucia.es/iesalquivira/files/2015/03/Centro-Lejos-ok-2-36x22.jpg 36w, https://blogsaverroes.juntadeandalucia.es/iesalquivira/files/2015/03/Centro-Lejos-ok-2-48x29.jpg 48w, https://blogsaverroes.juntadeandalucia.es/iesalquivira/files/2015/03/Centro-Lejos-ok-2.jpg 1600w" sizes="(max-width: 300px) 100vw, 300px" /></a></p>
<p>Bienvenidos al IES Alquivira 🌟</p>
<p>En el IES Alquivira, nuestra misión es clara: queremos que nuestros alumnos y alumnas alcancen el máximo nivel formativo y desarrollen una madurez personal que les facilite la transición a la vida adulta en las mejores condiciones posibles.</p>
<p>Actualmente, contamos con un equipo de 58 docentes que acompañan a 450 estudiantes y 5 miembros del personal de administración y servicios. Ofrecemos una amplia gama de enseñanzas, que incluyen:</p>
<p>&#8211; Educación Secundaria Obligatoria (ESO)</p>
<p>&#8211; Bachillerato de Ciencias y Tecnología</p>
<p>&#8211; Bachillerato de Humanidades y Ciencias Sociales</p>
<p>&#8211; Ciclo Formativo de Grado Medio de Electromecánica de Vehículos Automóviles</p>
<p>&#8211; Ciclo Formativo de Grado Superior de Automoción</p>
<p>&#8211; Ciclo Formativo de Grado Medio de Instalación de Telecomunicaciones</p>
<p>&#8211; Ciclo Formativo de Grado Medio de Producción Agroecológica</p>
<p>&#8211; CFGB de automoción y F.B.O.</p>
<p>Nuestro centro se organiza a través del Equipo Directivo, el Claustro de Profesores y el Consejo Escolar, y contamos con órganos de coordinación pedagógica que son fundamentales para nuestro funcionamiento, como el Equipo Técnico de Coordinación Pedagógica, los Departamentos Didácticos, el Departamento de Formación, Innovación y Evaluación Educativa, el Departamento de Orientación y el Departamento de Actividades Complementarias y Extraescolares.</p>
<p>Además, implementamos diversos programas que enriquecen la experiencia educativa, tales como:</p>
<p>&#8211; STEM</p>
<p>&#8211; Bibliotecas Escolares</p>
<p>&#8211; Bienestar Emocional</p>
<p>&#8211; Plan de apertura de centros docentes</p>
<p>&#8211; Plan de igualdad de género en educación de Andalucía</p>
<p>&#8211; TDE (Plan de Actuación Digital &#8211; Código Escuela 4.0)</p>
<p>&#8211; aulaDjaque</p>
<p>&#8211; Emprendimiento Educativo</p>
<p>&#8211; Hábitos de Vida Saludable</p>
<p>&#8211; Red Andaluza: Escuela «Espacio de Paz»</p>
<p>&#8211; PROA</p>
<p>&#8211; Programa de Atención Socioeducativa ZTS</p>
<p>&#8211; Programa de centro bilingüe ESO y Bachillerato &#8211; Inglés</p>
<p>&#8211; Erasmus+(FP) &#8211; ON THE WAY TO EUROPE &#8211; Proyectos acreditados de movilidad de estudiantes y personal de Formación Profesional (FP)</p>
<p>&#8211; Erasmus+(FP) &#8211; Proyectos acreditados de movilidad de estudiantes y personal de Formación Profesional (FP)</p>
<p>&#8211; Erasmus+(FP) &#8211; Proyectos acreditados de movilidad de estudiantes y personal de Formación Profesional (FP)</p>
<p>¡Te invitamos a formar parte de nuestra comunidad educativa! En el IES Alquivira, cada día es una nueva oportunidad para aprender y crecer juntos.</p>
<h4><em><strong>Bienvenidos todos y todas.</strong></em> 🎉</h4>
<p>&nbsp;</p>
<h4>&nbsp;</h4>
<p>&nbsp;</p>
<h4><b>Datos de contacto</b></h4>
<p><span id="aioseop_snippet_description">Calle San Juan Bosco nº 1, 18830 Huéscar (GRANADA)</span></p>
<p><strong>Teléfono: 958729920&nbsp;&nbsp; Fax: 958729926</strong></p>
<p><strong>Email:</strong> 18005153.edu@juntadeandalucia.es</p>
<h4>&nbsp;</h4>
<h4>&nbsp;</h4>

<p>&nbsp; , Bienvenidos al IES Alquivira 🌟 En el IES Alquivira, nuestra misión es clara: queremos que nuestros alumnos y alumnas alcancen el máximo nivel&hellip;</p>
