{"id":44,"date":"2015-03-13T08:42:15","date_gmt":"2015-03-13T08:42:15","guid":{"rendered":"http:\/\/blogsaverroes.juntadeandalucia.es\/pre\/ceip\/?page_id=44"},"modified":"2018-11-23T09:14:21","modified_gmt":"2018-11-23T09:14:21","slug":"planes-y-proyectos","status":"publish","type":"page","link":"https:\/\/blogsaverroes.juntadeandalucia.es\/iesalquivira\/planes-y-proyectos\/","title":{"rendered":"Planes y Programas"},"content":{"rendered":"<p><img loading=\"lazy\" decoding=\"async\" class=\" size-medium wp-image-1667 aligncenter\" src=\"http:\/\/blogsaverroes.juntadeandalucia.es\/iesalquivira\/files\/2015\/03\/planes-300x150.png\" alt=\"planes\" width=\"300\" height=\"150\" srcset=\"https:\/\/blogsaverroes.juntadeandalucia.es\/iesalquivira\/files\/2015\/03\/planes-300x150.png 300w, https:\/\/blogsaverroes.juntadeandalucia.es\/iesalquivira\/files\/2015\/03\/planes.png 640w\" sizes=\"(max-width: 300px) 100vw, 300px\" \/><\/p>\n<p>El IES Alquivira personaliza y adapta su Proyecto Educativo adhiri\u00e9ndose a diferentes <strong>Planes y Programas<\/strong> promovidos desde la Consejer\u00eda de Educaci\u00f3n, Cultura y Deporte.<\/p>\n<p>A continuaci\u00f3n se muestran algunos de ellos.<\/p>\n<ul>\n<li><strong>Programa de&nbsp;<b>Centro<\/b>&nbsp;<b>Biling\u00fce.<\/b><\/strong><\/li>\n<li><strong>Proyectos Centros T.I.C.<\/strong><\/li>\n<li><strong>Pr\u00e1cticum M\u00e1ster Secundaria.<\/strong><\/li>\n<li><strong>Plan de Salud Laboral y P.R.L.<\/strong><\/li>\n<li><strong>Red Andaluza Escuela: \u00abEspacio de Paz\u00bb<\/strong><\/li>\n<li><strong>Escuela TIC 2.0<\/strong><\/li>\n<li><strong>Plan de apertura de centros docentes.<\/strong><\/li>\n<li><strong>Plan de igualdad entre hombres y mujeres en la educaci\u00f3n.<\/strong><\/li>\n<li><strong>Forma joven en el \u00e1mbito educativo.<\/strong><\/li>\n<\/ul>\n<p><a title=\"Premios al M\u00e9rito 2016\" href=\"https:\/\/www.flickr.com\/gp\/136068452@N03\/aACu8f\"><img loading=\"lazy\" decoding=\"async\" src=\"https:\/\/c5.staticflickr.com\/6\/5832\/30020956884_0f61e41791_z.jpg\" alt=\"Premios al M\u00e9rito 2016\" width=\"640\" height=\"425\"><\/a><\/p>\n","protected":false},"excerpt":{"rendered":"<p>El IES Alquivira personaliza y adapta su Proyecto Educativo adhiri\u00e9ndose a diferentes Planes y Programas promovidos desde la Consejer\u00eda de Educaci\u00f3n, Cultura y Deporte. A&hellip;<\/p>\n","protected":false},"author":1,"featured_media":0,"parent":0,"menu_order":0,"comment_status":"closed","ping_status":"closed","template":"page-cs.php","meta":{"ngg_post_thumbnail":0,"footnotes":"","_mc_calendar":[]},"aioseo_notices":[],"_links":{"self":[{"href":"https:\/\/blogsaverroes.juntadeandalucia.es\/iesalquivira\/wp-json\/wp\/v2\/pages\/44"}],"collection":[{"href":"https:\/\/blogsaverroes.juntadeandalucia.es\/iesalquivira\/wp-json\/wp\/v2\/pages"}],"about":[{"href":"https:\/\/blogsaverroes.juntadeandalucia.es\/iesalquivira\/wp-json\/wp\/v2\/types\/page"}],"author":[{"embeddable":true,"href":"https:\/\/blogsaverroes.juntadeandalucia.es\/iesalquivira\/wp-json\/wp\/v2\/users\/1"}],"replies":[{"embeddable":true,"href":"https:\/\/blogsaverroes.juntadeandalucia.es\/iesalquivira\/wp-json\/wp\/v2\/comments?post=44"}],"version-history":[{"count":29,"href":"https:\/\/blogsaverroes.juntadeandalucia.es\/iesalquivira\/wp-json\/wp\/v2\/pages\/44\/revisions"}],"predecessor-version":[{"id":3361,"href":"https:\/\/blogsaverroes.juntadeandalucia.es\/iesalquivira\/wp-json\/wp\/v2\/pages\/44\/revisions\/3361"}],"wp:attachment":[{"href":"https:\/\/blogsaverroes.juntadeandalucia.es\/iesalquivira\/wp-json\/wp\/v2\/media?parent=44"}],"curies":[{"name":"wp","href":"https:\/\/api.w.org\/{rel}","templated":true}]}}

<p><img loading="lazy" decoding="async" class=" size-medium wp-image-1667 aligncenter" src="http://blogsaverroes.juntadeandalucia.es/iesalquivira/files/2015/03/planes-300x150.png" alt="planes" width="300" height="150" srcset="https://blogsaverroes.juntadeandalucia.es/iesalquivira/files/2015/03/planes-300x150.png 300w, https://blogsaverroes.juntadeandalucia.es/iesalquivira/files/2015/03/planes.png 640w" sizes="(max-width: 300px) 100vw, 300px" /></p>
<p>El IES Alquivira personaliza y adapta su Proyecto Educativo adhiriéndose a diferentes <strong>Planes y Programas</strong> promovidos desde la Consejería de Educación, Cultura y Deporte.</p>
<p>A continuación se muestran algunos de ellos.</p>
<ul>
<li><strong>Programa de&nbsp;<b>Centro</b>&nbsp;<b>Bilingüe.</b></strong></li>
<li><strong>Proyectos Centros T.I.C.</strong></li>
<li><strong>Prácticum Máster Secundaria.</strong></li>
<li><strong>Plan de Salud Laboral y P.R.L.</strong></li>
<li><strong>Red Andaluza Escuela: «Espacio de Paz»</strong></li>
<li><strong>Escuela TIC 2.0</strong></li>
<li><strong>Plan de apertura de centros docentes.</strong></li>
<li><strong>Plan de igualdad entre hombres y mujeres en la educación.</strong></li>
<li><strong>Forma joven en el ámbito educativo.</strong></li>
</ul>
<p><a title="Premios al Mérito 2016" href="https://www.flickr.com/gp/136068452@N03/aACu8f"><img loading="lazy" decoding="async" src="https://c5.staticflickr.com/6/5832/30020956884_0f61e41791_z.jpg" alt="Premios al Mérito 2016" width="640" height="425"></a></p>

<p>El IES Alquivira personaliza y adapta su Proyecto Educativo adhiriéndose a diferentes Planes y Programas promovidos desde la Consejería de Educación, Cultura y Deporte. A&hellip;</p>
