{"id":49,"date":"2015-03-13T08:47:05","date_gmt":"2015-03-13T08:47:05","guid":{"rendered":"http:\/\/blogsaverroes.juntadeandalucia.es\/pre\/ceip\/?page_id=49"},"modified":"2022-04-21T10:26:14","modified_gmt":"2022-04-21T10:26:14","slug":"proyecto-educativo","status":"publish","type":"page","link":"https:\/\/blogsaverroes.juntadeandalucia.es\/iesalquivira\/proyecto-educativo\/","title":{"rendered":"Proyecto Educativo"},"content":{"rendered":"<p style=\"text-align: center\"><a href=\"https:\/\/blogsaverroes.juntadeandalucia.es\/iesalquivira\/files\/2022\/04\/Proyecto-Educativo-2021-2022.pdf\"><img loading=\"lazy\" decoding=\"async\" class=\"alignnone size-medium wp-image-3302\" src=\"https:\/\/blogsaverroes.juntadeandalucia.es\/iesalquivira\/files\/2015\/03\/0001-212x300.jpg\" alt=\"\" width=\"212\" height=\"300\" srcset=\"https:\/\/blogsaverroes.juntadeandalucia.es\/iesalquivira\/files\/2015\/03\/0001-212x300.jpg 212w, https:\/\/blogsaverroes.juntadeandalucia.es\/iesalquivira\/files\/2015\/03\/0001-768x1086.jpg 768w, https:\/\/blogsaverroes.juntadeandalucia.es\/iesalquivira\/files\/2015\/03\/0001-724x1024.jpg 724w, https:\/\/blogsaverroes.juntadeandalucia.es\/iesalquivira\/files\/2015\/03\/0001-17x24.jpg 17w, https:\/\/blogsaverroes.juntadeandalucia.es\/iesalquivira\/files\/2015\/03\/0001-25x36.jpg 25w, https:\/\/blogsaverroes.juntadeandalucia.es\/iesalquivira\/files\/2015\/03\/0001-34x48.jpg 34w, https:\/\/blogsaverroes.juntadeandalucia.es\/iesalquivira\/files\/2015\/03\/0001.jpg 1131w\" sizes=\"(max-width: 212px) 100vw, 212px\" \/><\/a><\/p>\n<p style=\"text-align: center\"><a href=\"https:\/\/blogsaverroes.juntadeandalucia.es\/iesalquivira\/files\/2022\/04\/Proyecto-Educativo-2021-2022.pdf\">Proyecto Educativo 2021-2022<\/a><\/p>\n<p style=\"text-align: center\"><a href=\"https:\/\/blogsaverroes.juntadeandalucia.es\/iesalquivira\/files\/2022\/04\/qrcode_blogsaverroes.juntadeandalucia.es_.png\"><img loading=\"lazy\" decoding=\"async\" class=\"alignnone  wp-image-3985\" src=\"https:\/\/blogsaverroes.juntadeandalucia.es\/iesalquivira\/files\/2022\/04\/qrcode_blogsaverroes.juntadeandalucia.es_-300x300.png\" alt=\"\" width=\"118\" height=\"118\" srcset=\"https:\/\/blogsaverroes.juntadeandalucia.es\/iesalquivira\/files\/2022\/04\/qrcode_blogsaverroes.juntadeandalucia.es_-300x300.png 300w, https:\/\/blogsaverroes.juntadeandalucia.es\/iesalquivira\/files\/2022\/04\/qrcode_blogsaverroes.juntadeandalucia.es_-150x150.png 150w, https:\/\/blogsaverroes.juntadeandalucia.es\/iesalquivira\/files\/2022\/04\/qrcode_blogsaverroes.juntadeandalucia.es_-50x50.png 50w, https:\/\/blogsaverroes.juntadeandalucia.es\/iesalquivira\/files\/2022\/04\/qrcode_blogsaverroes.juntadeandalucia.es_.png 530w\" sizes=\"(max-width: 118px) 100vw, 118px\" \/><\/a><\/p>\n<p>Un centro se define en gran medida por su <strong>Proyecto Educativo<\/strong>. En \u00e9l se plasma el modelo educativo y la concreci\u00f3n de la normativa que un centro realiza respecto a las ense\u00f1anzas que imparte. Aspectos tales como las finales educativas, objetivos, atenci\u00f3n a la diversidad, etc.<\/p>\n<p style=\"text-align: center\">&nbsp;<\/p>\n<p>&nbsp;<\/p>\n","protected":false},"excerpt":{"rendered":"<p>Proyecto Educativo 2021-2022 Un centro se define en gran medida por su Proyecto Educativo. En \u00e9l se plasma el modelo educativo y la concreci\u00f3n de&hellip;<\/p>\n","protected":false},"author":1,"featured_media":3299,"parent":0,"menu_order":0,"comment_status":"closed","ping_status":"open","template":"page-cs.php","meta":{"ngg_post_thumbnail":0,"footnotes":"","_mc_calendar":[]},"aioseo_notices":[],"_links":{"self":[{"href":"https:\/\/blogsaverroes.juntadeandalucia.es\/iesalquivira\/wp-json\/wp\/v2\/pages\/49"}],"collection":[{"href":"https:\/\/blogsaverroes.juntadeandalucia.es\/iesalquivira\/wp-json\/wp\/v2\/pages"}],"about":[{"href":"https:\/\/blogsaverroes.juntadeandalucia.es\/iesalquivira\/wp-json\/wp\/v2\/types\/page"}],"author":[{"embeddable":true,"href":"https:\/\/blogsaverroes.juntadeandalucia.es\/iesalquivira\/wp-json\/wp\/v2\/users\/1"}],"replies":[{"embeddable":true,"href":"https:\/\/blogsaverroes.juntadeandalucia.es\/iesalquivira\/wp-json\/wp\/v2\/comments?post=49"}],"version-history":[{"count":21,"href":"https:\/\/blogsaverroes.juntadeandalucia.es\/iesalquivira\/wp-json\/wp\/v2\/pages\/49\/revisions"}],"predecessor-version":[{"id":3987,"href":"https:\/\/blogsaverroes.juntadeandalucia.es\/iesalquivira\/wp-json\/wp\/v2\/pages\/49\/revisions\/3987"}],"wp:featuredmedia":[{"embeddable":true,"href":"https:\/\/blogsaverroes.juntadeandalucia.es\/iesalquivira\/wp-json\/wp\/v2\/media\/3299"}],"wp:attachment":[{"href":"https:\/\/blogsaverroes.juntadeandalucia.es\/iesalquivira\/wp-json\/wp\/v2\/media?parent=49"}],"curies":[{"name":"wp","href":"https:\/\/api.w.org\/{rel}","templated":true}]}}

<p style="text-align: center"><a href="https://blogsaverroes.juntadeandalucia.es/iesalquivira/files/2022/04/Proyecto-Educativo-2021-2022.pdf"><img loading="lazy" decoding="async" class="alignnone size-medium wp-image-3302" src="https://blogsaverroes.juntadeandalucia.es/iesalquivira/files/2015/03/0001-212x300.jpg" alt="" width="212" height="300" srcset="https://blogsaverroes.juntadeandalucia.es/iesalquivira/files/2015/03/0001-212x300.jpg 212w, https://blogsaverroes.juntadeandalucia.es/iesalquivira/files/2015/03/0001-768x1086.jpg 768w, https://blogsaverroes.juntadeandalucia.es/iesalquivira/files/2015/03/0001-724x1024.jpg 724w, https://blogsaverroes.juntadeandalucia.es/iesalquivira/files/2015/03/0001-17x24.jpg 17w, https://blogsaverroes.juntadeandalucia.es/iesalquivira/files/2015/03/0001-25x36.jpg 25w, https://blogsaverroes.juntadeandalucia.es/iesalquivira/files/2015/03/0001-34x48.jpg 34w, https://blogsaverroes.juntadeandalucia.es/iesalquivira/files/2015/03/0001.jpg 1131w" sizes="(max-width: 212px) 100vw, 212px" /></a></p>
<p style="text-align: center"><a href="https://blogsaverroes.juntadeandalucia.es/iesalquivira/files/2022/04/Proyecto-Educativo-2021-2022.pdf">Proyecto Educativo 2021-2022</a></p>
<p style="text-align: center"><a href="https://blogsaverroes.juntadeandalucia.es/iesalquivira/files/2022/04/qrcode_blogsaverroes.juntadeandalucia.es_.png"><img loading="lazy" decoding="async" class="alignnone  wp-image-3985" src="https://blogsaverroes.juntadeandalucia.es/iesalquivira/files/2022/04/qrcode_blogsaverroes.juntadeandalucia.es_-300x300.png" alt="" width="118" height="118" srcset="https://blogsaverroes.juntadeandalucia.es/iesalquivira/files/2022/04/qrcode_blogsaverroes.juntadeandalucia.es_-300x300.png 300w, https://blogsaverroes.juntadeandalucia.es/iesalquivira/files/2022/04/qrcode_blogsaverroes.juntadeandalucia.es_-150x150.png 150w, https://blogsaverroes.juntadeandalucia.es/iesalquivira/files/2022/04/qrcode_blogsaverroes.juntadeandalucia.es_-50x50.png 50w, https://blogsaverroes.juntadeandalucia.es/iesalquivira/files/2022/04/qrcode_blogsaverroes.juntadeandalucia.es_.png 530w" sizes="(max-width: 118px) 100vw, 118px" /></a></p>
<p>Un centro se define en gran medida por su <strong>Proyecto Educativo</strong>. En él se plasma el modelo educativo y la concreción de la normativa que un centro realiza respecto a las enseñanzas que imparte. Aspectos tales como las finales educativas, objetivos, atención a la diversidad, etc.</p>
<p style="text-align: center">&nbsp;</p>
<p>&nbsp;</p>

<p>Proyecto Educativo 2021-2022 Un centro se define en gran medida por su Proyecto Educativo. En él se plasma el modelo educativo y la concreción de&hellip;</p>
