{"id":151,"date":"2020-10-19T18:57:06","date_gmt":"2020-10-19T18:57:06","guid":{"rendered":"https:\/\/blogsaverroes.juntadeandalucia.es\/iesaltoalmanzora\/?page_id=151"},"modified":"2021-12-21T16:59:14","modified_gmt":"2021-12-21T16:59:14","slug":"frances","status":"publish","type":"page","link":"https:\/\/blogsaverroes.juntadeandalucia.es\/iesaltoalmanzora\/frances\/","title":{"rendered":"Franc\u00e9s"},"content":{"rendered":"<p><strong><span style=\"font-family: Times New Roman, serif\">COMPOSICI\u00d3N DEL DEPARTAMENTO Y DISTRIBUCI\u00d3N DE ENSE\u00d1ANZAS.<\/span><\/strong><\/p>\n<p><span style=\"font-weight: 400;color: #000000\">Durante el curso 2021-2022, el Departamento de Franc\u00e9s estar\u00e1 compuesto por&nbsp; los siguientes profesores: Javier Rivas Lozano, Gloria Garc\u00eda Garc\u00eda y Ana Lorente Salda\u00f1a que se har\u00e1 cargo de la Jefatura de Departamento un a\u00f1o m\u00e1s.<\/span><\/p>\n<p><span style=\"font-weight: 400;color: #000000\">La distribuci\u00f3n de grupos y materias entre los tres miembros del departamento es la siguiente:<\/span><\/p>\n<p><b>Javier Rivas Lozano:<\/b><\/p>\n<ul>\n<li style=\"font-weight: 400\"><span style=\"font-weight: 400;color: #000000\">3\u00ba ESO A \u2013 Franc\u00e9s<\/span><\/li>\n<li style=\"font-weight: 400\"><span style=\"font-weight: 400;color: #000000\">3\u00ba ESO A -B Fr. 2\u00ba idioma<\/span><\/li>\n<li style=\"font-weight: 400\"><span style=\"font-weight: 400;color: #000000\">1\u00ba BTO A \u2013B&nbsp; Fr. 2\u00ba idioma nivel avanzado&nbsp;<\/span><\/li>\n<li style=\"font-weight: 400\"><span style=\"font-weight: 400;color: #000000\">2\u00ba&nbsp; BTO A \u2013B&nbsp; Fr. 2\u00ba idioma<\/span><\/li>\n<li style=\"font-weight: 400\"><span style=\"font-weight: 400;color: #000000\">2\u00ba&nbsp; BTO A&nbsp; \u2013 Franc\u00e9s<\/span><\/li>\n<\/ul>\n<p><b>Gloria Garc\u00eda Garc\u00eda:<\/b><\/p>\n<ul>\n<li style=\"font-weight: 400\"><span style=\"font-weight: 400;color: #000000\">4\u00ba ESO A- Franc\u00e9s&nbsp;<\/span><\/li>\n<li style=\"font-weight: 400\"><span style=\"font-weight: 400;color: #000000\">4\u00ba ESO A-B- Franc\u00e9s 2\u00ba idioma<\/span><\/li>\n<li style=\"font-weight: 400\"><span style=\"font-weight: 400;color: #000000\">1\u00ba BTO A-B Fr. 2\u00ba idioma nivel inicial<\/span><\/li>\n<li style=\"font-weight: 400\"><span style=\"font-weight: 400;color: #000000\">1\u00ba FPB &#8211; Ingl\u00e9s&nbsp;<\/span><\/li>\n<li style=\"font-weight: 400\"><span style=\"font-weight: 400;color: #000000\">2\u00ba FPB- Comunicaci\u00f3n y Sociedad&nbsp;<\/span><\/li>\n<\/ul>\n<p><b>Ana Lorente Salda\u00f1a:<\/b><\/p>\n<ul>\n<li style=\"font-weight: 400\"><span style=\"font-weight: 400;color: #000000\">1\u00ba ESO A \u2013 Franc\u00e9s<\/span><\/li>\n<li style=\"font-weight: 400\"><span style=\"font-weight: 400;color: #000000\">1\u00ba ESO A-B \u2013 Franc\u00e9s 2\u00ba idioma&nbsp;<\/span><\/li>\n<li style=\"font-weight: 400\"><span style=\"font-weight: 400;color: #000000\">Conversaci\u00f3n&nbsp; en franc\u00e9s 1\u00ba ESO<\/span><\/li>\n<li style=\"font-weight: 400\"><span style=\"font-weight: 400;color: #000000\">2\u00ba ESO A &#8211; Franc\u00e9s<\/span><\/li>\n<li style=\"font-weight: 400\"><span style=\"font-weight: 400;color: #000000\">2\u00ba ESO A-B Fr. 2\u00ba idioma&nbsp;<\/span><\/li>\n<li style=\"font-weight: 400\"><span style=\"font-weight: 400;color: #000000\">1\u00ba BTO A-B Franc\u00e9s<\/span><\/li>\n<\/ul>\n","protected":false},"excerpt":{"rendered":"<p>COMPOSICI\u00d3N DEL DEPARTAMENTO Y DISTRIBUCI\u00d3N DE ENSE\u00d1ANZAS. Durante el curso 2021-2022, el Departamento de Franc\u00e9s estar\u00e1 compuesto por&nbsp; los siguientes profesores: Javier Rivas Lozano, Gloria Garc\u00eda Garc\u00eda y Ana Lorente Salda\u00f1a que se har\u00e1&#46;&#46;&#46;<\/p>\n","protected":false},"author":10541,"featured_media":0,"parent":0,"menu_order":0,"comment_status":"closed","ping_status":"closed","template":"","meta":{"ngg_post_thumbnail":0,"footnotes":""},"aioseo_notices":[],"_links":{"self":[{"href":"https:\/\/blogsaverroes.juntadeandalucia.es\/iesaltoalmanzora\/wp-json\/wp\/v2\/pages\/151"}],"collection":[{"href":"https:\/\/blogsaverroes.juntadeandalucia.es\/iesaltoalmanzora\/wp-json\/wp\/v2\/pages"}],"about":[{"href":"https:\/\/blogsaverroes.juntadeandalucia.es\/iesaltoalmanzora\/wp-json\/wp\/v2\/types\/page"}],"author":[{"embeddable":true,"href":"https:\/\/blogsaverroes.juntadeandalucia.es\/iesaltoalmanzora\/wp-json\/wp\/v2\/users\/10541"}],"replies":[{"embeddable":true,"href":"https:\/\/blogsaverroes.juntadeandalucia.es\/iesaltoalmanzora\/wp-json\/wp\/v2\/comments?post=151"}],"version-history":[{"count":6,"href":"https:\/\/blogsaverroes.juntadeandalucia.es\/iesaltoalmanzora\/wp-json\/wp\/v2\/pages\/151\/revisions"}],"predecessor-version":[{"id":908,"href":"https:\/\/blogsaverroes.juntadeandalucia.es\/iesaltoalmanzora\/wp-json\/wp\/v2\/pages\/151\/revisions\/908"}],"wp:attachment":[{"href":"https:\/\/blogsaverroes.juntadeandalucia.es\/iesaltoalmanzora\/wp-json\/wp\/v2\/media?parent=151"}],"curies":[{"name":"wp","href":"https:\/\/api.w.org\/{rel}","templated":true}]}}

Francés

<p><strong><span style="font-family: Times New Roman, serif">COMPOSICIÓN DEL DEPARTAMENTO Y DISTRIBUCIÓN DE ENSEÑANZAS.</span></strong></p>
<p><span style="font-weight: 400;color: #000000">Durante el curso 2021-2022, el Departamento de Francés estará compuesto por&nbsp; los siguientes profesores: Javier Rivas Lozano, Gloria García García y Ana Lorente Saldaña que se hará cargo de la Jefatura de Departamento un año más.</span></p>
<p><span style="font-weight: 400;color: #000000">La distribución de grupos y materias entre los tres miembros del departamento es la siguiente:</span></p>
<p><b>Javier Rivas Lozano:</b></p>
<ul>
<li style="font-weight: 400"><span style="font-weight: 400;color: #000000">3º ESO A – Francés</span></li>
<li style="font-weight: 400"><span style="font-weight: 400;color: #000000">3º ESO A -B Fr. 2º idioma</span></li>
<li style="font-weight: 400"><span style="font-weight: 400;color: #000000">1º BTO A –B&nbsp; Fr. 2º idioma nivel avanzado&nbsp;</span></li>
<li style="font-weight: 400"><span style="font-weight: 400;color: #000000">2º&nbsp; BTO A –B&nbsp; Fr. 2º idioma</span></li>
<li style="font-weight: 400"><span style="font-weight: 400;color: #000000">2º&nbsp; BTO A&nbsp; – Francés</span></li>
</ul>
<p><b>Gloria García García:</b></p>
<ul>
<li style="font-weight: 400"><span style="font-weight: 400;color: #000000">4º ESO A- Francés&nbsp;</span></li>
<li style="font-weight: 400"><span style="font-weight: 400;color: #000000">4º ESO A-B- Francés 2º idioma</span></li>
<li style="font-weight: 400"><span style="font-weight: 400;color: #000000">1º BTO A-B Fr. 2º idioma nivel inicial</span></li>
<li style="font-weight: 400"><span style="font-weight: 400;color: #000000">1º FPB &#8211; Inglés&nbsp;</span></li>
<li style="font-weight: 400"><span style="font-weight: 400;color: #000000">2º FPB- Comunicación y Sociedad&nbsp;</span></li>
</ul>
<p><b>Ana Lorente Saldaña:</b></p>
<ul>
<li style="font-weight: 400"><span style="font-weight: 400;color: #000000">1º ESO A – Francés</span></li>
<li style="font-weight: 400"><span style="font-weight: 400;color: #000000">1º ESO A-B – Francés 2º idioma&nbsp;</span></li>
<li style="font-weight: 400"><span style="font-weight: 400;color: #000000">Conversación&nbsp; en francés 1º ESO</span></li>
<li style="font-weight: 400"><span style="font-weight: 400;color: #000000">2º ESO A &#8211; Francés</span></li>
<li style="font-weight: 400"><span style="font-weight: 400;color: #000000">2º ESO A-B Fr. 2º idioma&nbsp;</span></li>
<li style="font-weight: 400"><span style="font-weight: 400;color: #000000">1º BTO A-B Francés</span></li>
</ul>

<p>COMPOSICIÓN DEL DEPARTAMENTO Y DISTRIBUCIÓN DE ENSEÑANZAS. Durante el curso 2021-2022, el Departamento de Francés estará compuesto por&nbsp; los siguientes profesores: Javier Rivas Lozano, Gloria García García y Ana Lorente Saldaña que se hará&#46;&#46;&#46;</p>
