{"id":163,"date":"2020-10-19T18:59:21","date_gmt":"2020-10-19T18:59:21","guid":{"rendered":"https:\/\/blogsaverroes.juntadeandalucia.es\/iesaltoalmanzora\/?page_id=163"},"modified":"2021-01-19T20:02:41","modified_gmt":"2021-01-19T20:02:41","slug":"musica","status":"publish","type":"page","link":"https:\/\/blogsaverroes.juntadeandalucia.es\/iesaltoalmanzora\/musica\/","title":{"rendered":"M\u00fasica"},"content":{"rendered":"<p><strong>Jefa del Departamento de M\u00fasica<\/strong><\/p>\n<p style=\"padding-left: 40px\">M\u00f3nica Garz\u00f3n Catena<\/p>\n<p><strong>Cursos d\u00f3nde se imparte la materia de m\u00fasica:<\/strong><\/p>\n<p style=\"padding-left: 40px\">1\u00ba ESO<\/p>\n<p style=\"padding-left: 40px\">2\u00ba ESO<\/p>\n<p><strong>Libros que utilizamos:<\/strong><\/p>\n<p style=\"padding-left: 40px\">1\u00ba ESO: \u201cM\u00fasica 1: para que las cosas ocurran\u201d. Editorial Edelvives.<br \/>\n2\u00ba ESO: \u201cM\u00fasica II\u201d Editorial Editex.<\/p>\n","protected":false},"excerpt":{"rendered":"<p>Jefa del Departamento de M\u00fasica M\u00f3nica Garz\u00f3n Catena Cursos d\u00f3nde se imparte la materia de m\u00fasica: 1\u00ba ESO 2\u00ba ESO Libros que utilizamos: 1\u00ba ESO: \u201cM\u00fasica 1: para que las cosas ocurran\u201d. Editorial Edelvives.&#46;&#46;&#46;<\/p>\n","protected":false},"author":10541,"featured_media":0,"parent":0,"menu_order":0,"comment_status":"closed","ping_status":"closed","template":"","meta":{"ngg_post_thumbnail":0,"footnotes":""},"aioseo_notices":[],"_links":{"self":[{"href":"https:\/\/blogsaverroes.juntadeandalucia.es\/iesaltoalmanzora\/wp-json\/wp\/v2\/pages\/163"}],"collection":[{"href":"https:\/\/blogsaverroes.juntadeandalucia.es\/iesaltoalmanzora\/wp-json\/wp\/v2\/pages"}],"about":[{"href":"https:\/\/blogsaverroes.juntadeandalucia.es\/iesaltoalmanzora\/wp-json\/wp\/v2\/types\/page"}],"author":[{"embeddable":true,"href":"https:\/\/blogsaverroes.juntadeandalucia.es\/iesaltoalmanzora\/wp-json\/wp\/v2\/users\/10541"}],"replies":[{"embeddable":true,"href":"https:\/\/blogsaverroes.juntadeandalucia.es\/iesaltoalmanzora\/wp-json\/wp\/v2\/comments?post=163"}],"version-history":[{"count":3,"href":"https:\/\/blogsaverroes.juntadeandalucia.es\/iesaltoalmanzora\/wp-json\/wp\/v2\/pages\/163\/revisions"}],"predecessor-version":[{"id":346,"href":"https:\/\/blogsaverroes.juntadeandalucia.es\/iesaltoalmanzora\/wp-json\/wp\/v2\/pages\/163\/revisions\/346"}],"wp:attachment":[{"href":"https:\/\/blogsaverroes.juntadeandalucia.es\/iesaltoalmanzora\/wp-json\/wp\/v2\/media?parent=163"}],"curies":[{"name":"wp","href":"https:\/\/api.w.org\/{rel}","templated":true}]}}