{"id":171,"date":"2020-10-19T19:00:32","date_gmt":"2020-10-19T19:00:32","guid":{"rendered":"https:\/\/blogsaverroes.juntadeandalucia.es\/iesaltoalmanzora\/?page_id=171"},"modified":"2022-04-08T08:20:08","modified_gmt":"2022-04-08T08:20:08","slug":"fol","status":"publish","type":"page","link":"https:\/\/blogsaverroes.juntadeandalucia.es\/iesaltoalmanzora\/fol\/","title":{"rendered":"FOL"},"content":{"rendered":"<p>El Departamento de Formaci\u00f3n y Orientaci\u00f3n Laboral (FOL) est\u00e1 compuesto por:<\/p>\n<p><span style=\"font-family: helvetica, arial, sans-serif;color: #333333\"><span style=\"font-size: 14pt\">M\u00aa Esther P\u00e9rez Garc\u00eda<\/span>\u00a0<\/span><\/p>\n<p>Ostenta el cargo de Coordinadora de la FP Dual e imparte docencia en los siguientes grupos:<\/p>\n<ul>\n<li>4\u00ba ESO: Iniciaci\u00f3n a la Actividad Emprendedora y Empresarial.<\/li>\n<li>1\u00ba APSD (CFGM de Atenci\u00f3n a Personas en Situaci\u00f3n de Dependencia): Formaci\u00f3n y Orientaci\u00f3n Laboral.<\/li>\n<li>2\u00ba APSD (CFGM de Atenci\u00f3n a Personas en Situaci\u00f3n de Dependencia): Empresa e Iniciativa Emprendedora.<\/li>\n<li>1\u00ba AF (CFGS de Administraci\u00f3n y Finanzas): Formaci\u00f3n y Orientaci\u00f3n Laboral.<\/li>\n<\/ul>\n<p>&nbsp;<\/p>\n","protected":false},"excerpt":{"rendered":"<p>El Departamento de Formaci\u00f3n y Orientaci\u00f3n Laboral (FOL) est\u00e1 compuesto por: M\u00aa Esther P\u00e9rez Garc\u00eda\u00a0 Ostenta el cargo de Coordinadora de la FP Dual e imparte docencia en los siguientes grupos: 4\u00ba ESO: Iniciaci\u00f3n&#46;&#46;&#46;<\/p>\n","protected":false},"author":10541,"featured_media":0,"parent":0,"menu_order":0,"comment_status":"closed","ping_status":"closed","template":"","meta":{"ngg_post_thumbnail":0,"footnotes":""},"aioseo_notices":[],"_links":{"self":[{"href":"https:\/\/blogsaverroes.juntadeandalucia.es\/iesaltoalmanzora\/wp-json\/wp\/v2\/pages\/171"}],"collection":[{"href":"https:\/\/blogsaverroes.juntadeandalucia.es\/iesaltoalmanzora\/wp-json\/wp\/v2\/pages"}],"about":[{"href":"https:\/\/blogsaverroes.juntadeandalucia.es\/iesaltoalmanzora\/wp-json\/wp\/v2\/types\/page"}],"author":[{"embeddable":true,"href":"https:\/\/blogsaverroes.juntadeandalucia.es\/iesaltoalmanzora\/wp-json\/wp\/v2\/users\/10541"}],"replies":[{"embeddable":true,"href":"https:\/\/blogsaverroes.juntadeandalucia.es\/iesaltoalmanzora\/wp-json\/wp\/v2\/comments?post=171"}],"version-history":[{"count":3,"href":"https:\/\/blogsaverroes.juntadeandalucia.es\/iesaltoalmanzora\/wp-json\/wp\/v2\/pages\/171\/revisions"}],"predecessor-version":[{"id":1093,"href":"https:\/\/blogsaverroes.juntadeandalucia.es\/iesaltoalmanzora\/wp-json\/wp\/v2\/pages\/171\/revisions\/1093"}],"wp:attachment":[{"href":"https:\/\/blogsaverroes.juntadeandalucia.es\/iesaltoalmanzora\/wp-json\/wp\/v2\/media?parent=171"}],"curies":[{"name":"wp","href":"https:\/\/api.w.org\/{rel}","templated":true}]}}

<p>El Departamento de Formación y Orientación Laboral (FOL) está compuesto por:</p>
<p><span style="font-family: helvetica, arial, sans-serif;color: #333333"><span style="font-size: 14pt">Mª Esther Pérez García</span> </span></p>
<p>Ostenta el cargo de Coordinadora de la FP Dual e imparte docencia en los siguientes grupos:</p>
<ul>
<li>4º ESO: Iniciación a la Actividad Emprendedora y Empresarial.</li>
<li>1º APSD (CFGM de Atención a Personas en Situación de Dependencia): Formación y Orientación Laboral.</li>
<li>2º APSD (CFGM de Atención a Personas en Situación de Dependencia): Empresa e Iniciativa Emprendedora.</li>
<li>1º AF (CFGS de Administración y Finanzas): Formación y Orientación Laboral.</li>
</ul>
<p>&nbsp;</p>

<p>El Departamento de Formación y Orientación Laboral (FOL) está compuesto por: Mª Esther Pérez García  Ostenta el cargo de Coordinadora de la FP Dual e imparte docencia en los siguientes grupos: 4º ESO: Iniciación&#46;&#46;&#46;</p>
