{"id":20,"date":"2020-09-21T22:47:25","date_gmt":"2020-09-21T22:47:25","guid":{"rendered":"https:\/\/blogsaverroes.juntadeandalucia.es\/iesaltoalmanzora\/?page_id=20"},"modified":"2020-10-08T21:57:28","modified_gmt":"2020-10-08T21:57:28","slug":"historia","status":"publish","type":"page","link":"https:\/\/blogsaverroes.juntadeandalucia.es\/iesaltoalmanzora\/historia\/","title":{"rendered":"Historia"},"content":{"rendered":"<p>Nuestro Centro tiene su origen en el\u00a0<strong>Colegio Libre Adoptado<\/strong>\u00a0que se cre\u00f3 en T\u00edjola en el curso\u00a0<strong>1967\/68<\/strong>. En su primer a\u00f1o de funcionamiento el centro contaba con 95 alumnos y 7 profesores. En esos primeros a\u00f1os cuatro profesores eran aportados por el Ministerio de Educaci\u00f3n, el resto de la plantilla, as\u00ed como todos los gastos administrativos y funcionales corr\u00edan a cargo del Excmo. Ayuntamiento de T\u00edjola.<br \/>\nEn\u00a0<strong>1970<\/strong>\u00a0se inici\u00f3 la construcci\u00f3n del edificio actual del Centro, con aportaci\u00f3n \u00edntegra de la Administraci\u00f3n Central, sobre un solar adquirido a la familia Rodr\u00edguez de Torres. En\u00a0<strong>1973<\/strong>\u00a0el nuevo edificio comenz\u00f3 a ser funcional.<br \/>\nEn\u00a0<strong>1975<\/strong>\u00a0el centro pas\u00f3 a ser calificado como\u00a0<strong>Centro Homologado provisional<\/strong>, consiguiendo la\u00a0denominaci\u00f3n definitiva\u00a0en el a\u00f1o\u00a0<strong>1976<\/strong>.<br \/>\nEn\u00a0<strong>1979<\/strong>\u00a0el Ayuntamiento pudo por fin liberarse de la carga econ\u00f3mica que supon\u00eda el mantenimiento del Centro al conseguir que pasara a ser<strong>\u00a0Extensi\u00f3n del I.B. de Olula del R\u00edo<\/strong>, y por tanto totalmente dependiente del Ministerio de Educaci\u00f3n y Ciencia. Comenz\u00f3 entonces la lucha por conseguir que fuera un centro independiente en la que se involucraron todos los sectores de la comunidad educativa.<\/p>\n<p>Por fin, en\u00a0<strong>septiembre de\u00a01985<\/strong>\u00a0se consigui\u00f3 la calificaci\u00f3n de\u00a0<strong>Instituto de Bachillerato<\/strong>. Contaba en el curso 84\/85 con 189 alumnos y 15 profesores.<\/p>\n<p>Ya en una historia m\u00e1s reciente debemos destacar que en\u00a0<strong>1989<\/strong>\u00a0y gracias al inter\u00e9s por el Centro mostrado por la entonces Inspectora de Educaci\u00f3n, y m\u00e1s tarde Consejera de Educaci\u00f3n, D\u00aa Inmaculada Romacho, se produjo un hecho que ha sido crucial para nuestro Centro y para T\u00edjola y su comarca, a saber: la\u00a0implantaci\u00f3n\u00a0en el mismo de la\u00a0Reforma de las Ense\u00f1anzas Medias\u00a0con car\u00e1cter experimental, incluyendo un M\u00f3dulo Profesional de Nivel II de Administraci\u00f3n y Gesti\u00f3n.<\/p>\n<p>Comenz\u00f3 as\u00ed un periodo cuyo balance, bastantes a\u00f1os despu\u00e9s, debe ser francamente positivo. Aunque entonces sufrimos los problemas derivados de la experimentaci\u00f3n (curr\u00edculos poco definidos, falta de legislaci\u00f3n, desorientaci\u00f3n del profesorado, etc.), tuvimos en cambio la oportunidad de que nuestro Centro se viera favorecido tanto en la dotaci\u00f3n de recursos materiales como humanos. Las tremendas carencias de las etapas anteriores fueron subsanadas, y con las obras culminadas a principios del curso\u00a0<strong>96\/97<\/strong>, llegamos a encontrarnos con un centro en el que, aunque persist\u00edan deficiencias, se pod\u00eda desarrollar con un m\u00ednimo de dignidad la labor docente.<\/p>\n<p>El curso<strong>\u00a096\/97<\/strong>\u00a0marcar\u00e1 el fin de un periodo y el comienzo de otro al incorporarse al Centro los alumnos de 1\u00ba y 2\u00ba de ESO.<\/p>\n<p>En este periodo m\u00e1s reciente han cambiado muchas cosas en el mundo educativo. A la LOGSE ha seguido la LOCE y a \u00e9sta la LOE. La sociedad es m\u00e1s exigente con el sistema educativo. La convivencia en los centros se ha convertido en tema frecuente en los medios de comunicaci\u00f3n. La Administraci\u00f3n opta porque la mejora de los centros se realice a trav\u00e9s de las sucesivas convocatorias de planes y proyectos educativos&#8230;<\/p>\n<p>Nuestro Centro, como no puede ser menos, participa en distintas convocatorias y pasamos a ser Centro TIC, Centro PAF, Centro de la Red de Ecoescuelas, Centro de la Red de Escuelas Solares, Centro Deporte en la Escuela, Centro de la Red de Escuelas Espacio de Paz &#8230;<\/p>\n<p>En el\u00a0<strong>2006<\/strong>\u00a0recibimos el reconocimiento de la Excma. Consejera de Educaci\u00f3n y se nos anuncia que podremos contar con un nuevo edificio para el Centro.<\/p>\n<p>Esta es la etapa en la que estamos y estos los retos que nos toca superar.<\/p>\n","protected":false},"excerpt":{"rendered":"<p>Nuestro Centro tiene su origen en el\u00a0Colegio Libre Adoptado\u00a0que se cre\u00f3 en T\u00edjola en el curso\u00a01967\/68. En su primer a\u00f1o de funcionamiento el centro contaba con 95 alumnos y 7 profesores. En esos primeros&#46;&#46;&#46;<\/p>\n","protected":false},"author":10541,"featured_media":0,"parent":0,"menu_order":0,"comment_status":"closed","ping_status":"closed","template":"","meta":{"ngg_post_thumbnail":0,"footnotes":""},"aioseo_notices":[],"_links":{"self":[{"href":"https:\/\/blogsaverroes.juntadeandalucia.es\/iesaltoalmanzora\/wp-json\/wp\/v2\/pages\/20"}],"collection":[{"href":"https:\/\/blogsaverroes.juntadeandalucia.es\/iesaltoalmanzora\/wp-json\/wp\/v2\/pages"}],"about":[{"href":"https:\/\/blogsaverroes.juntadeandalucia.es\/iesaltoalmanzora\/wp-json\/wp\/v2\/types\/page"}],"author":[{"embeddable":true,"href":"https:\/\/blogsaverroes.juntadeandalucia.es\/iesaltoalmanzora\/wp-json\/wp\/v2\/users\/10541"}],"replies":[{"embeddable":true,"href":"https:\/\/blogsaverroes.juntadeandalucia.es\/iesaltoalmanzora\/wp-json\/wp\/v2\/comments?post=20"}],"version-history":[{"count":2,"href":"https:\/\/blogsaverroes.juntadeandalucia.es\/iesaltoalmanzora\/wp-json\/wp\/v2\/pages\/20\/revisions"}],"predecessor-version":[{"id":136,"href":"https:\/\/blogsaverroes.juntadeandalucia.es\/iesaltoalmanzora\/wp-json\/wp\/v2\/pages\/20\/revisions\/136"}],"wp:attachment":[{"href":"https:\/\/blogsaverroes.juntadeandalucia.es\/iesaltoalmanzora\/wp-json\/wp\/v2\/media?parent=20"}],"curies":[{"name":"wp","href":"https:\/\/api.w.org\/{rel}","templated":true}]}}

<p>Nuestro Centro tiene su origen en el <strong>Colegio Libre Adoptado</strong> que se creó en Tíjola en el curso <strong>1967/68</strong>. En su primer año de funcionamiento el centro contaba con 95 alumnos y 7 profesores. En esos primeros años cuatro profesores eran aportados por el Ministerio de Educación, el resto de la plantilla, así como todos los gastos administrativos y funcionales corrían a cargo del Excmo. Ayuntamiento de Tíjola.<br />
En <strong>1970</strong> se inició la construcción del edificio actual del Centro, con aportación íntegra de la Administración Central, sobre un solar adquirido a la familia Rodríguez de Torres. En <strong>1973</strong> el nuevo edificio comenzó a ser funcional.<br />
En <strong>1975</strong> el centro pasó a ser calificado como <strong>Centro Homologado provisional</strong>, consiguiendo la denominación definitiva en el año <strong>1976</strong>.<br />
En <strong>1979</strong> el Ayuntamiento pudo por fin liberarse de la carga económica que suponía el mantenimiento del Centro al conseguir que pasara a ser<strong> Extensión del I.B. de Olula del Río</strong>, y por tanto totalmente dependiente del Ministerio de Educación y Ciencia. Comenzó entonces la lucha por conseguir que fuera un centro independiente en la que se involucraron todos los sectores de la comunidad educativa.</p>
<p>Por fin, en <strong>septiembre de 1985</strong> se consiguió la calificación de <strong>Instituto de Bachillerato</strong>. Contaba en el curso 84/85 con 189 alumnos y 15 profesores.</p>
<p>Ya en una historia más reciente debemos destacar que en <strong>1989</strong> y gracias al interés por el Centro mostrado por la entonces Inspectora de Educación, y más tarde Consejera de Educación, Dª Inmaculada Romacho, se produjo un hecho que ha sido crucial para nuestro Centro y para Tíjola y su comarca, a saber: la implantación en el mismo de la Reforma de las Enseñanzas Medias con carácter experimental, incluyendo un Módulo Profesional de Nivel II de Administración y Gestión.</p>
<p>Comenzó así un periodo cuyo balance, bastantes años después, debe ser francamente positivo. Aunque entonces sufrimos los problemas derivados de la experimentación (currículos poco definidos, falta de legislación, desorientación del profesorado, etc.), tuvimos en cambio la oportunidad de que nuestro Centro se viera favorecido tanto en la dotación de recursos materiales como humanos. Las tremendas carencias de las etapas anteriores fueron subsanadas, y con las obras culminadas a principios del curso <strong>96/97</strong>, llegamos a encontrarnos con un centro en el que, aunque persistían deficiencias, se podía desarrollar con un mínimo de dignidad la labor docente.</p>
<p>El curso<strong> 96/97</strong> marcará el fin de un periodo y el comienzo de otro al incorporarse al Centro los alumnos de 1º y 2º de ESO.</p>
<p>En este periodo más reciente han cambiado muchas cosas en el mundo educativo. A la LOGSE ha seguido la LOCE y a ésta la LOE. La sociedad es más exigente con el sistema educativo. La convivencia en los centros se ha convertido en tema frecuente en los medios de comunicación. La Administración opta porque la mejora de los centros se realice a través de las sucesivas convocatorias de planes y proyectos educativos&#8230;</p>
<p>Nuestro Centro, como no puede ser menos, participa en distintas convocatorias y pasamos a ser Centro TIC, Centro PAF, Centro de la Red de Ecoescuelas, Centro de la Red de Escuelas Solares, Centro Deporte en la Escuela, Centro de la Red de Escuelas Espacio de Paz &#8230;</p>
<p>En el <strong>2006</strong> recibimos el reconocimiento de la Excma. Consejera de Educación y se nos anuncia que podremos contar con un nuevo edificio para el Centro.</p>
<p>Esta es la etapa en la que estamos y estos los retos que nos toca superar.</p>

<p>Nuestro Centro tiene su origen en el Colegio Libre Adoptado que se creó en Tíjola en el curso 1967/68. En su primer año de funcionamiento el centro contaba con 95 alumnos y 7 profesores. En esos primeros&#46;&#46;&#46;</p>
