{"id":26,"date":"2020-10-03T19:05:26","date_gmt":"2020-10-03T19:05:26","guid":{"rendered":"https:\/\/blogsaverroes.juntadeandalucia.es\/iesaltoalmanzora\/?page_id=26"},"modified":"2024-10-11T09:44:02","modified_gmt":"2024-10-11T09:44:02","slug":"introduccion","status":"publish","type":"page","link":"https:\/\/blogsaverroes.juntadeandalucia.es\/iesaltoalmanzora\/introduccion\/","title":{"rendered":"Introducci\u00f3n"},"content":{"rendered":"<p>El I.E.S. \u00abAlto Almanzora\u00bb de T\u00edjola es un centro de Educaci\u00f3n Secundaria de titularidad p\u00fablica y de car\u00e1cter comarcal. Su zona de influencia en Secundaria Obligatoria comprende lo municipios de Armu\u00f1a del Almanzora, Bacares, Bayarque, L\u00facar y T\u00edjola ; en cuanto a Secundaria Post-obligatoria (Bachilleratos y C.F.) a los municipios anteriores hay que a\u00f1adir el de Alc\u00f3ntar y Ser\u00f3n.<\/p>\n<p>Nuestro Centro fue pionero en la experimentaci\u00f3n y anticipaci\u00f3n del nuevo sistema educativo (LOGSE). En 1989 comenz\u00f3 en el mismo la experimentaci\u00f3n del nuevo sistema a lo que sigui\u00f3 en breve plazo la anticipaci\u00f3n de la LOGSE. El BUP y COU dejaron definitivamente de impartirse en el Centro en el curso 93\/94.<\/p>\n<p>El Centro se puede considerar bien situado respecto a la localidad y comarca, encontr\u00e1ndose muy pr\u00f3ximo a la redia del Almanzora (A-334) por el acceso 2 de T\u00edjola.<\/p>\n<p>Sus instalaciones se encuentran ubicadas en un solar de 6400 m<sup>2<\/sup>&nbsp;de forma rect\u00e1ngular y se distribuyen en varios edificios. Unos son relativamente antiguos (1972) y de una mala calidad constructiva, habiendo sido objeto de obras de mejora y conservaci\u00f3n en varias ocasiones. El edificio m\u00e1s moderno data de 1995, y fue construido para poder acoger a los alumnos del primer ciclo de la ESO y dotar al centro con las aulas especiales necesarias seg\u00fan las exigencias de la LOGSE.<\/p>\n<p>El aspecto m\u00e1s negativo en cuanto a instalaciones sigue siendo la ausencia de un gimnasio que reuna las dimensiones m\u00ednimas requeridas. A este importante d\u00e9ficit hay que sumar las necesidades que se han ido generando, por un lado por el l\u00f3gico deterioro debido al paso del tiempo, y por otro las derivadas de unas mayores exigencias de calidad a nuestro sistema educativo.<\/p>\n<p>La existencia de estos nuevos recursos est\u00e1 suponiendo un importante revulsivo, por un lado para la mejora de los aprendizajes y por otro para lograr una adecuada formaci\u00f3n en el uso de las TIC y en el desarrollo de las habilidades para el autoaprendizaje (\u00abaprender a aprender\u00bb), competencias imprescindibles en la sociedad actual..<\/p>\n<p>El Centro cuenta con un profesorado joven y activo, preocupado por la labor docente y por su actualizaci\u00f3n y perfeccionamiento. Aunque persiste todav\u00eda una cierta movilidad, progresivamente se ha ido consolidando un importante n\u00facleo de profesorado estable y comprometido seriamente en la mejora del centro.<\/p>\n","protected":false},"excerpt":{"rendered":"<p>El I.E.S. \u00abAlto Almanzora\u00bb de T\u00edjola es un centro de Educaci\u00f3n Secundaria de titularidad p\u00fablica y de car\u00e1cter comarcal. Su zona de influencia en Secundaria Obligatoria comprende lo municipios de Armu\u00f1a del Almanzora, Bacares,&#46;&#46;&#46;<\/p>\n","protected":false},"author":10541,"featured_media":0,"parent":0,"menu_order":0,"comment_status":"closed","ping_status":"closed","template":"","meta":{"ngg_post_thumbnail":0,"footnotes":""},"aioseo_notices":[],"_links":{"self":[{"href":"https:\/\/blogsaverroes.juntadeandalucia.es\/iesaltoalmanzora\/wp-json\/wp\/v2\/pages\/26"}],"collection":[{"href":"https:\/\/blogsaverroes.juntadeandalucia.es\/iesaltoalmanzora\/wp-json\/wp\/v2\/pages"}],"about":[{"href":"https:\/\/blogsaverroes.juntadeandalucia.es\/iesaltoalmanzora\/wp-json\/wp\/v2\/types\/page"}],"author":[{"embeddable":true,"href":"https:\/\/blogsaverroes.juntadeandalucia.es\/iesaltoalmanzora\/wp-json\/wp\/v2\/users\/10541"}],"replies":[{"embeddable":true,"href":"https:\/\/blogsaverroes.juntadeandalucia.es\/iesaltoalmanzora\/wp-json\/wp\/v2\/comments?post=26"}],"version-history":[{"count":6,"href":"https:\/\/blogsaverroes.juntadeandalucia.es\/iesaltoalmanzora\/wp-json\/wp\/v2\/pages\/26\/revisions"}],"predecessor-version":[{"id":1895,"href":"https:\/\/blogsaverroes.juntadeandalucia.es\/iesaltoalmanzora\/wp-json\/wp\/v2\/pages\/26\/revisions\/1895"}],"wp:attachment":[{"href":"https:\/\/blogsaverroes.juntadeandalucia.es\/iesaltoalmanzora\/wp-json\/wp\/v2\/media?parent=26"}],"curies":[{"name":"wp","href":"https:\/\/api.w.org\/{rel}","templated":true}]}}

Introducción

<p>El I.E.S. «Alto Almanzora» de Tíjola es un centro de Educación Secundaria de titularidad pública y de carácter comarcal. Su zona de influencia en Secundaria Obligatoria comprende lo municipios de Armuña del Almanzora, Bacares, Bayarque, Lúcar y Tíjola ; en cuanto a Secundaria Post-obligatoria (Bachilleratos y C.F.) a los municipios anteriores hay que añadir el de Alcóntar y Serón.</p>
<p>Nuestro Centro fue pionero en la experimentación y anticipación del nuevo sistema educativo (LOGSE). En 1989 comenzó en el mismo la experimentación del nuevo sistema a lo que siguió en breve plazo la anticipación de la LOGSE. El BUP y COU dejaron definitivamente de impartirse en el Centro en el curso 93/94.</p>
<p>El Centro se puede considerar bien situado respecto a la localidad y comarca, encontrándose muy próximo a la redia del Almanzora (A-334) por el acceso 2 de Tíjola.</p>
<p>Sus instalaciones se encuentran ubicadas en un solar de 6400 m<sup>2</sup>&nbsp;de forma rectángular y se distribuyen en varios edificios. Unos son relativamente antiguos (1972) y de una mala calidad constructiva, habiendo sido objeto de obras de mejora y conservación en varias ocasiones. El edificio más moderno data de 1995, y fue construido para poder acoger a los alumnos del primer ciclo de la ESO y dotar al centro con las aulas especiales necesarias según las exigencias de la LOGSE.</p>
<p>El aspecto más negativo en cuanto a instalaciones sigue siendo la ausencia de un gimnasio que reuna las dimensiones mínimas requeridas. A este importante déficit hay que sumar las necesidades que se han ido generando, por un lado por el lógico deterioro debido al paso del tiempo, y por otro las derivadas de unas mayores exigencias de calidad a nuestro sistema educativo.</p>
<p>La existencia de estos nuevos recursos está suponiendo un importante revulsivo, por un lado para la mejora de los aprendizajes y por otro para lograr una adecuada formación en el uso de las TIC y en el desarrollo de las habilidades para el autoaprendizaje («aprender a aprender»), competencias imprescindibles en la sociedad actual..</p>
<p>El Centro cuenta con un profesorado joven y activo, preocupado por la labor docente y por su actualización y perfeccionamiento. Aunque persiste todavía una cierta movilidad, progresivamente se ha ido consolidando un importante núcleo de profesorado estable y comprometido seriamente en la mejora del centro.</p>

<p>El I.E.S. «Alto Almanzora» de Tíjola es un centro de Educación Secundaria de titularidad pública y de carácter comarcal. Su zona de influencia en Secundaria Obligatoria comprende lo municipios de Armuña del Almanzora, Bacares,&#46;&#46;&#46;</p>
