{"id":30,"date":"2020-10-03T19:06:23","date_gmt":"2020-10-03T19:06:23","guid":{"rendered":"https:\/\/blogsaverroes.juntadeandalucia.es\/iesaltoalmanzora\/?page_id=30"},"modified":"2024-10-11T09:47:49","modified_gmt":"2024-10-11T09:47:49","slug":"localizacion","status":"publish","type":"page","link":"https:\/\/blogsaverroes.juntadeandalucia.es\/iesaltoalmanzora\/localizacion\/","title":{"rendered":"Localizaci\u00f3n"},"content":{"rendered":"<p><iframe loading=\"lazy\" src=\"https:\/\/www.google.com\/maps\/embed?pb=!1m18!1m12!1m3!1d3171.7936792752807!2d-2.4414291853461396!3d37.34739297983955!2m3!1f0!2f0!3f0!3m2!1i1024!2i768!4f13.1!3m3!1m2!1s0xd6555dd4a510717%3A0x61412f1e3cee516!2sInstituto%20de%20Educaci%C3%B3n%20Secundaria%20Ies%20Alto%20Almanzora!5e0!3m2!1ses!2ses!4v1602193117616!5m2!1ses!2ses\" width=\"600\" height=\"450\" frameborder=\"0\"><\/iframe><\/p>\n<ul class=\"centro1\">\n<li><b>C\u00f3digo:<\/b>&nbsp;04700351<\/li>\n<li><b>Centro:<\/b>&nbsp;I.E.S.&nbsp;Alto Almanzora<\/li>\n<li><b>Domicilio:<\/b>&nbsp;C\/ Huertas de la Polaca, 14<\/li>\n<li><b>Localidad:<\/b>&nbsp;T\u00edjola<\/li>\n<li><b>Provincia:<\/b>&nbsp;Almer\u00eda<\/li>\n<li><b>C\u00f3digo postal:<\/b>&nbsp;04880<\/li>\n<li><b>Tel\u00e9fono:<\/b>&nbsp;600167942<\/li>\n<li><b>Tel\u00e9fono corp:<\/b>&nbsp;796900<\/li>\n<li><b>Fax:<\/b>&nbsp;950429906<\/li>\n<li><b>email:<\/b>&nbsp; 04700351.edu@juntadeandalucia.es<\/li>\n<\/ul>\n","protected":false},"excerpt":{"rendered":"<p>C\u00f3digo:&nbsp;04700351 Centro:&nbsp;I.E.S.&nbsp;Alto Almanzora Domicilio:&nbsp;C\/ Huertas de la Polaca, 14 Localidad:&nbsp;T\u00edjola Provincia:&nbsp;Almer\u00eda C\u00f3digo postal:&nbsp;04880 Tel\u00e9fono:&nbsp;600167942 Tel\u00e9fono corp:&nbsp;796900 Fax:&nbsp;950429906 email:&nbsp; 04700351.edu@juntadeandalucia.es<\/p>\n","protected":false},"author":10541,"featured_media":0,"parent":0,"menu_order":0,"comment_status":"closed","ping_status":"closed","template":"","meta":{"ngg_post_thumbnail":0,"footnotes":""},"aioseo_notices":[],"_links":{"self":[{"href":"https:\/\/blogsaverroes.juntadeandalucia.es\/iesaltoalmanzora\/wp-json\/wp\/v2\/pages\/30"}],"collection":[{"href":"https:\/\/blogsaverroes.juntadeandalucia.es\/iesaltoalmanzora\/wp-json\/wp\/v2\/pages"}],"about":[{"href":"https:\/\/blogsaverroes.juntadeandalucia.es\/iesaltoalmanzora\/wp-json\/wp\/v2\/types\/page"}],"author":[{"embeddable":true,"href":"https:\/\/blogsaverroes.juntadeandalucia.es\/iesaltoalmanzora\/wp-json\/wp\/v2\/users\/10541"}],"replies":[{"embeddable":true,"href":"https:\/\/blogsaverroes.juntadeandalucia.es\/iesaltoalmanzora\/wp-json\/wp\/v2\/comments?post=30"}],"version-history":[{"count":5,"href":"https:\/\/blogsaverroes.juntadeandalucia.es\/iesaltoalmanzora\/wp-json\/wp\/v2\/pages\/30\/revisions"}],"predecessor-version":[{"id":1897,"href":"https:\/\/blogsaverroes.juntadeandalucia.es\/iesaltoalmanzora\/wp-json\/wp\/v2\/pages\/30\/revisions\/1897"}],"wp:attachment":[{"href":"https:\/\/blogsaverroes.juntadeandalucia.es\/iesaltoalmanzora\/wp-json\/wp\/v2\/media?parent=30"}],"curies":[{"name":"wp","href":"https:\/\/api.w.org\/{rel}","templated":true}]}}

Localización

<p><iframe loading="lazy" src="https://www.google.com/maps/embed?pb=!1m18!1m12!1m3!1d3171.7936792752807!2d-2.4414291853461396!3d37.34739297983955!2m3!1f0!2f0!3f0!3m2!1i1024!2i768!4f13.1!3m3!1m2!1s0xd6555dd4a510717%3A0x61412f1e3cee516!2sInstituto%20de%20Educaci%C3%B3n%20Secundaria%20Ies%20Alto%20Almanzora!5e0!3m2!1ses!2ses!4v1602193117616!5m2!1ses!2ses" width="600" height="450" frameborder="0"></iframe></p>
<ul class="centro1">
<li><b>Código:</b>&nbsp;04700351</li>
<li><b>Centro:</b>&nbsp;I.E.S.&nbsp;Alto Almanzora</li>
<li><b>Domicilio:</b>&nbsp;C/ Huertas de la Polaca, 14</li>
<li><b>Localidad:</b>&nbsp;Tíjola</li>
<li><b>Provincia:</b>&nbsp;Almería</li>
<li><b>Código postal:</b>&nbsp;04880</li>
<li><b>Teléfono:</b>&nbsp;600167942</li>
<li><b>Teléfono corp:</b>&nbsp;796900</li>
<li><b>Fax:</b>&nbsp;950429906</li>
<li><b>email:</b>&nbsp; 04700351.edu@juntadeandalucia.es</li>
</ul>

<p>Código:&nbsp;04700351 Centro:&nbsp;I.E.S.&nbsp;Alto Almanzora Domicilio:&nbsp;C/ Huertas de la Polaca, 14 Localidad:&nbsp;Tíjola Provincia:&nbsp;Almería Código postal:&nbsp;04880 Teléfono:&nbsp;600167942 Teléfono corp:&nbsp;796900 Fax:&nbsp;950429906 email:&nbsp; 04700351.edu@juntadeandalucia.es</p>
