{"id":373,"date":"2021-02-21T21:47:43","date_gmt":"2021-02-21T21:47:43","guid":{"rendered":"https:\/\/blogsaverroes.juntadeandalucia.es\/iesaltoalmanzora\/?page_id=373"},"modified":"2021-02-21T21:47:43","modified_gmt":"2021-02-21T21:47:43","slug":"administrativo","status":"publish","type":"page","link":"https:\/\/blogsaverroes.juntadeandalucia.es\/iesaltoalmanzora\/administrativo\/","title":{"rendered":"Administrativo"},"content":{"rendered":"<p><b>PROFESORADO:<\/b><\/p>\n<p><b>ADMINISTRACI\u00d3N DE EMPRESAS:<\/b><\/p>\n<ul>\n<li>Francisco Garc\u00eda Iruela.<\/li>\n<li>Jorge Mesa Gonz\u00e1lez.<\/li>\n<\/ul>\n<p><b>PROCESOS DE GESTI\u00d3N ADMINISTRATIVA:<\/b><\/p>\n<ul>\n<li>Mercedes C\u00e1ceres Rodr\u00edguez.<\/li>\n<li>Mar\u00eda Mor\u00e1n Mart\u00ednez.<\/li>\n<li>Isabel Vicente Reche.<\/li>\n<\/ul>\n","protected":false},"excerpt":{"rendered":"<p>PROFESORADO: ADMINISTRACI\u00d3N DE EMPRESAS: Francisco Garc\u00eda Iruela. Jorge Mesa Gonz\u00e1lez. PROCESOS DE GESTI\u00d3N ADMINISTRATIVA: Mercedes C\u00e1ceres Rodr\u00edguez. Mar\u00eda Mor\u00e1n Mart\u00ednez. Isabel Vicente Reche.<\/p>\n","protected":false},"author":10541,"featured_media":0,"parent":0,"menu_order":0,"comment_status":"closed","ping_status":"closed","template":"","meta":{"ngg_post_thumbnail":0,"footnotes":""},"aioseo_notices":[],"_links":{"self":[{"href":"https:\/\/blogsaverroes.juntadeandalucia.es\/iesaltoalmanzora\/wp-json\/wp\/v2\/pages\/373"}],"collection":[{"href":"https:\/\/blogsaverroes.juntadeandalucia.es\/iesaltoalmanzora\/wp-json\/wp\/v2\/pages"}],"about":[{"href":"https:\/\/blogsaverroes.juntadeandalucia.es\/iesaltoalmanzora\/wp-json\/wp\/v2\/types\/page"}],"author":[{"embeddable":true,"href":"https:\/\/blogsaverroes.juntadeandalucia.es\/iesaltoalmanzora\/wp-json\/wp\/v2\/users\/10541"}],"replies":[{"embeddable":true,"href":"https:\/\/blogsaverroes.juntadeandalucia.es\/iesaltoalmanzora\/wp-json\/wp\/v2\/comments?post=373"}],"version-history":[{"count":1,"href":"https:\/\/blogsaverroes.juntadeandalucia.es\/iesaltoalmanzora\/wp-json\/wp\/v2\/pages\/373\/revisions"}],"predecessor-version":[{"id":374,"href":"https:\/\/blogsaverroes.juntadeandalucia.es\/iesaltoalmanzora\/wp-json\/wp\/v2\/pages\/373\/revisions\/374"}],"wp:attachment":[{"href":"https:\/\/blogsaverroes.juntadeandalucia.es\/iesaltoalmanzora\/wp-json\/wp\/v2\/media?parent=373"}],"curies":[{"name":"wp","href":"https:\/\/api.w.org\/{rel}","templated":true}]}}

<p><b>PROFESORADO:</b></p>
<p><b>ADMINISTRACIÓN DE EMPRESAS:</b></p>
<ul>
<li>Francisco García Iruela.</li>
<li>Jorge Mesa González.</li>
</ul>
<p><b>PROCESOS DE GESTIÓN ADMINISTRATIVA:</b></p>
<ul>
<li>Mercedes Cáceres Rodríguez.</li>
<li>María Morán Martínez.</li>
<li>Isabel Vicente Reche.</li>
</ul>

<p>PROFESORADO: ADMINISTRACIÓN DE EMPRESAS: Francisco García Iruela. Jorge Mesa González. PROCESOS DE GESTIÓN ADMINISTRATIVA: Mercedes Cáceres Rodríguez. María Morán Martínez. Isabel Vicente Reche.</p>
