{"id":4828,"date":"2021-09-01T07:18:28","date_gmt":"2021-09-01T05:18:28","guid":{"rendered":"https:\/\/blogsaverroes.juntadeandalucia.es\/iesalvarnunez\/?page_id=4828"},"modified":"2025-09-25T22:20:02","modified_gmt":"2025-09-25T20:20:02","slug":"contratos","status":"publish","type":"page","link":"https:\/\/blogsaverroes.juntadeandalucia.es\/iesalvarnunez\/novedades\/contratos\/","title":{"rendered":"Contratos"},"content":{"rendered":"\t\t<div data-elementor-type=\"wp-page\" data-elementor-id=\"4828\" class=\"elementor elementor-4828\">\n\t\t\t\t\t\t<section class=\"elementor-section elementor-top-section elementor-element elementor-element-aff7137 elementor-section-boxed elementor-section-height-default elementor-section-height-default\" data-id=\"aff7137\" data-element_type=\"section\">\n\t\t\t\t\t\t<div class=\"elementor-container elementor-column-gap-default\">\n\t\t\t\t\t<div class=\"elementor-column elementor-col-100 elementor-top-column elementor-element elementor-element-37b242f\" data-id=\"37b242f\" data-element_type=\"column\">\n\t\t\t<div class=\"elementor-widget-wrap elementor-element-populated\">\n\t\t\t\t\t\t<div class=\"elementor-element elementor-element-4cf4c45 elementor-widget elementor-widget-heading\" data-id=\"4cf4c45\" data-element_type=\"widget\" data-widget_type=\"heading.default\">\n\t\t\t\t<div class=\"elementor-widget-container\">\n\t\t\t\t\t<h5 class=\"elementor-heading-title elementor-size-default\">Contratos menores<\/h5>\t\t\t\t<\/div>\n\t\t\t\t<\/div>\n\t\t\t\t\t<\/div>\n\t\t<\/div>\n\t\t\t\t\t<\/div>\n\t\t<\/section>\n\t\t\t\t<section class=\"elementor-section elementor-top-section elementor-element elementor-element-82278c9 elementor-section-boxed elementor-section-height-default elementor-section-height-default\" data-id=\"82278c9\" data-element_type=\"section\">\n\t\t\t\t\t\t<div class=\"elementor-container elementor-column-gap-default\">\n\t\t\t\t\t<div class=\"elementor-column elementor-col-100 elementor-top-column elementor-element elementor-element-9ace0de\" data-id=\"9ace0de\" data-element_type=\"column\">\n\t\t\t<div class=\"elementor-widget-wrap elementor-element-populated\">\n\t\t\t\t\t\t<div class=\"elementor-element elementor-element-c94e60c elementor-widget elementor-widget-text-editor\" data-id=\"c94e60c\" data-element_type=\"widget\" data-widget_type=\"text-editor.default\">\n\t\t\t\t<div class=\"elementor-widget-container\">\n\t\t\t\t\t\t\t\t\t<p><span class=\"fontstyle0\">Los directores de los centros ostentan, tal y como se recoge en el art\u00edculo 132 de la<br \/>Ley 17\/2007, de 10 de diciembre, de Educaci\u00f3n de Andaluc\u00eda, todas las competencias que corresponden al \u00f3rgano de contrataci\u00f3n relativas a los contratos menores de obras, servicios y suministros.<\/span><\/p><p>El procedimiento de selecci\u00f3n de licitadores ser\u00e1 mediante<strong> petici\u00f3n de presupuestos y adjudicaci\u00f3n directa<\/strong> a aquella oferta que se ajuste a la mejor relaci\u00f3n calidad\/precio. No obstante, se podr\u00e1 publicar en esta web el documento descriptivo del contrato relativo a cada una de las necesidades que pudiesen surgir a lo largo del curso para facilitar que aquellos aut\u00f3nomos o empresas interesados en contratar con el centro puedan presentar su oferta.<\/p><p><span class=\"fontstyle0\">En aplicaci\u00f3n de lo previsto en la Ley 9\/2017, de 8 de noviembre, de Contratos del Sector P\u00fablico est\u00e1 prevista la publicaci\u00f3n, en el Perfil del Contratante, de los contratos celebrados por los centros docentes. Esta <span style=\"text-decoration: underline\"><span style=\"color: #000080;text-decoration: underline\"><a style=\"color: #000080;text-decoration: underline\" href=\"https:\/\/www.juntadeandalucia.es\/temas\/contratacion-publica\/perfiles-licitaciones\/contratos-menores.html\" target=\"_blank\" rel=\"noopener\">publicaci\u00f3n<\/a><\/span><\/span> la realiza la Junta de Andaluc\u00eda utilizando los datos proporcionados por el centro a trav\u00e9s de la aplicaci\u00f3n S\u00e9neca.<br \/><\/span><\/p>\t\t\t\t\t\t\t\t<\/div>\n\t\t\t\t<\/div>\n\t\t\t\t\t<\/div>\n\t\t<\/div>\n\t\t\t\t\t<\/div>\n\t\t<\/section>\n\t\t\t\t<section class=\"elementor-section elementor-top-section elementor-element elementor-element-315189a elementor-section-boxed elementor-section-height-default elementor-section-height-default\" data-id=\"315189a\" data-element_type=\"section\">\n\t\t\t\t\t\t<div class=\"elementor-container elementor-column-gap-default\">\n\t\t\t\t\t<div class=\"elementor-column elementor-col-100 elementor-top-column elementor-element elementor-element-c6366a2\" data-id=\"c6366a2\" data-element_type=\"column\">\n\t\t\t<div class=\"elementor-widget-wrap elementor-element-populated\">\n\t\t\t\t\t\t<div class=\"elementor-element elementor-element-4b61ccd elementor-widget elementor-widget-heading\" data-id=\"4b61ccd\" data-element_type=\"widget\" data-widget_type=\"heading.default\">\n\t\t\t\t<div class=\"elementor-widget-container\">\n\t\t\t\t\t<h5 class=\"elementor-heading-title elementor-size-default\">Necesidades de contrataci\u00f3n para el curso 2025\/26<\/h5>\t\t\t\t<\/div>\n\t\t\t\t<\/div>\n\t\t\t\t\t<\/div>\n\t\t<\/div>\n\t\t\t\t\t<\/div>\n\t\t<\/section>\n\t\t\t\t<section class=\"elementor-section elementor-top-section elementor-element elementor-element-ad754c0 elementor-section-boxed elementor-section-height-default elementor-section-height-default\" data-id=\"ad754c0\" data-element_type=\"section\">\n\t\t\t\t\t\t<div class=\"elementor-container elementor-column-gap-default\">\n\t\t\t\t\t<div class=\"elementor-column elementor-col-100 elementor-top-column elementor-element elementor-element-9784ff4\" data-id=\"9784ff4\" data-element_type=\"column\">\n\t\t\t<div class=\"elementor-widget-wrap elementor-element-populated\">\n\t\t\t\t\t\t<div class=\"elementor-element elementor-element-140b652 elementor-widget elementor-widget-accordion\" data-id=\"140b652\" data-element_type=\"widget\" data-widget_type=\"accordion.default\">\n\t\t\t\t<div class=\"elementor-widget-container\">\n\t\t\t\t\t\t\t<div class=\"elementor-accordion\">\n\t\t\t\t\t\t\t<div class=\"elementor-accordion-item\">\n\t\t\t\t\t<div id=\"elementor-tab-title-2101\" class=\"elementor-tab-title\" data-tab=\"1\" role=\"button\" aria-controls=\"elementor-tab-content-2101\" aria-expanded=\"false\">\n\t\t\t\t\t\t\t\t\t\t\t\t\t<span class=\"elementor-accordion-icon elementor-accordion-icon-left\" aria-hidden=\"true\">\n\t\t\t\t\t\t\t\t\t\t\t\t\t\t\t<span class=\"elementor-accordion-icon-closed\"><i class=\"fas fa-plus\"><\/i><\/span>\n\t\t\t\t\t\t\t\t<span class=\"elementor-accordion-icon-opened\"><i class=\"fas fa-minus\"><\/i><\/span>\n\t\t\t\t\t\t\t\t\t\t\t\t\t\t<\/span>\n\t\t\t\t\t\t\t\t\t\t\t\t<a class=\"elementor-accordion-title\" tabindex=\"0\">Necesidades de contrataci\u00f3n<\/a>\n\t\t\t\t\t<\/div>\n\t\t\t\t\t<div id=\"elementor-tab-content-2101\" class=\"elementor-tab-content elementor-clearfix\" data-tab=\"1\" role=\"region\" aria-labelledby=\"elementor-tab-title-2101\"><p><a href=\"https:\/\/blogsaverroes.juntadeandalucia.es\/iesalvarnunez\/files\/2025\/09\/anuncio_contratacion.pdf\" target=\"_blank\" rel=\"noopener\">Descargar documento<\/a><\/p><\/div>\n\t\t\t\t<\/div>\n\t\t\t\t\t\t\t\t<\/div>\n\t\t\t\t\t\t<\/div>\n\t\t\t\t<\/div>\n\t\t\t\t\t<\/div>\n\t\t<\/div>\n\t\t\t\t\t<\/div>\n\t\t<\/section>\n\t\t\t\t<\/div>\n\t\t","protected":false},"excerpt":{"rendered":"<p>Contratos menores Los directores de los centros ostentan, tal y como se recoge en el art\u00edculo 132 de laLey 17\/2007, de 10 de diciembre, de Educaci\u00f3n de Andaluc\u00eda, todas las competencias que corresponden al \u00f3rgano de contrataci\u00f3n relativas a los contratos menores de obras, servicios y suministros. El procedimiento de selecci\u00f3n de licitadores ser\u00e1 mediante [&hellip;]<\/p>\n","protected":false},"author":10499,"featured_media":0,"parent":3975,"menu_order":0,"comment_status":"closed","ping_status":"closed","template":"","meta":{"ngg_post_thumbnail":0,"footnotes":"","_mc_calendar":[]},"aioseo_notices":[],"_links":{"self":[{"href":"https:\/\/blogsaverroes.juntadeandalucia.es\/iesalvarnunez\/wp-json\/wp\/v2\/pages\/4828"}],"collection":[{"href":"https:\/\/blogsaverroes.juntadeandalucia.es\/iesalvarnunez\/wp-json\/wp\/v2\/pages"}],"about":[{"href":"https:\/\/blogsaverroes.juntadeandalucia.es\/iesalvarnunez\/wp-json\/wp\/v2\/types\/page"}],"author":[{"embeddable":true,"href":"https:\/\/blogsaverroes.juntadeandalucia.es\/iesalvarnunez\/wp-json\/wp\/v2\/users\/10499"}],"replies":[{"embeddable":true,"href":"https:\/\/blogsaverroes.juntadeandalucia.es\/iesalvarnunez\/wp-json\/wp\/v2\/comments?post=4828"}],"version-history":[{"count":82,"href":"https:\/\/blogsaverroes.juntadeandalucia.es\/iesalvarnunez\/wp-json\/wp\/v2\/pages\/4828\/revisions"}],"predecessor-version":[{"id":5956,"href":"https:\/\/blogsaverroes.juntadeandalucia.es\/iesalvarnunez\/wp-json\/wp\/v2\/pages\/4828\/revisions\/5956"}],"up":[{"embeddable":true,"href":"https:\/\/blogsaverroes.juntadeandalucia.es\/iesalvarnunez\/wp-json\/wp\/v2\/pages\/3975"}],"wp:attachment":[{"href":"https:\/\/blogsaverroes.juntadeandalucia.es\/iesalvarnunez\/wp-json\/wp\/v2\/media?parent=4828"}],"curies":[{"name":"wp","href":"https:\/\/api.w.org\/{rel}","templated":true}]}}