{"id":1288,"date":"2025-10-28T10:30:57","date_gmt":"2025-10-28T09:30:57","guid":{"rendered":"https:\/\/blogsaverroes.juntadeandalucia.es\/iesandresbenitez\/?page_id=1288"},"modified":"2025-10-28T11:34:07","modified_gmt":"2025-10-28T10:34:07","slug":"acredita","status":"publish","type":"page","link":"https:\/\/blogsaverroes.juntadeandalucia.es\/iesandresbenitez\/acredita\/","title":{"rendered":"Acredita"},"content":{"rendered":"<p>[et_pb_section fb_built=\u00bb1&#8243; _builder_version=\u00bb4.24.2&#8243; _module_preset=\u00bbdefault\u00bb global_colors_info=\u00bb{}\u00bb][et_pb_row _builder_version=\u00bb4.24.2&#8243; _module_preset=\u00bbdefault\u00bb global_colors_info=\u00bb{}\u00bb][et_pb_column type=\u00bb4_4&#8243; _builder_version=\u00bb4.24.2&#8243; _module_preset=\u00bbdefault\u00bb global_colors_info=\u00bb{}\u00bb][et_pb_heading title=\u00bbAcredita\u00bb _builder_version=\u00bb4.24.2&#8243; _module_preset=\u00bbdefault\u00bb border_width_bottom=\u00bb5px\u00bb border_color_bottom=\u00bb#700000&#8243; global_colors_info=\u00bb{}\u00bb][\/et_pb_heading][et_pb_text _builder_version=\u00bb4.24.2&#8243; _module_preset=\u00bbdefault\u00bb hover_enabled=\u00bb0&#8243; sticky_enabled=\u00bb0&#8243;]<\/p>\n<p>El IES Andr\u00e9s Ben\u00edtez es centro sede autorizado para el desarrollo del procedimiento de acreditaci\u00f3n de competencias adquiridas a trav\u00e9s de la experiencia laboral u otras v\u00edas no formales e informales (Acredita).<\/p>\n<p>Puede consultar toda la informaci\u00f3n sobre Acredita en el siguiente enlace: <a href=\"https:\/\/lajunta.es\/6124g\">https:\/\/lajunta.es\/6124g<\/a><\/p>\n<p>Para cualquier consulta relacionada con el proceso en nuestro centro, deber\u00e1 escribir al siguiente correo electr\u00f3nico, indicando detalladamente todos los datos de la persona candidata: <a href=\"mailto:acredita@iesandresbenitez.es\">acredita@iesandresbenitez.es<\/a><\/p>\n<p>[\/et_pb_text][\/et_pb_column][\/et_pb_row][\/et_pb_section]<\/p>\n","protected":false},"excerpt":{"rendered":"<p>El IES Andr\u00e9s Ben\u00edtez es centro sede autorizado para el desarrollo del procedimiento de acreditaci\u00f3n de competencias adquiridas a trav\u00e9s de la experiencia laboral u otras v\u00edas no formales e informales (Acredita). Puede consultar toda la informaci\u00f3n sobre Acredita en el siguiente enlace: https:\/\/lajunta.es\/6124g Para cualquier consulta relacionada con el proceso en nuestro centro, deber\u00e1 [&hellip;]<\/p>\n","protected":false},"author":21247,"featured_media":0,"parent":0,"menu_order":0,"comment_status":"closed","ping_status":"closed","template":"","meta":{"_et_pb_use_builder":"on","_et_pb_old_content":"","_et_gb_content_width":"","footnotes":""},"aioseo_notices":[],"_links":{"self":[{"href":"https:\/\/blogsaverroes.juntadeandalucia.es\/iesandresbenitez\/wp-json\/wp\/v2\/pages\/1288"}],"collection":[{"href":"https:\/\/blogsaverroes.juntadeandalucia.es\/iesandresbenitez\/wp-json\/wp\/v2\/pages"}],"about":[{"href":"https:\/\/blogsaverroes.juntadeandalucia.es\/iesandresbenitez\/wp-json\/wp\/v2\/types\/page"}],"author":[{"embeddable":true,"href":"https:\/\/blogsaverroes.juntadeandalucia.es\/iesandresbenitez\/wp-json\/wp\/v2\/users\/21247"}],"replies":[{"embeddable":true,"href":"https:\/\/blogsaverroes.juntadeandalucia.es\/iesandresbenitez\/wp-json\/wp\/v2\/comments?post=1288"}],"version-history":[{"count":4,"href":"https:\/\/blogsaverroes.juntadeandalucia.es\/iesandresbenitez\/wp-json\/wp\/v2\/pages\/1288\/revisions"}],"predecessor-version":[{"id":1296,"href":"https:\/\/blogsaverroes.juntadeandalucia.es\/iesandresbenitez\/wp-json\/wp\/v2\/pages\/1288\/revisions\/1296"}],"wp:attachment":[{"href":"https:\/\/blogsaverroes.juntadeandalucia.es\/iesandresbenitez\/wp-json\/wp\/v2\/media?parent=1288"}],"curies":[{"name":"wp","href":"https:\/\/api.w.org\/{rel}","templated":true}]}}

<p>[et_pb_section fb_built=»1&#8243; _builder_version=»4.24.2&#8243; _module_preset=»default» global_colors_info=»{}»][et_pb_row _builder_version=»4.24.2&#8243; _module_preset=»default» global_colors_info=»{}»][et_pb_column type=»4_4&#8243; _builder_version=»4.24.2&#8243; _module_preset=»default» global_colors_info=»{}»][et_pb_heading title=»Acredita» _builder_version=»4.24.2&#8243; _module_preset=»default» border_width_bottom=»5px» border_color_bottom=»#700000&#8243; global_colors_info=»{}»][/et_pb_heading][et_pb_text _builder_version=»4.24.2&#8243; _module_preset=»default» hover_enabled=»0&#8243; sticky_enabled=»0&#8243;]</p>
<p>El IES Andrés Benítez es centro sede autorizado para el desarrollo del procedimiento de acreditación de competencias adquiridas a través de la experiencia laboral u otras vías no formales e informales (Acredita).</p>
<p>Puede consultar toda la información sobre Acredita en el siguiente enlace: <a href="https://lajunta.es/6124g">https://lajunta.es/6124g</a></p>
<p>Para cualquier consulta relacionada con el proceso en nuestro centro, deberá escribir al siguiente correo electrónico, indicando detalladamente todos los datos de la persona candidata: <a href="mailto:acredita@iesandresbenitez.es">acredita@iesandresbenitez.es</a></p>
<p>[/et_pb_text][/et_pb_column][/et_pb_row][/et_pb_section]</p>

<p>El IES Andrés Benítez es centro sede autorizado para el desarrollo del procedimiento de acreditación de competencias adquiridas a través de la experiencia laboral u otras vías no formales e informales (Acredita). Puede consultar toda la información sobre Acredita en el siguiente enlace: https://lajunta.es/6124g Para cualquier consulta relacionada con el proceso en nuestro centro, deberá [&hellip;]</p>
