{"id":920,"date":"2025-10-21T09:15:39","date_gmt":"2025-10-21T08:15:39","guid":{"rendered":"https:\/\/blogsaverroes.juntadeandalucia.es\/iesandresbenitez\/?page_id=920"},"modified":"2025-10-21T10:05:14","modified_gmt":"2025-10-21T09:05:14","slug":"equipo-directivo","status":"publish","type":"page","link":"https:\/\/blogsaverroes.juntadeandalucia.es\/iesandresbenitez\/equipo-directivo\/","title":{"rendered":"Equipo directivo"},"content":{"rendered":"<p>[et_pb_section fb_built=\u00bb1&#8243; _builder_version=\u00bb4.24.2&#8243; _module_preset=\u00bbdefault\u00bb global_colors_info=\u00bb{}\u00bb][et_pb_row _builder_version=\u00bb4.24.2&#8243; _module_preset=\u00bbdefault\u00bb global_colors_info=\u00bb{}\u00bb][et_pb_column type=\u00bb4_4&#8243; _builder_version=\u00bb4.24.2&#8243; _module_preset=\u00bbdefault\u00bb global_colors_info=\u00bb{}\u00bb][et_pb_heading title=\u00bbEquipo directivo\u00bb _builder_version=\u00bb4.24.2&#8243; _module_preset=\u00bbdefault\u00bb hover_enabled=\u00bb0&#8243; border_width_bottom=\u00bb5px\u00bb border_color_bottom=\u00bb#700000&#8243; global_colors_info=\u00bb{}\u00bb sticky_enabled=\u00bb0&#8243;][\/et_pb_heading][et_pb_text _builder_version=\u00bb4.24.2&#8243; _module_preset=\u00bbdefault\u00bb hover_enabled=\u00bb0&#8243; sticky_enabled=\u00bb0&#8243;]<\/p>\n<ul>\n<li><strong>Director:<\/strong> Juan Dorado Bello<\/li>\n<li><strong>Vicedirector:<\/strong> Enrique Olmo Garc\u00eda<\/li>\n<li><strong>Secretario:<\/strong> Juan Carlos Rodr\u00edguez Aguilocho<\/li>\n<li><strong>Jefa de Estudios (diurno):<\/strong> Esther G\u00e1lvez Salado<\/li>\n<li><strong>Personal adjunto a Jefatura de Estudios (diurno):<\/strong> Bego\u00f1a Bitaub\u00e9 Mata, Javier D\u00edaz Garc\u00eda y Rosa Ruiz Manso<\/li>\n<li><strong>Jefa de Estudios (vespertino):<\/strong> Almudena Cala D\u00edaz<\/li>\n<li><strong>Adjunto a Jefatura de Estudios (vespertino):<\/strong> Manuel Izquierdo Florido<\/li>\n<\/ul>\n<p>[\/et_pb_text][et_pb_text _builder_version=\u00bb4.24.2&#8243; _module_preset=\u00bbdefault\u00bb global_colors_info=\u00bb{}\u00bb][\/et_pb_text][\/et_pb_column][\/et_pb_row][\/et_pb_section]<\/p>\n","protected":false},"excerpt":{"rendered":"<p>Director: Juan Dorado Bello Vicedirector: Enrique Olmo Garc\u00eda Secretario: Juan Carlos Rodr\u00edguez Aguilocho Jefa de Estudios (diurno): Esther G\u00e1lvez Salado Personal adjunto a Jefatura de Estudios (diurno): Bego\u00f1a Bitaub\u00e9 Mata, Javier D\u00edaz Garc\u00eda y Rosa Ruiz Manso Jefa de Estudios (vespertino): Almudena Cala D\u00edaz Adjunto a Jefatura de Estudios (vespertino): Manuel Izquierdo Florido<\/p>\n","protected":false},"author":21247,"featured_media":0,"parent":0,"menu_order":0,"comment_status":"closed","ping_status":"closed","template":"","meta":{"_et_pb_use_builder":"on","_et_pb_old_content":"","_et_gb_content_width":"","footnotes":""},"aioseo_notices":[],"_links":{"self":[{"href":"https:\/\/blogsaverroes.juntadeandalucia.es\/iesandresbenitez\/wp-json\/wp\/v2\/pages\/920"}],"collection":[{"href":"https:\/\/blogsaverroes.juntadeandalucia.es\/iesandresbenitez\/wp-json\/wp\/v2\/pages"}],"about":[{"href":"https:\/\/blogsaverroes.juntadeandalucia.es\/iesandresbenitez\/wp-json\/wp\/v2\/types\/page"}],"author":[{"embeddable":true,"href":"https:\/\/blogsaverroes.juntadeandalucia.es\/iesandresbenitez\/wp-json\/wp\/v2\/users\/21247"}],"replies":[{"embeddable":true,"href":"https:\/\/blogsaverroes.juntadeandalucia.es\/iesandresbenitez\/wp-json\/wp\/v2\/comments?post=920"}],"version-history":[{"count":3,"href":"https:\/\/blogsaverroes.juntadeandalucia.es\/iesandresbenitez\/wp-json\/wp\/v2\/pages\/920\/revisions"}],"predecessor-version":[{"id":926,"href":"https:\/\/blogsaverroes.juntadeandalucia.es\/iesandresbenitez\/wp-json\/wp\/v2\/pages\/920\/revisions\/926"}],"wp:attachment":[{"href":"https:\/\/blogsaverroes.juntadeandalucia.es\/iesandresbenitez\/wp-json\/wp\/v2\/media?parent=920"}],"curies":[{"name":"wp","href":"https:\/\/api.w.org\/{rel}","templated":true}]}}