{"id":809,"date":"2026-01-17T10:25:12","date_gmt":"2026-01-17T09:25:12","guid":{"rendered":"https:\/\/blogsaverroes.juntadeandalucia.es\/iesandresperezserrano\/?page_id=809"},"modified":"2026-01-17T10:56:21","modified_gmt":"2026-01-17T09:56:21","slug":"intercambios-linguisticos","status":"publish","type":"page","link":"https:\/\/blogsaverroes.juntadeandalucia.es\/iesandresperezserrano\/proyectos-internacionales\/intercambios-linguisticos\/","title":{"rendered":"Intercambios Ling\u00fc\u00edsticos"},"content":{"rendered":"<p>Desde el curso 2023-2024 nuestro centro educativo mantiene un enriquecedor programa de <strong data-start=\"179\" data-end=\"217\">intercambio ling\u00fc\u00edstico y cultural<\/strong> con el centro <strong>Lyc\u00e9e Saint Dominique de Saint-Herblain (Francia)<\/strong>, una experiencia que permite a nuestro alumnado mejorar su competencia en lenguas extranjeras y conocer de primera mano la cultura francesa.<\/p>\n<p data-start=\"410\" data-end=\"672\">A trav\u00e9s de la convivencia con estudiantes y familias del pa\u00eds vecino, as\u00ed como de actividades educativas y culturales compartidas, este intercambio fomenta valores como el respeto, la convivencia, la autonom\u00eda personal y la apertura a otras realidades europeas.<\/p>\n<p><strong><span style=\"font-family: comic sans ms, sans-serif\">Visita al Lyc\u00e9e Saint Dominique de Saint-Herblain (Francia). ABRIL 2025<\/span><\/strong><\/p>\nngg_shortcode_0_placeholder\n<p><strong>Visita al IES Andr\u00e9s P\u00e9rez Serrano. Cortes de la Frontera (Espa\u00f1a) . MARZO 2025<\/strong><\/p>\nngg_shortcode_1_placeholder\n<p>&nbsp;<\/p>\n<p>&nbsp;<\/p>\n","protected":false},"excerpt":{"rendered":"<p>Desde el curso 2023-2024 nuestro centro educativo mantiene un enriquecedor programa de intercambio ling\u00fc\u00edstico y cultural con el centro Lyc\u00e9e Saint Dominique de Saint-Herblain (Francia), una experiencia que permite a nuestro alumnado mejorar su&#46;&#46;&#46;<\/p>\n","protected":false},"author":17058,"featured_media":0,"parent":819,"menu_order":0,"comment_status":"closed","ping_status":"closed","template":"","meta":{"ngg_post_thumbnail":0,"footnotes":""},"aioseo_notices":[],"_links":{"self":[{"href":"https:\/\/blogsaverroes.juntadeandalucia.es\/iesandresperezserrano\/wp-json\/wp\/v2\/pages\/809"}],"collection":[{"href":"https:\/\/blogsaverroes.juntadeandalucia.es\/iesandresperezserrano\/wp-json\/wp\/v2\/pages"}],"about":[{"href":"https:\/\/blogsaverroes.juntadeandalucia.es\/iesandresperezserrano\/wp-json\/wp\/v2\/types\/page"}],"author":[{"embeddable":true,"href":"https:\/\/blogsaverroes.juntadeandalucia.es\/iesandresperezserrano\/wp-json\/wp\/v2\/users\/17058"}],"replies":[{"embeddable":true,"href":"https:\/\/blogsaverroes.juntadeandalucia.es\/iesandresperezserrano\/wp-json\/wp\/v2\/comments?post=809"}],"version-history":[{"count":6,"href":"https:\/\/blogsaverroes.juntadeandalucia.es\/iesandresperezserrano\/wp-json\/wp\/v2\/pages\/809\/revisions"}],"predecessor-version":[{"id":838,"href":"https:\/\/blogsaverroes.juntadeandalucia.es\/iesandresperezserrano\/wp-json\/wp\/v2\/pages\/809\/revisions\/838"}],"up":[{"embeddable":true,"href":"https:\/\/blogsaverroes.juntadeandalucia.es\/iesandresperezserrano\/wp-json\/wp\/v2\/pages\/819"}],"wp:attachment":[{"href":"https:\/\/blogsaverroes.juntadeandalucia.es\/iesandresperezserrano\/wp-json\/wp\/v2\/media?parent=809"}],"curies":[{"name":"wp","href":"https:\/\/api.w.org\/{rel}","templated":true}]}}

Intercambios Lingüísticos

<p>Desde el curso 2023-2024 nuestro centro educativo mantiene un enriquecedor programa de <strong data-start="179" data-end="217">intercambio lingüístico y cultural</strong> con el centro <strong>Lycée Saint Dominique de Saint-Herblain (Francia)</strong>, una experiencia que permite a nuestro alumnado mejorar su competencia en lenguas extranjeras y conocer de primera mano la cultura francesa.</p>
<p data-start="410" data-end="672">A través de la convivencia con estudiantes y familias del país vecino, así como de actividades educativas y culturales compartidas, este intercambio fomenta valores como el respeto, la convivencia, la autonomía personal y la apertura a otras realidades europeas.</p>
<p><strong><span style="font-family: comic sans ms, sans-serif">Visita al Lycée Saint Dominique de Saint-Herblain (Francia). ABRIL 2025</span></strong></p>
ngg_shortcode_0_placeholder
<p><strong>Visita al IES Andrés Pérez Serrano. Cortes de la Frontera (España) . MARZO 2025</strong></p>
ngg_shortcode_1_placeholder
<p>&nbsp;</p>
<p>&nbsp;</p>

<p>Desde el curso 2023-2024 nuestro centro educativo mantiene un enriquecedor programa de intercambio lingüístico y cultural con el centro Lycée Saint Dominique de Saint-Herblain (Francia), una experiencia que permite a nuestro alumnado mejorar su&#46;&#46;&#46;</p>
