{"id":88,"date":"2025-08-26T00:33:49","date_gmt":"2025-08-25T22:33:49","guid":{"rendered":"https:\/\/blogsaverroes.juntadeandalucia.es\/iesandresperezserranocortes\/?page_id=88"},"modified":"2025-09-11T21:52:06","modified_gmt":"2025-09-11T20:52:06","slug":"secretaria","status":"publish","type":"page","link":"https:\/\/blogsaverroes.juntadeandalucia.es\/iesandresperezserrano\/el-centro\/secretaria\/","title":{"rendered":"Secretar\u00eda"},"content":{"rendered":"<h2 data-start=\"132\" data-end=\"293\"><span style=\"color: #008000\"><em><strong>TRANSPORTE ESCOLAR<\/strong><\/em><\/span><\/h2>\n<p data-start=\"132\" data-end=\"293\">Aqu\u00ed puedes consultar los horarios de los autobuses que vienen al centro. Te recomendamos estar en la parada con unos minutos de antelaci\u00f3n ya que los horarios son orientativos.<\/p>\n<p data-start=\"295\" data-end=\"456\">Revisa bien tu ruta y ten en cuenta que los horarios pueden variar un poco seg\u00fan el tr\u00e1fico. Si hay alg\u00fan cambio importante, lo avisaremos por la web o en clase.<\/p>\n<p data-start=\"458\" data-end=\"539\">Si tienes alguna duda sobre el transporte, pregunta en Secretar\u00eda o a tu tutor\/a.<\/p>\n<p data-start=\"458\" data-end=\"539\"><img loading=\"lazy\" decoding=\"async\" class=\"size-full wp-image-693 aligncenter\" src=\"https:\/\/blogsaverroes.juntadeandalucia.es\/iesandresperezserrano\/files\/2025\/09\/WhatsApp-Image-2025-09-11-at-22.34.21.jpeg\" alt=\"\" width=\"366\" height=\"516\" srcset=\"https:\/\/blogsaverroes.juntadeandalucia.es\/iesandresperezserrano\/files\/2025\/09\/WhatsApp-Image-2025-09-11-at-22.34.21.jpeg 366w, https:\/\/blogsaverroes.juntadeandalucia.es\/iesandresperezserrano\/files\/2025\/09\/WhatsApp-Image-2025-09-11-at-22.34.21-213x300.jpeg 213w\" sizes=\"(max-width: 366px) 100vw, 366px\" \/><!--nextpage--><\/p>\n<p>&nbsp;<\/p>\n<h2><em><strong><span style=\"color: #008000\">SECRETAR\u00cdA VIRTUAL DE LOS CENTROS EDUCATIVOS ANDALUCES<\/span><\/strong><\/em><\/h2>\n<p data-start=\"258\" data-end=\"432\">La Secretar\u00eda Virtual de los centros docentes es un espacio online donde podr\u00e1s realizar tr\u00e1mites de forma c\u00f3moda y segura, sin necesidad de acudir presencialmente al centro.<\/p>\n<p data-start=\"434\" data-end=\"683\">Desde aqu\u00ed puedes presentar solicitudes, gestionar matr\u00edculas, y mucho m\u00e1s. Solo necesitas un dispositivo con conexi\u00f3n a internet y tus credenciales de acceso (certificado digital, Cl@ve o iANDE).<\/p>\n<p data-start=\"685\" data-end=\"743\">Haz clic en el siguiente enlace para acceder directamente:<\/p>\n<p><a href=\"https:\/\/www.juntadeandalucia.es\/educacion\/secretariavirtual\/\" target=\"_blank\" rel=\"noopener\"><img loading=\"lazy\" decoding=\"async\" class=\"size-medium wp-image-68 alignleft\" src=\"https:\/\/blogsaverroes.juntadeandalucia.es\/iesandresperezserranocortes\/files\/2025\/08\/secretaria-virtual-e1756151295563-300x79.jpeg\" alt=\"\" width=\"300\" height=\"79\"\/><\/a><\/p>\n","protected":false},"excerpt":{"rendered":"<p>TRANSPORTE ESCOLAR Aqu\u00ed puedes consultar los horarios de los autobuses que vienen al centro. Te recomendamos estar en la parada con unos minutos de antelaci\u00f3n ya que los horarios son orientativos. Revisa bien tu&#46;&#46;&#46;<\/p>\n","protected":false},"author":17058,"featured_media":0,"parent":559,"menu_order":0,"comment_status":"closed","ping_status":"closed","template":"","meta":{"ngg_post_thumbnail":0,"footnotes":""},"aioseo_notices":[],"_links":{"self":[{"href":"https:\/\/blogsaverroes.juntadeandalucia.es\/iesandresperezserrano\/wp-json\/wp\/v2\/pages\/88"}],"collection":[{"href":"https:\/\/blogsaverroes.juntadeandalucia.es\/iesandresperezserrano\/wp-json\/wp\/v2\/pages"}],"about":[{"href":"https:\/\/blogsaverroes.juntadeandalucia.es\/iesandresperezserrano\/wp-json\/wp\/v2\/types\/page"}],"author":[{"embeddable":true,"href":"https:\/\/blogsaverroes.juntadeandalucia.es\/iesandresperezserrano\/wp-json\/wp\/v2\/users\/17058"}],"replies":[{"embeddable":true,"href":"https:\/\/blogsaverroes.juntadeandalucia.es\/iesandresperezserrano\/wp-json\/wp\/v2\/comments?post=88"}],"version-history":[{"count":4,"href":"https:\/\/blogsaverroes.juntadeandalucia.es\/iesandresperezserrano\/wp-json\/wp\/v2\/pages\/88\/revisions"}],"predecessor-version":[{"id":697,"href":"https:\/\/blogsaverroes.juntadeandalucia.es\/iesandresperezserrano\/wp-json\/wp\/v2\/pages\/88\/revisions\/697"}],"up":[{"embeddable":true,"href":"https:\/\/blogsaverroes.juntadeandalucia.es\/iesandresperezserrano\/wp-json\/wp\/v2\/pages\/559"}],"wp:attachment":[{"href":"https:\/\/blogsaverroes.juntadeandalucia.es\/iesandresperezserrano\/wp-json\/wp\/v2\/media?parent=88"}],"curies":[{"name":"wp","href":"https:\/\/api.w.org\/{rel}","templated":true}]}}

Secretaría

<h2 data-start="132" data-end="293"><span style="color: #008000"><em><strong>TRANSPORTE ESCOLAR</strong></em></span></h2>
<p data-start="132" data-end="293">Aquí puedes consultar los horarios de los autobuses que vienen al centro. Te recomendamos estar en la parada con unos minutos de antelación ya que los horarios son orientativos.</p>
<p data-start="295" data-end="456">Revisa bien tu ruta y ten en cuenta que los horarios pueden variar un poco según el tráfico. Si hay algún cambio importante, lo avisaremos por la web o en clase.</p>
<p data-start="458" data-end="539">Si tienes alguna duda sobre el transporte, pregunta en Secretaría o a tu tutor/a.</p>
<p data-start="458" data-end="539"><img loading="lazy" decoding="async" class="size-full wp-image-693 aligncenter" src="https://blogsaverroes.juntadeandalucia.es/iesandresperezserrano/files/2025/09/WhatsApp-Image-2025-09-11-at-22.34.21.jpeg" alt="" width="366" height="516" srcset="https://blogsaverroes.juntadeandalucia.es/iesandresperezserrano/files/2025/09/WhatsApp-Image-2025-09-11-at-22.34.21.jpeg 366w, https://blogsaverroes.juntadeandalucia.es/iesandresperezserrano/files/2025/09/WhatsApp-Image-2025-09-11-at-22.34.21-213x300.jpeg 213w" sizes="(max-width: 366px) 100vw, 366px" /><!--nextpage--></p>
<p>&nbsp;</p>
<h2><em><strong><span style="color: #008000">SECRETARÍA VIRTUAL DE LOS CENTROS EDUCATIVOS ANDALUCES</span></strong></em></h2>
<p data-start="258" data-end="432">La Secretaría Virtual de los centros docentes es un espacio online donde podrás realizar trámites de forma cómoda y segura, sin necesidad de acudir presencialmente al centro.</p>
<p data-start="434" data-end="683">Desde aquí puedes presentar solicitudes, gestionar matrículas, y mucho más. Solo necesitas un dispositivo con conexión a internet y tus credenciales de acceso (certificado digital, Cl@ve o iANDE).</p>
<p data-start="685" data-end="743">Haz clic en el siguiente enlace para acceder directamente:</p>
<p><a href="https://www.juntadeandalucia.es/educacion/secretariavirtual/" target="_blank" rel="noopener"><img loading="lazy" decoding="async" class="size-medium wp-image-68 alignleft" src="https://blogsaverroes.juntadeandalucia.es/iesandresperezserranocortes/files/2025/08/secretaria-virtual-e1756151295563-300x79.jpeg" alt="" width="300" height="79"/></a></p>

<p>TRANSPORTE ESCOLAR Aquí puedes consultar los horarios de los autobuses que vienen al centro. Te recomendamos estar en la parada con unos minutos de antelación ya que los horarios son orientativos. Revisa bien tu&#46;&#46;&#46;</p>
