{"id":89,"date":"2025-08-26T00:33:49","date_gmt":"2025-08-25T22:33:49","guid":{"rendered":"https:\/\/blogsaverroes.juntadeandalucia.es\/iesandresperezserranocortes\/?page_id=89"},"modified":"2025-09-12T15:22:53","modified_gmt":"2025-09-12T14:22:53","slug":"plano-general-del-centro","status":"publish","type":"page","link":"https:\/\/blogsaverroes.juntadeandalucia.es\/iesandresperezserrano\/el-centro\/plano-general-del-centro\/","title":{"rendered":"Plano general del centro"},"content":{"rendered":"<p data-start=\"170\" data-end=\"494\">Accede a los planos de nuestro centro. La distribuci\u00f3n ha sido dise\u00f1ada pensando en el bienestar y desarrollo de nuestros estudiantes, creando ambientes c\u00f3modos, seguros e id\u00f3neos para favorecer el estudio, la convivencia y el crecimiento personal.<\/p>\n<p data-start=\"496\" data-end=\"747\">En estos planos podr\u00e1n ver c\u00f3mo estar\u00e1n distribuidas las aulas, las zonas de recreo, los espacios deportivos, laboratorios, biblioteca y muchas otras \u00e1reas pensadas para que cada d\u00eda en el instituto sea una experiencia positiva y enriquecedora.<\/p>\n<p data-start=\"749\" data-end=\"986\">Queremos que tanto el alumnado como las familias se sientan parte de este proyecto, por eso los invitamos a conocer cada detalle y acompa\u00f1arnos en este emocionante camino hacia una buena educaci\u00f3n y m\u00e1s oportunidades.<\/p>\n<p data-start=\"749\" data-end=\"986\">&nbsp;<\/p>\n<p><iframe loading=\"lazy\" src=\"https:\/\/drive.google.com\/file\/d\/1_h_rWxjGCbT0vNRsLh4UVBC10vDmZ03J\/preview\" width=\"950\" height=\"580\"><span style=\"width: 0px;overflow: hidden;line-height: 0\" data-mce-type=\"bookmark\" class=\"mce_SELRES_start\">\ufeff<\/span><\/iframe><\/p>\n","protected":false},"excerpt":{"rendered":"<p>Accede a los planos de nuestro centro. La distribuci\u00f3n ha sido dise\u00f1ada pensando en el bienestar y desarrollo de nuestros estudiantes, creando ambientes c\u00f3modos, seguros e id\u00f3neos para favorecer el estudio, la convivencia y&#46;&#46;&#46;<\/p>\n","protected":false},"author":17058,"featured_media":0,"parent":559,"menu_order":0,"comment_status":"closed","ping_status":"closed","template":"","meta":{"ngg_post_thumbnail":0,"footnotes":""},"aioseo_notices":[],"_links":{"self":[{"href":"https:\/\/blogsaverroes.juntadeandalucia.es\/iesandresperezserrano\/wp-json\/wp\/v2\/pages\/89"}],"collection":[{"href":"https:\/\/blogsaverroes.juntadeandalucia.es\/iesandresperezserrano\/wp-json\/wp\/v2\/pages"}],"about":[{"href":"https:\/\/blogsaverroes.juntadeandalucia.es\/iesandresperezserrano\/wp-json\/wp\/v2\/types\/page"}],"author":[{"embeddable":true,"href":"https:\/\/blogsaverroes.juntadeandalucia.es\/iesandresperezserrano\/wp-json\/wp\/v2\/users\/17058"}],"replies":[{"embeddable":true,"href":"https:\/\/blogsaverroes.juntadeandalucia.es\/iesandresperezserrano\/wp-json\/wp\/v2\/comments?post=89"}],"version-history":[{"count":5,"href":"https:\/\/blogsaverroes.juntadeandalucia.es\/iesandresperezserrano\/wp-json\/wp\/v2\/pages\/89\/revisions"}],"predecessor-version":[{"id":634,"href":"https:\/\/blogsaverroes.juntadeandalucia.es\/iesandresperezserrano\/wp-json\/wp\/v2\/pages\/89\/revisions\/634"}],"up":[{"embeddable":true,"href":"https:\/\/blogsaverroes.juntadeandalucia.es\/iesandresperezserrano\/wp-json\/wp\/v2\/pages\/559"}],"wp:attachment":[{"href":"https:\/\/blogsaverroes.juntadeandalucia.es\/iesandresperezserrano\/wp-json\/wp\/v2\/media?parent=89"}],"curies":[{"name":"wp","href":"https:\/\/api.w.org\/{rel}","templated":true}]}}

<p data-start="170" data-end="494">Accede a los planos de nuestro centro. La distribución ha sido diseñada pensando en el bienestar y desarrollo de nuestros estudiantes, creando ambientes cómodos, seguros e idóneos para favorecer el estudio, la convivencia y el crecimiento personal.</p>
<p data-start="496" data-end="747">En estos planos podrán ver cómo estarán distribuidas las aulas, las zonas de recreo, los espacios deportivos, laboratorios, biblioteca y muchas otras áreas pensadas para que cada día en el instituto sea una experiencia positiva y enriquecedora.</p>
<p data-start="749" data-end="986">Queremos que tanto el alumnado como las familias se sientan parte de este proyecto, por eso los invitamos a conocer cada detalle y acompañarnos en este emocionante camino hacia una buena educación y más oportunidades.</p>
<p data-start="749" data-end="986">&nbsp;</p>
<p><iframe loading="lazy" src="https://drive.google.com/file/d/1_h_rWxjGCbT0vNRsLh4UVBC10vDmZ03J/preview" width="950" height="580"><span style="width: 0px;overflow: hidden;line-height: 0" data-mce-type="bookmark" class="mce_SELRES_start">﻿</span></iframe></p>

<p>Accede a los planos de nuestro centro. La distribución ha sido diseñada pensando en el bienestar y desarrollo de nuestros estudiantes, creando ambientes cómodos, seguros e idóneos para favorecer el estudio, la convivencia y&#46;&#46;&#46;</p>
