{"id":174,"date":"2015-03-17T07:56:14","date_gmt":"2015-03-17T07:56:14","guid":{"rendered":"http:\/\/blogsaverroes.juntadeandalucia.es\/pre\/ceip\/?page_id=174"},"modified":"2025-11-27T19:04:47","modified_gmt":"2025-11-27T17:04:47","slug":"dibujo","status":"publish","type":"page","link":"https:\/\/blogsaverroes.juntadeandalucia.es\/iesantonioalvarezlopez\/dibujo\/","title":{"rendered":"Educaci\u00f3n Pl\u00e1stica y Visual"},"content":{"rendered":"<p><img loading=\"lazy\" decoding=\"async\" class=\"size-medium wp-image-4554 aligncenter\" src=\"https:\/\/blogsaverroes.juntadeandalucia.es\/iesantonioalvarezlopez\/files\/2021\/10\/artes-plasticas-cuadro-300x162.jpg\" alt=\"\" width=\"300\" height=\"162\" srcset=\"https:\/\/blogsaverroes.juntadeandalucia.es\/iesantonioalvarezlopez\/files\/2021\/10\/artes-plasticas-cuadro-300x162.jpg 300w, https:\/\/blogsaverroes.juntadeandalucia.es\/iesantonioalvarezlopez\/files\/2021\/10\/artes-plasticas-cuadro-768x415.jpg 768w, https:\/\/blogsaverroes.juntadeandalucia.es\/iesantonioalvarezlopez\/files\/2021\/10\/artes-plasticas-cuadro.jpg 800w\" sizes=\"(max-width: 300px) 100vw, 300px\" \/><\/p>\n<table style=\"width: 100%\" border=\"0\" align=\"center\">\n<tbody>\n<tr>\n<td style=\"font-family: Georgia, 'Times New Roman', Times, serif;font-size: larger;text-align: center;background-color: #d5edf4\"><span style=\"font-size: 18pt\">Departamento de Artes Pl\u00e1sticas<\/span><\/td>\n<\/tr>\n<\/tbody>\n<\/table>\n<p>En esta programaci\u00f3n se encuentran incluidos los Criterios de Evaluaci\u00f3n y los programas de refuerzo al alumnado repetidor y con materias pendientes.<\/p>\n<ul>\n<li><a href=\"https:\/\/blogsaverroes.juntadeandalucia.es\/iesantonioalvarezlopez\/files\/2025\/11\/Dibujo.pdf\" target=\"_blank\" rel=\"noopener\">Programaci\u00f3n 2025\/26<\/a><\/li>\n<li><a href=\"https:\/\/blogsaverroes.juntadeandalucia.es\/iesantonioalvarezlopez\/files\/2024\/07\/Memoria-del-Departamento-de-Dibujo.pdf\">Memoria 2023\/24<\/a><\/li>\n<\/ul>\n<p>&nbsp;<\/p>\n<address>\n<table style=\"border-collapse: collapse;width: 100%\">\n<tbody>\n<tr>\n<td style=\"width: 100%;text-align: center\"><span style=\"font-size: 20px\">Recursos educativos<\/span><\/td>\n<\/tr>\n<\/tbody>\n<\/table>\n<p><a href=\"http:\/\/epviesgelves.blogspot.com.es\/\"><em>Enrique Bendala &#8211; EPV IES Gelves<\/em><\/a><br \/>\n<a href=\"http:\/\/epvgelves1.blogspot.com\/\/\"><em>Enrique Bendala &#8211; EPV 1\u00ba ESO Gelves<\/em><\/a><\/p>\n<\/address>\n","protected":false},"excerpt":{"rendered":"<p>Departamento de Artes Pl\u00e1sticas En esta programaci\u00f3n se encuentran incluidos los Criterios de Evaluaci\u00f3n y los programas de refuerzo al alumnado repetidor y con materias pendientes. Programaci\u00f3n 2025\/26 Memoria 2023\/24 &nbsp; Recursos educativos Enrique&#46;&#46;&#46;<\/p>\n","protected":false},"author":10111,"featured_media":0,"parent":0,"menu_order":0,"comment_status":"closed","ping_status":"open","template":"","meta":{"ngg_post_thumbnail":0,"footnotes":""},"aioseo_notices":[],"_links":{"self":[{"href":"https:\/\/blogsaverroes.juntadeandalucia.es\/iesantonioalvarezlopez\/wp-json\/wp\/v2\/pages\/174"}],"collection":[{"href":"https:\/\/blogsaverroes.juntadeandalucia.es\/iesantonioalvarezlopez\/wp-json\/wp\/v2\/pages"}],"about":[{"href":"https:\/\/blogsaverroes.juntadeandalucia.es\/iesantonioalvarezlopez\/wp-json\/wp\/v2\/types\/page"}],"author":[{"embeddable":true,"href":"https:\/\/blogsaverroes.juntadeandalucia.es\/iesantonioalvarezlopez\/wp-json\/wp\/v2\/users\/10111"}],"replies":[{"embeddable":true,"href":"https:\/\/blogsaverroes.juntadeandalucia.es\/iesantonioalvarezlopez\/wp-json\/wp\/v2\/comments?post=174"}],"version-history":[{"count":15,"href":"https:\/\/blogsaverroes.juntadeandalucia.es\/iesantonioalvarezlopez\/wp-json\/wp\/v2\/pages\/174\/revisions"}],"predecessor-version":[{"id":11902,"href":"https:\/\/blogsaverroes.juntadeandalucia.es\/iesantonioalvarezlopez\/wp-json\/wp\/v2\/pages\/174\/revisions\/11902"}],"wp:attachment":[{"href":"https:\/\/blogsaverroes.juntadeandalucia.es\/iesantonioalvarezlopez\/wp-json\/wp\/v2\/media?parent=174"}],"curies":[{"name":"wp","href":"https:\/\/api.w.org\/{rel}","templated":true}]}}

Educación Plástica y Visual

<p><img loading="lazy" decoding="async" class="size-medium wp-image-4554 aligncenter" src="https://blogsaverroes.juntadeandalucia.es/iesantonioalvarezlopez/files/2021/10/artes-plasticas-cuadro-300x162.jpg" alt="" width="300" height="162" srcset="https://blogsaverroes.juntadeandalucia.es/iesantonioalvarezlopez/files/2021/10/artes-plasticas-cuadro-300x162.jpg 300w, https://blogsaverroes.juntadeandalucia.es/iesantonioalvarezlopez/files/2021/10/artes-plasticas-cuadro-768x415.jpg 768w, https://blogsaverroes.juntadeandalucia.es/iesantonioalvarezlopez/files/2021/10/artes-plasticas-cuadro.jpg 800w" sizes="(max-width: 300px) 100vw, 300px" /></p>
<table style="width: 100%" border="0" align="center">
<tbody>
<tr>
<td style="font-family: Georgia, 'Times New Roman', Times, serif;font-size: larger;text-align: center;background-color: #d5edf4"><span style="font-size: 18pt">Departamento de Artes Plásticas</span></td>
</tr>
</tbody>
</table>
<p>En esta programación se encuentran incluidos los Criterios de Evaluación y los programas de refuerzo al alumnado repetidor y con materias pendientes.</p>
<ul>
<li><a href="https://blogsaverroes.juntadeandalucia.es/iesantonioalvarezlopez/files/2025/11/Dibujo.pdf" target="_blank" rel="noopener">Programación 2025/26</a></li>
<li><a href="https://blogsaverroes.juntadeandalucia.es/iesantonioalvarezlopez/files/2024/07/Memoria-del-Departamento-de-Dibujo.pdf">Memoria 2023/24</a></li>
</ul>
<p>&nbsp;</p>
<address>
<table style="border-collapse: collapse;width: 100%">
<tbody>
<tr>
<td style="width: 100%;text-align: center"><span style="font-size: 20px">Recursos educativos</span></td>
</tr>
</tbody>
</table>
<p><a href="http://epviesgelves.blogspot.com.es/"><em>Enrique Bendala &#8211; EPV IES Gelves</em></a><br />
<a href="http://epvgelves1.blogspot.com//"><em>Enrique Bendala &#8211; EPV 1º ESO Gelves</em></a></p>
</address>

<p>Departamento de Artes Plásticas En esta programación se encuentran incluidos los Criterios de Evaluación y los programas de refuerzo al alumnado repetidor y con materias pendientes. Programación 2025/26 Memoria 2023/24 &nbsp; Recursos educativos Enrique&#46;&#46;&#46;</p>
