{"id":3297,"date":"2020-11-29T09:56:31","date_gmt":"2020-11-29T09:56:31","guid":{"rendered":"https:\/\/blogsaverroes.juntadeandalucia.es\/iesgelves\/?page_id=3297"},"modified":"2022-05-28T16:08:08","modified_gmt":"2022-05-28T14:08:08","slug":"concurso-de-haykus-2","status":"publish","type":"page","link":"https:\/\/blogsaverroes.juntadeandalucia.es\/iesantonioalvarezlopez\/concurso-de-haykus-2\/","title":{"rendered":"Concurso de Haikus"},"content":{"rendered":"<div style=\"color: #222222;font-family: arial, sans-serif;font-size: 12.8px;text-align: center\"><span style=\"font-family: verdana, geneva;color: #993300;font-size: 16px\"><strong>BASES DEL V CONCURSO LITERARIO DE HAIKUS DEL IES ANTONIO \u00c1LVAREZ L\u00d3PEZ<\/strong><\/span><\/div>\n<div style=\"color: #222222;font-family: arial, sans-serif;font-size: 12.8px\">\n<p>&nbsp;<\/p>\n<p><span style=\"font-size: 16px\">1. Podr\u00e1n participar todos los alumnos del IES Antonio \u00c1lvarez L\u00f3pez.<\/span><\/p>\n<p><span style=\"font-size: 16px\">2. Los haikus tendr\u00e1n tres versos y deben ser creaciones propias. Se deber\u00e1 respetar la m\u00e9trica tradicional (5-7-5) y no incluir rima.<\/span><\/p>\n<p><span style=\"font-size: 16px\">3. La tem\u00e1tica, en esta edici\u00f3n, ser\u00e1 libre. Se podr\u00e1 respetar la tem\u00e1tica propia del haiku: una imagen de un momento fugaz captado dentro o fuera de casa, pero aquellos alumnos que lo deseen, podr\u00e1n escribir sobre un tema distinto.<\/span><\/p>\n<p><span style=\"font-size: 16px\">4. Los haikus ir\u00e1n acompa\u00f1ados de una foto original que recoja todo o parte del concepto que se pretenda transmitir.<\/span><\/p>\n<p><span style=\"font-size: 16px\">5. Se subir\u00e1n los trabajos en el espacio habilitado en esta web, en la columna asignada para cada curso, pulsando sobre el s\u00edmbolo +. En el apartado \u2018t\u00edtulo\u2019 se debe especificar el nombre y apellidos, el curso y el grupo al que se pertenece. En el espacio \u2018escribe algo\u2019 se incluir\u00e1n los tres versos del haiku, cada uno en una l\u00ednea. Finalmente, pulsando sobre el icono \u2191 se adjuntar\u00e1 la imagen. El haiku quedar\u00e1 pendiente de publicaci\u00f3n y no ser\u00e1 visible hasta que lo apruebe un moderador.<\/span><\/p>\n<p><span style=\"font-size: 16px\">6. Se podr\u00e1n presentar hasta el 17 de junio incluido.<\/span><\/p>\n<p><span style=\"font-size: 16px\">7. Cada participante podr\u00e1 entregar un m\u00e1ximo de un haiku.<\/span><\/p>\n<p><span style=\"font-size: 16px\">8. Se establecen dos categor\u00edas con un \u00fanico ganador para cada una de ellas. Una categor\u00eda para 1\u00ba y 2\u00ba de ESO y otra categor\u00eda para 3\u00ba y 4\u00ba de ESO.<\/span><\/p>\n<p><span style=\"font-size: 16px\">9. Cada ganador recibir\u00e1 un cheque valorado en 20\u20ac que se podr\u00e1 canjear por libros y material de papeler\u00eda.<\/span><\/p>\n<p><span style=\"font-size: 16px\">10. Las composiciones ganadoras ser\u00e1n expuestas en la web del centro y en sus redes sociales.<\/span><\/p>\n<p><span style=\"font-size: 16px\">11. El jurado calificador ser\u00e1 designado y anunciado previamente a la deliberaci\u00f3n. Sus decisiones ser\u00e1n inapelables.<\/span><\/p>\n<p><span style=\"font-size: 16px\">12. Los participantes se comprometen a respetar las bases del concurso aqu\u00ed expuestas.<\/span><\/p>\n<\/div>\n<p>&nbsp;<\/p>\n<div style=\"text-align: center\">\n<div style=\"margin: 8px 0px 4px\"><a href=\"https:\/\/www.calameo.com\/books\/004653106f1bbdff93417\" target=\"_blank\" rel=\"noopener noreferrer\">Instrucciones para escribir un haiku<\/a><\/div>\n<p><iframe loading=\"lazy\" src=\"\/\/v.calameo.com\/?bkcode=004653106f1bbdff93417&amp;mode=mini\" width=\"480\" height=\"300\" frameborder=\"0\" scrolling=\"no\"><\/iframe><\/p>\n<div style=\"margin: 4px 0px 8px\"><a href=\"http:\/\/www.calameo.com\/\" target=\"_blank\" rel=\"noopener noreferrer\">Leer m\u00e1s publicaciones en Calam\u00e9o<\/a><\/div>\n<\/div>\n<p style=\"text-align: center\">&nbsp;<br \/>\n<iframe loading=\"lazy\" src=\"https:\/\/padlet.com\/embed\/aamybkbd8exaxkhl\" width=\"100%\" height=\"400\" frameborder=\"0\"><\/iframe><\/p>\n<p>&nbsp;<\/p>\n<p style=\"text-align: center\"><iframe loading=\"lazy\" src=\"https:\/\/padlet.com\/embed\/7ix9fap5rpump13c\" width=\"100%\" height=\"400\" frameborder=\"0\"><\/iframe><\/p>\n<p><span style=\"font-size: 24px\"><strong>Ganadores del concurso de Haikus del curso 2020\/21<\/strong><\/span><\/p>\n<p>Izan Rodr\u00edguez Lino es el ganador de la categor\u00eda de 1\u00ba y 2\u00ba de ESO, Ana \u00c1ngela Velasco Gonz\u00e1lez es la ganadora de la categor\u00eda de 3\u00ba y 4\u00ba de ESO y, por \u00faltimo, Lola Art\u00edles Camp\u00e1n ha ganado la edici\u00f3n en ingl\u00e9s. Nuestra m\u00e1s sincera enhorabuena a todos ellos.<\/p>\n<p><a href=\"https:\/\/blogsaverroes.juntadeandalucia.es\/iesantonioalvarezlopez\/files\/2021\/06\/Ganador-1\u00ba-y-2\u00ba.jpg\"><img loading=\"lazy\" decoding=\"async\" class=\"alignnone size-medium wp-image-4205\" src=\"https:\/\/blogsaverroes.juntadeandalucia.es\/iesantonioalvarezlopez\/files\/2021\/06\/Ganador-1\u00ba-y-2\u00ba-172x300.jpg\" alt=\"\" width=\"172\" height=\"300\" srcset=\"https:\/\/blogsaverroes.juntadeandalucia.es\/iesantonioalvarezlopez\/files\/2021\/06\/Ganador-1\u00ba-y-2\u00ba-172x300.jpg 172w, https:\/\/blogsaverroes.juntadeandalucia.es\/iesantonioalvarezlopez\/files\/2021\/06\/Ganador-1\u00ba-y-2\u00ba.jpg 225w\" sizes=\"(max-width: 172px) 100vw, 172px\" \/><\/a> <a href=\"https:\/\/blogsaverroes.juntadeandalucia.es\/iesantonioalvarezlopez\/files\/2021\/06\/Ganador-3\u00ba-y-4\u00ba.jpg\">&nbsp; <img loading=\"lazy\" decoding=\"async\" class=\"alignnone size-medium wp-image-4206\" src=\"https:\/\/blogsaverroes.juntadeandalucia.es\/iesantonioalvarezlopez\/files\/2021\/06\/Ganador-3\u00ba-y-4\u00ba-175x300.jpg\" alt=\"\" width=\"175\" height=\"300\" srcset=\"https:\/\/blogsaverroes.juntadeandalucia.es\/iesantonioalvarezlopez\/files\/2021\/06\/Ganador-3\u00ba-y-4\u00ba-175x300.jpg 175w, https:\/\/blogsaverroes.juntadeandalucia.es\/iesantonioalvarezlopez\/files\/2021\/06\/Ganador-3\u00ba-y-4\u00ba.jpg 226w\" sizes=\"(max-width: 175px) 100vw, 175px\" \/> &nbsp;<\/a><a href=\"https:\/\/blogsaverroes.juntadeandalucia.es\/iesantonioalvarezlopez\/files\/2021\/06\/Ganador-ingl\u00e9s.jpg\"><img loading=\"lazy\" decoding=\"async\" class=\"alignnone size-medium wp-image-4204\" src=\"https:\/\/blogsaverroes.juntadeandalucia.es\/iesantonioalvarezlopez\/files\/2021\/06\/Ganador-ingl\u00e9s-176x300.jpg\" alt=\"\" width=\"176\" height=\"300\" srcset=\"https:\/\/blogsaverroes.juntadeandalucia.es\/iesantonioalvarezlopez\/files\/2021\/06\/Ganador-ingl\u00e9s-176x300.jpg 176w, https:\/\/blogsaverroes.juntadeandalucia.es\/iesantonioalvarezlopez\/files\/2021\/06\/Ganador-ingl\u00e9s.jpg 222w\" sizes=\"(max-width: 176px) 100vw, 176px\" \/><\/a><\/p>\n","protected":false},"excerpt":{"rendered":"<p>BASES DEL V CONCURSO LITERARIO DE HAIKUS DEL IES ANTONIO \u00c1LVAREZ L\u00d3PEZ &nbsp; 1. Podr\u00e1n participar todos los alumnos del IES Antonio \u00c1lvarez L\u00f3pez. 2. Los haikus tendr\u00e1n tres versos y deben ser creaciones&#46;&#46;&#46;<\/p>\n","protected":false},"author":10111,"featured_media":0,"parent":0,"menu_order":0,"comment_status":"closed","ping_status":"closed","template":"","meta":{"ngg_post_thumbnail":0,"footnotes":""},"aioseo_notices":[],"_links":{"self":[{"href":"https:\/\/blogsaverroes.juntadeandalucia.es\/iesantonioalvarezlopez\/wp-json\/wp\/v2\/pages\/3297"}],"collection":[{"href":"https:\/\/blogsaverroes.juntadeandalucia.es\/iesantonioalvarezlopez\/wp-json\/wp\/v2\/pages"}],"about":[{"href":"https:\/\/blogsaverroes.juntadeandalucia.es\/iesantonioalvarezlopez\/wp-json\/wp\/v2\/types\/page"}],"author":[{"embeddable":true,"href":"https:\/\/blogsaverroes.juntadeandalucia.es\/iesantonioalvarezlopez\/wp-json\/wp\/v2\/users\/10111"}],"replies":[{"embeddable":true,"href":"https:\/\/blogsaverroes.juntadeandalucia.es\/iesantonioalvarezlopez\/wp-json\/wp\/v2\/comments?post=3297"}],"version-history":[{"count":7,"href":"https:\/\/blogsaverroes.juntadeandalucia.es\/iesantonioalvarezlopez\/wp-json\/wp\/v2\/pages\/3297\/revisions"}],"predecessor-version":[{"id":5587,"href":"https:\/\/blogsaverroes.juntadeandalucia.es\/iesantonioalvarezlopez\/wp-json\/wp\/v2\/pages\/3297\/revisions\/5587"}],"wp:attachment":[{"href":"https:\/\/blogsaverroes.juntadeandalucia.es\/iesantonioalvarezlopez\/wp-json\/wp\/v2\/media?parent=3297"}],"curies":[{"name":"wp","href":"https:\/\/api.w.org\/{rel}","templated":true}]}}

<div style="color: #222222;font-family: arial, sans-serif;font-size: 12.8px;text-align: center"><span style="font-family: verdana, geneva;color: #993300;font-size: 16px"><strong>BASES DEL V CONCURSO LITERARIO DE HAIKUS DEL IES ANTONIO ÁLVAREZ LÓPEZ</strong></span></div>
<div style="color: #222222;font-family: arial, sans-serif;font-size: 12.8px">
<p>&nbsp;</p>
<p><span style="font-size: 16px">1. Podrán participar todos los alumnos del IES Antonio Álvarez López.</span></p>
<p><span style="font-size: 16px">2. Los haikus tendrán tres versos y deben ser creaciones propias. Se deberá respetar la métrica tradicional (5-7-5) y no incluir rima.</span></p>
<p><span style="font-size: 16px">3. La temática, en esta edición, será libre. Se podrá respetar la temática propia del haiku: una imagen de un momento fugaz captado dentro o fuera de casa, pero aquellos alumnos que lo deseen, podrán escribir sobre un tema distinto.</span></p>
<p><span style="font-size: 16px">4. Los haikus irán acompañados de una foto original que recoja todo o parte del concepto que se pretenda transmitir.</span></p>
<p><span style="font-size: 16px">5. Se subirán los trabajos en el espacio habilitado en esta web, en la columna asignada para cada curso, pulsando sobre el símbolo +. En el apartado ‘título’ se debe especificar el nombre y apellidos, el curso y el grupo al que se pertenece. En el espacio ‘escribe algo’ se incluirán los tres versos del haiku, cada uno en una línea. Finalmente, pulsando sobre el icono ↑ se adjuntará la imagen. El haiku quedará pendiente de publicación y no será visible hasta que lo apruebe un moderador.</span></p>
<p><span style="font-size: 16px">6. Se podrán presentar hasta el 17 de junio incluido.</span></p>
<p><span style="font-size: 16px">7. Cada participante podrá entregar un máximo de un haiku.</span></p>
<p><span style="font-size: 16px">8. Se establecen dos categorías con un único ganador para cada una de ellas. Una categoría para 1º y 2º de ESO y otra categoría para 3º y 4º de ESO.</span></p>
<p><span style="font-size: 16px">9. Cada ganador recibirá un cheque valorado en 20€ que se podrá canjear por libros y material de papelería.</span></p>
<p><span style="font-size: 16px">10. Las composiciones ganadoras serán expuestas en la web del centro y en sus redes sociales.</span></p>
<p><span style="font-size: 16px">11. El jurado calificador será designado y anunciado previamente a la deliberación. Sus decisiones serán inapelables.</span></p>
<p><span style="font-size: 16px">12. Los participantes se comprometen a respetar las bases del concurso aquí expuestas.</span></p>
</div>
<p>&nbsp;</p>
<div style="text-align: center">
<div style="margin: 8px 0px 4px"><a href="https://www.calameo.com/books/004653106f1bbdff93417" target="_blank" rel="noopener noreferrer">Instrucciones para escribir un haiku</a></div>
<p><iframe loading="lazy" src="//v.calameo.com/?bkcode=004653106f1bbdff93417&amp;mode=mini" width="480" height="300" frameborder="0" scrolling="no"></iframe></p>
<div style="margin: 4px 0px 8px"><a href="http://www.calameo.com/" target="_blank" rel="noopener noreferrer">Leer más publicaciones en Calaméo</a></div>
</div>
<p style="text-align: center">&nbsp;<br />
<iframe loading="lazy" src="https://padlet.com/embed/aamybkbd8exaxkhl" width="100%" height="400" frameborder="0"></iframe></p>
<p>&nbsp;</p>
<p style="text-align: center"><iframe loading="lazy" src="https://padlet.com/embed/7ix9fap5rpump13c" width="100%" height="400" frameborder="0"></iframe></p>
<p><span style="font-size: 24px"><strong>Ganadores del concurso de Haikus del curso 2020/21</strong></span></p>
<p>Izan Rodríguez Lino es el ganador de la categoría de 1º y 2º de ESO, Ana Ángela Velasco González es la ganadora de la categoría de 3º y 4º de ESO y, por último, Lola Artíles Campán ha ganado la edición en inglés. Nuestra más sincera enhorabuena a todos ellos.</p>
<p><a href="https://blogsaverroes.juntadeandalucia.es/iesantonioalvarezlopez/files/2021/06/Ganador-1º-y-2º.jpg"><img loading="lazy" decoding="async" class="alignnone size-medium wp-image-4205" src="https://blogsaverroes.juntadeandalucia.es/iesantonioalvarezlopez/files/2021/06/Ganador-1º-y-2º-172x300.jpg" alt="" width="172" height="300" srcset="https://blogsaverroes.juntadeandalucia.es/iesantonioalvarezlopez/files/2021/06/Ganador-1º-y-2º-172x300.jpg 172w, https://blogsaverroes.juntadeandalucia.es/iesantonioalvarezlopez/files/2021/06/Ganador-1º-y-2º.jpg 225w" sizes="(max-width: 172px) 100vw, 172px" /></a> <a href="https://blogsaverroes.juntadeandalucia.es/iesantonioalvarezlopez/files/2021/06/Ganador-3º-y-4º.jpg">&nbsp; <img loading="lazy" decoding="async" class="alignnone size-medium wp-image-4206" src="https://blogsaverroes.juntadeandalucia.es/iesantonioalvarezlopez/files/2021/06/Ganador-3º-y-4º-175x300.jpg" alt="" width="175" height="300" srcset="https://blogsaverroes.juntadeandalucia.es/iesantonioalvarezlopez/files/2021/06/Ganador-3º-y-4º-175x300.jpg 175w, https://blogsaverroes.juntadeandalucia.es/iesantonioalvarezlopez/files/2021/06/Ganador-3º-y-4º.jpg 226w" sizes="(max-width: 175px) 100vw, 175px" /> &nbsp;</a><a href="https://blogsaverroes.juntadeandalucia.es/iesantonioalvarezlopez/files/2021/06/Ganador-inglés.jpg"><img loading="lazy" decoding="async" class="alignnone size-medium wp-image-4204" src="https://blogsaverroes.juntadeandalucia.es/iesantonioalvarezlopez/files/2021/06/Ganador-inglés-176x300.jpg" alt="" width="176" height="300" srcset="https://blogsaverroes.juntadeandalucia.es/iesantonioalvarezlopez/files/2021/06/Ganador-inglés-176x300.jpg 176w, https://blogsaverroes.juntadeandalucia.es/iesantonioalvarezlopez/files/2021/06/Ganador-inglés.jpg 222w" sizes="(max-width: 176px) 100vw, 176px" /></a></p>

<p>BASES DEL V CONCURSO LITERARIO DE HAIKUS DEL IES ANTONIO ÁLVAREZ LÓPEZ &nbsp; 1. Podrán participar todos los alumnos del IES Antonio Álvarez López. 2. Los haikus tendrán tres versos y deben ser creaciones&#46;&#46;&#46;</p>
