{"id":49,"date":"2021-06-29T08:04:25","date_gmt":"2021-06-29T08:04:25","guid":{"rendered":"https:\/\/blogsaverroes.juntadeandalucia.es\/iesantonioalvarezlopez\/?page_id=49"},"modified":"2025-09-09T18:50:22","modified_gmt":"2025-09-09T16:50:22","slug":"consejo-escolar","status":"publish","type":"page","link":"https:\/\/blogsaverroes.juntadeandalucia.es\/iesantonioalvarezlopez\/consejo-escolar\/","title":{"rendered":"Consejo Escolar"},"content":{"rendered":"<table style=\"width: 100%;border-collapse: collapse;background-color: #c2e8ff\" border=\"1\">\n<tbody>\n<tr>\n<td style=\"width: 100%;text-align: center\">Equipo Directivo<\/td>\n<\/tr>\n<\/tbody>\n<\/table>\n<p>-Director: Jos\u00e9 Balbino Gonz\u00e1lez Redondo<\/p>\n<p>-Jefe de Estudios: Isidoro Herrera Sierra<\/p>\n<p>-Secretario: Jos\u00e9 Antonio Mor\u00f3n Rosa<\/p>\n<table style=\"width: 100%;border-collapse: collapse;background-color: #c2e8ff\" border=\"1\">\n<tbody>\n<tr>\n<td style=\"width: 100%;text-align: center\">Profesorado<\/td>\n<\/tr>\n<\/tbody>\n<\/table>\n<p>-Purificaci\u00f3n Astorga Morano<\/p>\n<p>-Enrique Bendala Azc\u00e1rate<\/p>\n<p>-Rosa Escribano Zardoya<\/p>\n<p>-Ernestina Espadas Cejas<\/p>\n<p>-Dorotea Marina Garc\u00eda Recio<\/p>\n<p>-Jos\u00e9 Luis Garc\u00eda S\u00e1nchez<\/p>\n<p>-Alfredo Gir\u00f3n Sope\u00f1a<\/p>\n<p>-Luis Carlos Huerta Fern\u00e1ndez<\/p>\n<p>-Mario Romero Rosales<\/p>\n<table style=\"width: 100%;border-collapse: collapse;background-color: #c2e8ff\" border=\"1\">\n<tbody>\n<tr>\n<td style=\"width: 100%;text-align: center\">Alumnado<\/td>\n<\/tr>\n<\/tbody>\n<\/table>\n<p>-Daniela Cazorla Ram\u00edrez<\/p>\n<p>-Marta D\u00edaz Amador<\/p>\n<p>-Adel Manyani Mor\u00f3n<\/p>\n<p>-Daniel Moreno L\u00f3pez<\/p>\n<table style=\"width: 100%;border-collapse: collapse;background-color: #c2e8ff\" border=\"1\">\n<tbody>\n<tr>\n<td style=\"width: 100%;text-align: center\">Familias<\/td>\n<\/tr>\n<\/tbody>\n<\/table>\n<p>-Mar\u00eda \u00c1ngeles Garc\u00eda Jaramillo<\/p>\n<p>-Mar\u00eda de la Paz Garc\u00eda Rodr\u00edguez<\/p>\n<p>-Sonia Mar\u00edn Ruiz<\/p>\n<p>-Mar\u00eda Teresa Olivares Sal\u00e9s<\/p>\n<table style=\"width: 100%;border-collapse: collapse;background-color: #c2e8ff\" border=\"1\">\n<tbody>\n<tr>\n<td style=\"width: 100%;text-align: center\">P.A.S.<\/td>\n<\/tr>\n<\/tbody>\n<\/table>\n<p>-Sin representaci\u00f3n<\/p>\n<table style=\"width: 100%;border-collapse: collapse;background-color: #c2e8ff\" border=\"1\">\n<tbody>\n<tr>\n<td style=\"width: 100%;text-align: center\">AMPA<\/td>\n<\/tr>\n<\/tbody>\n<\/table>\n<p>-Almudena del Roc\u00edo Berbel Pineda<\/p>\n<table style=\"width: 100%;border-collapse: collapse;background-color: #c2e8ff\" border=\"1\">\n<tbody>\n<tr>\n<td style=\"width: 100%;text-align: center\">Ayuntamiento<\/td>\n<\/tr>\n<\/tbody>\n<\/table>\n<p>-David Mir Sol\u00eds<\/p>\n","protected":false},"excerpt":{"rendered":"<p>Equipo Directivo -Director: Jos\u00e9 Balbino Gonz\u00e1lez Redondo -Jefe de Estudios: Isidoro Herrera Sierra -Secretario: Jos\u00e9 Antonio Mor\u00f3n Rosa Profesorado -Purificaci\u00f3n Astorga Morano -Enrique Bendala Azc\u00e1rate -Rosa Escribano Zardoya -Ernestina Espadas Cejas -Dorotea Marina Garc\u00eda&#46;&#46;&#46;<\/p>\n","protected":false},"author":10111,"featured_media":0,"parent":0,"menu_order":0,"comment_status":"closed","ping_status":"closed","template":"","meta":{"ngg_post_thumbnail":0,"footnotes":""},"aioseo_notices":[],"_links":{"self":[{"href":"https:\/\/blogsaverroes.juntadeandalucia.es\/iesantonioalvarezlopez\/wp-json\/wp\/v2\/pages\/49"}],"collection":[{"href":"https:\/\/blogsaverroes.juntadeandalucia.es\/iesantonioalvarezlopez\/wp-json\/wp\/v2\/pages"}],"about":[{"href":"https:\/\/blogsaverroes.juntadeandalucia.es\/iesantonioalvarezlopez\/wp-json\/wp\/v2\/types\/page"}],"author":[{"embeddable":true,"href":"https:\/\/blogsaverroes.juntadeandalucia.es\/iesantonioalvarezlopez\/wp-json\/wp\/v2\/users\/10111"}],"replies":[{"embeddable":true,"href":"https:\/\/blogsaverroes.juntadeandalucia.es\/iesantonioalvarezlopez\/wp-json\/wp\/v2\/comments?post=49"}],"version-history":[{"count":2,"href":"https:\/\/blogsaverroes.juntadeandalucia.es\/iesantonioalvarezlopez\/wp-json\/wp\/v2\/pages\/49\/revisions"}],"predecessor-version":[{"id":11367,"href":"https:\/\/blogsaverroes.juntadeandalucia.es\/iesantonioalvarezlopez\/wp-json\/wp\/v2\/pages\/49\/revisions\/11367"}],"wp:attachment":[{"href":"https:\/\/blogsaverroes.juntadeandalucia.es\/iesantonioalvarezlopez\/wp-json\/wp\/v2\/media?parent=49"}],"curies":[{"name":"wp","href":"https:\/\/api.w.org\/{rel}","templated":true}]}}