{"id":2597,"date":"2019-05-30T14:48:37","date_gmt":"2019-05-30T14:48:37","guid":{"rendered":"https:\/\/blogsaverroes.juntadeandalucia.es\/iesantoniogalanacosta\/?page_id=2597"},"modified":"2019-05-30T14:49:38","modified_gmt":"2019-05-30T14:49:38","slug":"prodig","status":"publish","type":"page","link":"https:\/\/blogsaverroes.juntadeandalucia.es\/iesantoniogalanacosta\/planes-y-proyectos\/prodig\/","title":{"rendered":"PRODIG"},"content":{"rendered":"<p style=\"text-align: justify\">El objetivo de este programa es convertir el centro en una organizaci\u00f3n educativa digitalmente competente, que incorpora a su proyecto&nbsp;educativo medidas de transformaci\u00f3n digital encaminadas a la&nbsp;mejora de los procesos, tanto en los&nbsp;\u00e1mbitos de ense\u00f1anza-aprendizaje&nbsp;y organizativos como de comunicaci\u00f3n e informaci\u00f3n.<br \/>\nTransformar el centro en una organizaci\u00f3n educativa digitalmente&nbsp;competente es un proyecto de&nbsp;car\u00e1cter plurianual, que se desarrollar\u00e1 en progresi\u00f3n a lo largo&nbsp;de tres cursos acad\u00e9micos.<\/p>\n<p>&nbsp;<\/p>\n<p><a href=\"https:\/\/blogsaverroes.juntadeandalucia.es\/iesantoniogalanacosta\/files\/2019\/05\/Recursos-educativos-digitales.jpg\"><img loading=\"lazy\" decoding=\"async\" class=\"size-medium wp-image-2598 aligncenter\" src=\"https:\/\/blogsaverroes.juntadeandalucia.es\/iesantoniogalanacosta\/files\/2019\/05\/Recursos-educativos-digitales-300x229.jpg\" alt=\"\" width=\"300\" height=\"229\" srcset=\"https:\/\/blogsaverroes.juntadeandalucia.es\/iesantoniogalanacosta\/files\/2019\/05\/Recursos-educativos-digitales-300x229.jpg 300w, https:\/\/blogsaverroes.juntadeandalucia.es\/iesantoniogalanacosta\/files\/2019\/05\/Recursos-educativos-digitales-768x587.jpg 768w, https:\/\/blogsaverroes.juntadeandalucia.es\/iesantoniogalanacosta\/files\/2019\/05\/Recursos-educativos-digitales-24x18.jpg 24w, https:\/\/blogsaverroes.juntadeandalucia.es\/iesantoniogalanacosta\/files\/2019\/05\/Recursos-educativos-digitales-36x28.jpg 36w, https:\/\/blogsaverroes.juntadeandalucia.es\/iesantoniogalanacosta\/files\/2019\/05\/Recursos-educativos-digitales-48x37.jpg 48w, https:\/\/blogsaverroes.juntadeandalucia.es\/iesantoniogalanacosta\/files\/2019\/05\/Recursos-educativos-digitales.jpg 792w\" sizes=\"(max-width: 300px) 100vw, 300px\" \/><\/a><\/p>\n<p>&nbsp;<\/p>\n<p style=\"text-align: justify\">El <strong>primer curso<\/strong> de participaci\u00f3n&nbsp;tiene como objetivo:<br \/>\n\u2022 La elaboraci\u00f3n de un Proyecto&nbsp;M\u00ednimo Viable del PRODIG para&nbsp;el centro.<br \/>\n\u2022 Implementar con car\u00e1cter experimental las primeras propuestas&nbsp;de aula.<br \/>\n\u2022 La puesta en conocimiento de&nbsp;todo el profesorado de cada una&nbsp;de las \u00e1reas que componen la&nbsp;competencia digital y el concepto de organizaci\u00f3n educativa&nbsp;digitalmente competente, as\u00ed&nbsp;como con los diferentes enfoques&nbsp;metodol\u00f3gicos que permiten integrar la competencia digital en las&nbsp;distintas \u00e1reas curriculares.<br \/>\n\u2022 Participar en el MOOC para el&nbsp;desarrollo y evaluaci\u00f3n de la&nbsp;competencia digital.<\/p>\n<p style=\"text-align: justify\">El <strong>segundo curso<\/strong> tendr\u00e1 como&nbsp;objetivo la implementaci\u00f3n y&nbsp;evaluaci\u00f3n del Plan de Actuaci\u00f3n&nbsp;elaborado a partir del Proyecto&nbsp;M\u00ednimo Viable.<\/p>\n<p style=\"text-align: justify\">En el <strong>tercer curso<\/strong> se completar\u00e1 la&nbsp;transformaci\u00f3n del centro en una&nbsp;organizaci\u00f3n educativa digitalmente&nbsp;competente en los siguientes \u00e1mbitos: procesos de ense\u00f1anza aprendizaje, organizaci\u00f3n y procesos de&nbsp;informaci\u00f3n y comunicaci\u00f3n.&nbsp;<\/p>\n","protected":false},"excerpt":{"rendered":"<p>El objetivo de este programa es convertir el centro en una organizaci\u00f3n educativa digitalmente competente, que incorpora a su proyecto&nbsp;educativo medidas de transformaci\u00f3n digital encaminadas a la&nbsp;mejora de los procesos, tanto en los&nbsp;\u00e1mbitos de&#46;&#46;&#46;<\/p>\n","protected":false},"author":7489,"featured_media":0,"parent":44,"menu_order":0,"comment_status":"closed","ping_status":"closed","template":"","meta":{"ngg_post_thumbnail":0,"footnotes":"","_mc_calendar":[]},"aioseo_notices":[],"_links":{"self":[{"href":"https:\/\/blogsaverroes.juntadeandalucia.es\/iesantoniogalanacosta\/wp-json\/wp\/v2\/pages\/2597"}],"collection":[{"href":"https:\/\/blogsaverroes.juntadeandalucia.es\/iesantoniogalanacosta\/wp-json\/wp\/v2\/pages"}],"about":[{"href":"https:\/\/blogsaverroes.juntadeandalucia.es\/iesantoniogalanacosta\/wp-json\/wp\/v2\/types\/page"}],"author":[{"embeddable":true,"href":"https:\/\/blogsaverroes.juntadeandalucia.es\/iesantoniogalanacosta\/wp-json\/wp\/v2\/users\/7489"}],"replies":[{"embeddable":true,"href":"https:\/\/blogsaverroes.juntadeandalucia.es\/iesantoniogalanacosta\/wp-json\/wp\/v2\/comments?post=2597"}],"version-history":[{"count":3,"href":"https:\/\/blogsaverroes.juntadeandalucia.es\/iesantoniogalanacosta\/wp-json\/wp\/v2\/pages\/2597\/revisions"}],"predecessor-version":[{"id":2601,"href":"https:\/\/blogsaverroes.juntadeandalucia.es\/iesantoniogalanacosta\/wp-json\/wp\/v2\/pages\/2597\/revisions\/2601"}],"up":[{"embeddable":true,"href":"https:\/\/blogsaverroes.juntadeandalucia.es\/iesantoniogalanacosta\/wp-json\/wp\/v2\/pages\/44"}],"wp:attachment":[{"href":"https:\/\/blogsaverroes.juntadeandalucia.es\/iesantoniogalanacosta\/wp-json\/wp\/v2\/media?parent=2597"}],"curies":[{"name":"wp","href":"https:\/\/api.w.org\/{rel}","templated":true}]}}

<p style="text-align: justify">El objetivo de este programa es convertir el centro en una organización educativa digitalmente competente, que incorpora a su proyecto&nbsp;educativo medidas de transformación digital encaminadas a la&nbsp;mejora de los procesos, tanto en los&nbsp;ámbitos de enseñanza-aprendizaje&nbsp;y organizativos como de comunicación e información.<br />
Transformar el centro en una organización educativa digitalmente&nbsp;competente es un proyecto de&nbsp;carácter plurianual, que se desarrollará en progresión a lo largo&nbsp;de tres cursos académicos.</p>
<p>&nbsp;</p>
<p><a href="https://blogsaverroes.juntadeandalucia.es/iesantoniogalanacosta/files/2019/05/Recursos-educativos-digitales.jpg"><img loading="lazy" decoding="async" class="size-medium wp-image-2598 aligncenter" src="https://blogsaverroes.juntadeandalucia.es/iesantoniogalanacosta/files/2019/05/Recursos-educativos-digitales-300x229.jpg" alt="" width="300" height="229" srcset="https://blogsaverroes.juntadeandalucia.es/iesantoniogalanacosta/files/2019/05/Recursos-educativos-digitales-300x229.jpg 300w, https://blogsaverroes.juntadeandalucia.es/iesantoniogalanacosta/files/2019/05/Recursos-educativos-digitales-768x587.jpg 768w, https://blogsaverroes.juntadeandalucia.es/iesantoniogalanacosta/files/2019/05/Recursos-educativos-digitales-24x18.jpg 24w, https://blogsaverroes.juntadeandalucia.es/iesantoniogalanacosta/files/2019/05/Recursos-educativos-digitales-36x28.jpg 36w, https://blogsaverroes.juntadeandalucia.es/iesantoniogalanacosta/files/2019/05/Recursos-educativos-digitales-48x37.jpg 48w, https://blogsaverroes.juntadeandalucia.es/iesantoniogalanacosta/files/2019/05/Recursos-educativos-digitales.jpg 792w" sizes="(max-width: 300px) 100vw, 300px" /></a></p>
<p>&nbsp;</p>
<p style="text-align: justify">El <strong>primer curso</strong> de participación&nbsp;tiene como objetivo:<br />
• La elaboración de un Proyecto&nbsp;Mínimo Viable del PRODIG para&nbsp;el centro.<br />
• Implementar con carácter experimental las primeras propuestas&nbsp;de aula.<br />
• La puesta en conocimiento de&nbsp;todo el profesorado de cada una&nbsp;de las áreas que componen la&nbsp;competencia digital y el concepto de organización educativa&nbsp;digitalmente competente, así&nbsp;como con los diferentes enfoques&nbsp;metodológicos que permiten integrar la competencia digital en las&nbsp;distintas áreas curriculares.<br />
• Participar en el MOOC para el&nbsp;desarrollo y evaluación de la&nbsp;competencia digital.</p>
<p style="text-align: justify">El <strong>segundo curso</strong> tendrá como&nbsp;objetivo la implementación y&nbsp;evaluación del Plan de Actuación&nbsp;elaborado a partir del Proyecto&nbsp;Mínimo Viable.</p>
<p style="text-align: justify">En el <strong>tercer curso</strong> se completará la&nbsp;transformación del centro en una&nbsp;organización educativa digitalmente&nbsp;competente en los siguientes ámbitos: procesos de enseñanza aprendizaje, organización y procesos de&nbsp;información y comunicación.&nbsp;</p>

<p>El objetivo de este programa es convertir el centro en una organización educativa digitalmente competente, que incorpora a su proyecto&nbsp;educativo medidas de transformación digital encaminadas a la&nbsp;mejora de los procesos, tanto en los&nbsp;ámbitos de&#46;&#46;&#46;</p>
