{"id":35,"date":"2015-03-13T08:21:43","date_gmt":"2015-03-13T08:21:43","guid":{"rendered":"http:\/\/blogsaverroes.juntadeandalucia.es\/pre\/ceip\/?page_id=35"},"modified":"2022-03-04T17:18:32","modified_gmt":"2022-03-04T17:18:32","slug":"el-centro-2","status":"publish","type":"page","link":"https:\/\/blogsaverroes.juntadeandalucia.es\/iesantoniogalanacosta\/el-centro-2\/","title":{"rendered":"Datos del centro"},"content":{"rendered":"<p>Nuestro instituto se encuentra situado en el pueblo de Montoro. Hoy d\u00eda convivimos a diario en el centro m\u00e1s de cincuenta profesores y profesoras y m\u00e1s de quinientos estudiantes de ESO, FP B\u00e1sica, Bachillerato y Ciclos Formativos de Grado Medio y Superior, adem\u00e1s del personal no docente.<\/p>\n<p>&nbsp;<\/p>\n<p style=\"text-align: center\">[googlemaps https:\/\/www.google.com\/maps\/embed?pb=!1m18!1m12!1m3!1d3143.2279015286013!2d-4.3844883851828!3d38.018466105875305!2m3!1f0!2f0!3f0!3m2!1i1024!2i768!4f13.1!3m3!1m2!1s0xd6c563420692f93%3A0x6469688850fd25c0!2sIES+Antonio+Gal%C3%A1n+Acosta!5e0!3m2!1ses!2ses!4v1557502814673!5m2!1ses!2ses&amp;w=600&amp;h=450]\n<p>&nbsp;<\/p>\n<h3>IES \u00abAntonio Gal\u00e1n Acosta\u00bb<\/h3>\n<p>C\/ D\u00aa Josefa de B\u00e9jar y Lara, 6<\/p>\n<p>Montoro (C\u00f3rdoba)<\/p>\n<p>C.P. 14600<\/p>\n<p>&nbsp;<\/p>\n<p>14004971.averroes@juntadeandalucia.es<\/p>\n<p>*Telefonos:<\/p>\n<table border=\"1\" width=\"100%\" cellspacing=\"0\" cellpadding=\"4\">\n<thead>\n<tr valign=\"top\">\n<th width=\"33%\">Ubicaci\u00f3n<\/th>\n<th width=\"33%\">N\u00famero<\/th>\n<th width=\"33%\">N\u00famero Corporativo<\/th>\n<\/tr>\n<\/thead>\n<tbody>\n<tr>\n<td valign=\"top\">CONSEJER\u00cdA<\/td>\n<td>957199904<\/td>\n<td>586904<\/td>\n<\/tr>\n<tr>\n<td valign=\"top\">SECRETAR\u00cdA (FAX)<\/td>\n<td>957199900<\/td>\n<td>586900<\/td>\n<\/tr>\n<tr>\n<td valign=\"top\">DIRECCI\u00d3N<\/td>\n<td>671531906<\/td>\n<td>631906<\/td>\n<\/tr>\n<tr>\n<td valign=\"top\">JEFATURA DE ESTUDIOS<\/td>\n<td>671531905<\/td>\n<td>631905<\/td>\n<\/tr>\n<tr>\n<td valign=\"top\">VICEDIRECCI\u00d3N\/ SECRETAR\u00cdA<\/td>\n<td>671531904<\/td>\n<td>631904<\/td>\n<\/tr>\n<tr>\n<td valign=\"top\">ORIENTACI\u00d3N<\/td>\n<td>671531907<\/td>\n<td>631907<\/td>\n<\/tr>\n<tr>\n<td valign=\"top\">TIC<\/td>\n<td>671531907<\/td>\n<td>631907<\/td>\n<\/tr>\n<tr>\n<td valign=\"top\">M\u00d3VIL<\/td>\n<td colspan=\"2\">697950448<\/td>\n<\/tr>\n<\/tbody>\n<\/table>\n<p>&nbsp;<\/p>\n<div style=\"width: 640px;\" class=\"wp-video\"><!--[if lt IE 9]><script>document.createElement('video');<\/script><![endif]-->\n<video class=\"wp-video-shortcode\" id=\"video-35-1\" width=\"640\" height=\"480\" preload=\"metadata\" controls=\"controls\"><source type=\"video\/mp4\" src=\"https:\/\/blogsaverroes.juntadeandalucia.es\/iesantoniogalanacosta\/files\/2022\/03\/Presentaci\u00f3n-IESAGA.mp4?_=1\" \/><a href=\"https:\/\/blogsaverroes.juntadeandalucia.es\/iesantoniogalanacosta\/files\/2022\/03\/Presentaci\u00f3n-IESAGA.mp4\">https:\/\/blogsaverroes.juntadeandalucia.es\/iesantoniogalanacosta\/files\/2022\/03\/Presentaci\u00f3n-IESAGA.mp4<\/a><\/video><\/div>\n","protected":false},"excerpt":{"rendered":"<p>Nuestro instituto se encuentra situado en el pueblo de Montoro. Hoy d\u00eda convivimos a diario en el centro m\u00e1s de cincuenta profesores y profesoras y m\u00e1s de quinientos estudiantes de ESO, FP B\u00e1sica, Bachillerato&#46;&#46;&#46;<\/p>\n","protected":false},"author":1,"featured_media":2412,"parent":0,"menu_order":0,"comment_status":"closed","ping_status":"open","template":"page-cs.php","meta":{"ngg_post_thumbnail":0,"footnotes":"","_mc_calendar":[]},"aioseo_notices":[],"_links":{"self":[{"href":"https:\/\/blogsaverroes.juntadeandalucia.es\/iesantoniogalanacosta\/wp-json\/wp\/v2\/pages\/35"}],"collection":[{"href":"https:\/\/blogsaverroes.juntadeandalucia.es\/iesantoniogalanacosta\/wp-json\/wp\/v2\/pages"}],"about":[{"href":"https:\/\/blogsaverroes.juntadeandalucia.es\/iesantoniogalanacosta\/wp-json\/wp\/v2\/types\/page"}],"author":[{"embeddable":true,"href":"https:\/\/blogsaverroes.juntadeandalucia.es\/iesantoniogalanacosta\/wp-json\/wp\/v2\/users\/1"}],"replies":[{"embeddable":true,"href":"https:\/\/blogsaverroes.juntadeandalucia.es\/iesantoniogalanacosta\/wp-json\/wp\/v2\/comments?post=35"}],"version-history":[{"count":25,"href":"https:\/\/blogsaverroes.juntadeandalucia.es\/iesantoniogalanacosta\/wp-json\/wp\/v2\/pages\/35\/revisions"}],"predecessor-version":[{"id":3170,"href":"https:\/\/blogsaverroes.juntadeandalucia.es\/iesantoniogalanacosta\/wp-json\/wp\/v2\/pages\/35\/revisions\/3170"}],"wp:featuredmedia":[{"embeddable":true,"href":"https:\/\/blogsaverroes.juntadeandalucia.es\/iesantoniogalanacosta\/wp-json\/wp\/v2\/media\/2412"}],"wp:attachment":[{"href":"https:\/\/blogsaverroes.juntadeandalucia.es\/iesantoniogalanacosta\/wp-json\/wp\/v2\/media?parent=35"}],"curies":[{"name":"wp","href":"https:\/\/api.w.org\/{rel}","templated":true}]}}

<p>Nuestro instituto se encuentra situado en el pueblo de Montoro. Hoy día convivimos a diario en el centro más de cincuenta profesores y profesoras y más de quinientos estudiantes de ESO, FP Básica, Bachillerato y Ciclos Formativos de Grado Medio y Superior, además del personal no docente.</p>
<p>&nbsp;</p>
<p style="text-align: center">[googlemaps https://www.google.com/maps/embed?pb=!1m18!1m12!1m3!1d3143.2279015286013!2d-4.3844883851828!3d38.018466105875305!2m3!1f0!2f0!3f0!3m2!1i1024!2i768!4f13.1!3m3!1m2!1s0xd6c563420692f93%3A0x6469688850fd25c0!2sIES+Antonio+Gal%C3%A1n+Acosta!5e0!3m2!1ses!2ses!4v1557502814673!5m2!1ses!2ses&amp;w=600&amp;h=450]
<p>&nbsp;</p>
<h3>IES «Antonio Galán Acosta»</h3>
<p>C/ Dª Josefa de Béjar y Lara, 6</p>
<p>Montoro (Córdoba)</p>
<p>C.P. 14600</p>
<p>&nbsp;</p>
<p>14004971.averroes@juntadeandalucia.es</p>
<p>*Telefonos:</p>
<table border="1" width="100%" cellspacing="0" cellpadding="4">
<thead>
<tr valign="top">
<th width="33%">Ubicación</th>
<th width="33%">Número</th>
<th width="33%">Número Corporativo</th>
</tr>
</thead>
<tbody>
<tr>
<td valign="top">CONSEJERÍA</td>
<td>957199904</td>
<td>586904</td>
</tr>
<tr>
<td valign="top">SECRETARÍA (FAX)</td>
<td>957199900</td>
<td>586900</td>
</tr>
<tr>
<td valign="top">DIRECCIÓN</td>
<td>671531906</td>
<td>631906</td>
</tr>
<tr>
<td valign="top">JEFATURA DE ESTUDIOS</td>
<td>671531905</td>
<td>631905</td>
</tr>
<tr>
<td valign="top">VICEDIRECCIÓN/ SECRETARÍA</td>
<td>671531904</td>
<td>631904</td>
</tr>
<tr>
<td valign="top">ORIENTACIÓN</td>
<td>671531907</td>
<td>631907</td>
</tr>
<tr>
<td valign="top">TIC</td>
<td>671531907</td>
<td>631907</td>
</tr>
<tr>
<td valign="top">MÓVIL</td>
<td colspan="2">697950448</td>
</tr>
</tbody>
</table>
<p>&nbsp;</p>
<div style="width: 640px;" class="wp-video"><!--[if lt IE 9]><script>document.createElement('video');</script><![endif]-->
<video class="wp-video-shortcode" id="video-35-1" width="640" height="480" preload="metadata" controls="controls"><source type="video/mp4" src="https://blogsaverroes.juntadeandalucia.es/iesantoniogalanacosta/files/2022/03/Presentación-IESAGA.mp4?_=1" /><a href="https://blogsaverroes.juntadeandalucia.es/iesantoniogalanacosta/files/2022/03/Presentación-IESAGA.mp4">https://blogsaverroes.juntadeandalucia.es/iesantoniogalanacosta/files/2022/03/Presentación-IESAGA.mp4</a></video></div>

<p>Nuestro instituto se encuentra situado en el pueblo de Montoro. Hoy día convivimos a diario en el centro más de cincuenta profesores y profesoras y más de quinientos estudiantes de ESO, FP Básica, Bachillerato&#46;&#46;&#46;</p>
