{"id":42,"date":"2015-03-13T08:40:47","date_gmt":"2015-03-13T08:40:47","guid":{"rendered":"http:\/\/blogsaverroes.juntadeandalucia.es\/pre\/ceip\/?page_id=42"},"modified":"2020-07-09T17:44:11","modified_gmt":"2020-07-09T17:44:11","slug":"equipo-directivo","status":"publish","type":"page","link":"https:\/\/blogsaverroes.juntadeandalucia.es\/iesantoniogalanacosta\/equipo-directivo\/","title":{"rendered":"Equipo directivo"},"content":{"rendered":"<div id=\"contenido_sitio\">\n<p>El actual equipo directivo est\u00e1 formado por:<\/p>\n<table border=\"1\" cellpadding=\"1\" align=\"center\">\n<tbody>\n<tr>\n<td>Directora<\/td>\n<td>Antonia Maria C\u00e1rdenas L\u00f3pez<\/td>\n<\/tr>\n<tr>\n<td>Jefa de estudios<\/td>\n<td>Mar\u00eda Teresa Hern\u00e1ndez Ram\u00edrez<\/td>\n<\/tr>\n<tr>\n<td>Secretaria<\/td>\n<td>M\u00aa de los \u00c1ngeles Exp\u00f3sito Hidalgo.<\/td>\n<\/tr>\n<tr>\n<td>Vicedirectora<\/td>\n<td>Francisca Mar\u00edn Mu\u00f1oz<\/td>\n<\/tr>\n<tr>\n<td>Jefa de E. adjunta<\/td>\n<td>Mar\u00eda Teresa Bustos Sillero<\/td>\n<\/tr>\n<\/tbody>\n<\/table>\n<\/div>\n<div>&nbsp;<\/div>\n","protected":false},"excerpt":{"rendered":"<p>El actual equipo directivo est\u00e1 formado por: Directora Antonia Maria C\u00e1rdenas L\u00f3pez Jefa de estudios Mar\u00eda Teresa Hern\u00e1ndez Ram\u00edrez Secretaria M\u00aa de los \u00c1ngeles Exp\u00f3sito Hidalgo. Vicedirectora Francisca Mar\u00edn Mu\u00f1oz Jefa de E. adjunta&#46;&#46;&#46;<\/p>\n","protected":false},"author":1,"featured_media":0,"parent":0,"menu_order":0,"comment_status":"closed","ping_status":"open","template":"page-cs.php","meta":{"ngg_post_thumbnail":0,"footnotes":"","_mc_calendar":[]},"aioseo_notices":[],"_links":{"self":[{"href":"https:\/\/blogsaverroes.juntadeandalucia.es\/iesantoniogalanacosta\/wp-json\/wp\/v2\/pages\/42"}],"collection":[{"href":"https:\/\/blogsaverroes.juntadeandalucia.es\/iesantoniogalanacosta\/wp-json\/wp\/v2\/pages"}],"about":[{"href":"https:\/\/blogsaverroes.juntadeandalucia.es\/iesantoniogalanacosta\/wp-json\/wp\/v2\/types\/page"}],"author":[{"embeddable":true,"href":"https:\/\/blogsaverroes.juntadeandalucia.es\/iesantoniogalanacosta\/wp-json\/wp\/v2\/users\/1"}],"replies":[{"embeddable":true,"href":"https:\/\/blogsaverroes.juntadeandalucia.es\/iesantoniogalanacosta\/wp-json\/wp\/v2\/comments?post=42"}],"version-history":[{"count":7,"href":"https:\/\/blogsaverroes.juntadeandalucia.es\/iesantoniogalanacosta\/wp-json\/wp\/v2\/pages\/42\/revisions"}],"predecessor-version":[{"id":2826,"href":"https:\/\/blogsaverroes.juntadeandalucia.es\/iesantoniogalanacosta\/wp-json\/wp\/v2\/pages\/42\/revisions\/2826"}],"wp:attachment":[{"href":"https:\/\/blogsaverroes.juntadeandalucia.es\/iesantoniogalanacosta\/wp-json\/wp\/v2\/media?parent=42"}],"curies":[{"name":"wp","href":"https:\/\/api.w.org\/{rel}","templated":true}]}}

<div id="contenido_sitio">
<p>El actual equipo directivo está formado por:</p>
<table border="1" cellpadding="1" align="center">
<tbody>
<tr>
<td>Directora</td>
<td>Antonia Maria Cárdenas López</td>
</tr>
<tr>
<td>Jefa de estudios</td>
<td>María Teresa Hernández Ramírez</td>
</tr>
<tr>
<td>Secretaria</td>
<td>Mª de los Ángeles Expósito Hidalgo.</td>
</tr>
<tr>
<td>Vicedirectora</td>
<td>Francisca Marín Muñoz</td>
</tr>
<tr>
<td>Jefa de E. adjunta</td>
<td>María Teresa Bustos Sillero</td>
</tr>
</tbody>
</table>
</div>
<div>&nbsp;</div>

<p>El actual equipo directivo está formado por: Directora Antonia Maria Cárdenas López Jefa de estudios María Teresa Hernández Ramírez Secretaria Mª de los Ángeles Expósito Hidalgo. Vicedirectora Francisca Marín Muñoz Jefa de E. adjunta&#46;&#46;&#46;</p>
