{"id":44,"date":"2015-03-13T08:42:15","date_gmt":"2015-03-13T08:42:15","guid":{"rendered":"http:\/\/blogsaverroes.juntadeandalucia.es\/pre\/ceip\/?page_id=44"},"modified":"2024-12-17T13:06:54","modified_gmt":"2024-12-17T13:06:54","slug":"planes-y-proyectos","status":"publish","type":"page","link":"https:\/\/blogsaverroes.juntadeandalucia.es\/iesantoniogalanacosta\/planes-y-proyectos\/","title":{"rendered":"Planes y Programas"},"content":{"rendered":"<p>&nbsp;<\/p>\n<p>Cada centro personaliza y adapta su Proyecto Educativo adheriendose a diferentes <strong>Planes y Programas<\/strong> promovidos desde la Consejer\u00eda de Educaci\u00f3n, Cultura y Deporte.<\/p>\n<ul>\n<li><a href=\"https:\/\/blogsaverroes.juntadeandalucia.es\/iesantoniogalanacosta\/pagina-ejemplo-2__trashed\/plan-de-igualdad\/\"><strong>Plan de igualdad de G\u00e9nero en Educaci\u00f3n.<\/strong><\/a><\/li>\n<li><strong>Red Andaluza Escuela: Espacio de paz.<\/strong><\/li>\n<li><strong>Escuela TIC 2.0.<\/strong><\/li>\n<li><strong>Proyectos Centros T.I.C.<\/strong><a href=\"https:\/\/blogsaverroes.juntadeandalucia.es\/planesyprogramasiesgalanacosta\/\"><img loading=\"lazy\" decoding=\"async\" class=\"alignright wp-image-2595 size-medium\" src=\"https:\/\/blogsaverroes.juntadeandalucia.es\/iesantoniogalanacosta\/files\/2015\/03\/PLANES-Y-PROYECTOS-300x86.jpg\" alt=\"\" width=\"300\" height=\"86\" srcset=\"https:\/\/blogsaverroes.juntadeandalucia.es\/iesantoniogalanacosta\/files\/2015\/03\/PLANES-Y-PROYECTOS-300x86.jpg 300w, https:\/\/blogsaverroes.juntadeandalucia.es\/iesantoniogalanacosta\/files\/2015\/03\/PLANES-Y-PROYECTOS-24x7.jpg 24w, https:\/\/blogsaverroes.juntadeandalucia.es\/iesantoniogalanacosta\/files\/2015\/03\/PLANES-Y-PROYECTOS-36x10.jpg 36w, https:\/\/blogsaverroes.juntadeandalucia.es\/iesantoniogalanacosta\/files\/2015\/03\/PLANES-Y-PROYECTOS-48x14.jpg 48w, https:\/\/blogsaverroes.juntadeandalucia.es\/iesantoniogalanacosta\/files\/2015\/03\/PLANES-Y-PROYECTOS.jpg 700w\" sizes=\"(max-width: 300px) 100vw, 300px\" \/><\/a><\/li>\n<li><strong>Plan de Salud laboral y PRL.<\/strong><\/li>\n<li><strong>Escuelas Deportivas.<\/strong><\/li>\n<li><strong>Plan de Apertura de Centros Docentes.<\/strong><\/li>\n<li><a href=\"https:\/\/blogsaverroes.juntadeandalucia.es\/iesantoniogalanacosta\/planes-y-proyectos\/prodig\/\"><strong>Programa de Digitalizaci\u00f3n De Centros. (PRODIG).<\/strong><\/a><\/li>\n<li><strong>Aldea, Educaci\u00f3n Ambiental para la Comunidad Educativa.<\/strong><\/li>\n<li><strong>Comunica.<\/strong><\/li>\n<li><a title=\"PLAN DE ACTUACI\u00d3N DIGITAL\" href=\"https:\/\/blogsaverroes.juntadeandalucia.es\/iesantoniogalanacosta\/planes-y-proyectos\/plan-de-actuacion-digital\/\"><strong>Plan de Actuaci\u00f3n Digital.<\/strong><\/a><\/li>\n<\/ul>\n<p>&nbsp;<\/p>\n","protected":false},"excerpt":{"rendered":"<p>&nbsp; Cada centro personaliza y adapta su Proyecto Educativo adheriendose a diferentes Planes y Programas promovidos desde la Consejer\u00eda de Educaci\u00f3n, Cultura y Deporte. Plan de igualdad de G\u00e9nero en Educaci\u00f3n. Red Andaluza Escuela:&#46;&#46;&#46;<\/p>\n","protected":false},"author":1,"featured_media":2595,"parent":0,"menu_order":0,"comment_status":"closed","ping_status":"closed","template":"page-cs.php","meta":{"ngg_post_thumbnail":0,"footnotes":"","_mc_calendar":[]},"aioseo_notices":[],"_links":{"self":[{"href":"https:\/\/blogsaverroes.juntadeandalucia.es\/iesantoniogalanacosta\/wp-json\/wp\/v2\/pages\/44"}],"collection":[{"href":"https:\/\/blogsaverroes.juntadeandalucia.es\/iesantoniogalanacosta\/wp-json\/wp\/v2\/pages"}],"about":[{"href":"https:\/\/blogsaverroes.juntadeandalucia.es\/iesantoniogalanacosta\/wp-json\/wp\/v2\/types\/page"}],"author":[{"embeddable":true,"href":"https:\/\/blogsaverroes.juntadeandalucia.es\/iesantoniogalanacosta\/wp-json\/wp\/v2\/users\/1"}],"replies":[{"embeddable":true,"href":"https:\/\/blogsaverroes.juntadeandalucia.es\/iesantoniogalanacosta\/wp-json\/wp\/v2\/comments?post=44"}],"version-history":[{"count":33,"href":"https:\/\/blogsaverroes.juntadeandalucia.es\/iesantoniogalanacosta\/wp-json\/wp\/v2\/pages\/44\/revisions"}],"predecessor-version":[{"id":2707,"href":"https:\/\/blogsaverroes.juntadeandalucia.es\/iesantoniogalanacosta\/wp-json\/wp\/v2\/pages\/44\/revisions\/2707"}],"wp:featuredmedia":[{"embeddable":true,"href":"https:\/\/blogsaverroes.juntadeandalucia.es\/iesantoniogalanacosta\/wp-json\/wp\/v2\/media\/2595"}],"wp:attachment":[{"href":"https:\/\/blogsaverroes.juntadeandalucia.es\/iesantoniogalanacosta\/wp-json\/wp\/v2\/media?parent=44"}],"curies":[{"name":"wp","href":"https:\/\/api.w.org\/{rel}","templated":true}]}}

<p>&nbsp;</p>
<p>Cada centro personaliza y adapta su Proyecto Educativo adheriendose a diferentes <strong>Planes y Programas</strong> promovidos desde la Consejería de Educación, Cultura y Deporte.</p>
<ul>
<li><a href="https://blogsaverroes.juntadeandalucia.es/iesantoniogalanacosta/pagina-ejemplo-2__trashed/plan-de-igualdad/"><strong>Plan de igualdad de Género en Educación.</strong></a></li>
<li><strong>Red Andaluza Escuela: Espacio de paz.</strong></li>
<li><strong>Escuela TIC 2.0.</strong></li>
<li><strong>Proyectos Centros T.I.C.</strong><a href="https://blogsaverroes.juntadeandalucia.es/planesyprogramasiesgalanacosta/"><img loading="lazy" decoding="async" class="alignright wp-image-2595 size-medium" src="https://blogsaverroes.juntadeandalucia.es/iesantoniogalanacosta/files/2015/03/PLANES-Y-PROYECTOS-300x86.jpg" alt="" width="300" height="86" srcset="https://blogsaverroes.juntadeandalucia.es/iesantoniogalanacosta/files/2015/03/PLANES-Y-PROYECTOS-300x86.jpg 300w, https://blogsaverroes.juntadeandalucia.es/iesantoniogalanacosta/files/2015/03/PLANES-Y-PROYECTOS-24x7.jpg 24w, https://blogsaverroes.juntadeandalucia.es/iesantoniogalanacosta/files/2015/03/PLANES-Y-PROYECTOS-36x10.jpg 36w, https://blogsaverroes.juntadeandalucia.es/iesantoniogalanacosta/files/2015/03/PLANES-Y-PROYECTOS-48x14.jpg 48w, https://blogsaverroes.juntadeandalucia.es/iesantoniogalanacosta/files/2015/03/PLANES-Y-PROYECTOS.jpg 700w" sizes="(max-width: 300px) 100vw, 300px" /></a></li>
<li><strong>Plan de Salud laboral y PRL.</strong></li>
<li><strong>Escuelas Deportivas.</strong></li>
<li><strong>Plan de Apertura de Centros Docentes.</strong></li>
<li><a href="https://blogsaverroes.juntadeandalucia.es/iesantoniogalanacosta/planes-y-proyectos/prodig/"><strong>Programa de Digitalización De Centros. (PRODIG).</strong></a></li>
<li><strong>Aldea, Educación Ambiental para la Comunidad Educativa.</strong></li>
<li><strong>Comunica.</strong></li>
<li><a title="PLAN DE ACTUACIÓN DIGITAL" href="https://blogsaverroes.juntadeandalucia.es/iesantoniogalanacosta/planes-y-proyectos/plan-de-actuacion-digital/"><strong>Plan de Actuación Digital.</strong></a></li>
</ul>
<p>&nbsp;</p>

<p>&nbsp; Cada centro personaliza y adapta su Proyecto Educativo adheriendose a diferentes Planes y Programas promovidos desde la Consejería de Educación, Cultura y Deporte. Plan de igualdad de Género en Educación. Red Andaluza Escuela:&#46;&#46;&#46;</p>
