{"id":49,"date":"2015-03-13T08:47:05","date_gmt":"2015-03-13T08:47:05","guid":{"rendered":"http:\/\/blogsaverroes.juntadeandalucia.es\/pre\/ceip\/?page_id=49"},"modified":"2021-02-11T19:19:43","modified_gmt":"2021-02-11T19:19:43","slug":"proyecto-educativo","status":"publish","type":"page","link":"https:\/\/blogsaverroes.juntadeandalucia.es\/iesantoniogalanacosta\/proyecto-educativo\/","title":{"rendered":"Proyecto Educativo"},"content":{"rendered":"<p><img loading=\"lazy\" decoding=\"async\" class=\"size-medium wp-image-1662 alignright\" src=\"http:\/\/blogsaverroes.juntadeandalucia.es\/temafrontieries\/files\/2015\/03\/proyecto-300x266.png\" alt=\"proyecto\" width=\"300\" height=\"266\" srcset=\"https:\/\/blogsaverroes.juntadeandalucia.es\/iesantoniogalanacosta\/files\/2015\/03\/proyecto-300x266.png 300w, https:\/\/blogsaverroes.juntadeandalucia.es\/iesantoniogalanacosta\/files\/2015\/03\/proyecto.png 640w\" sizes=\"(max-width: 300px) 100vw, 300px\" \/><\/p>\n<p>El Proyecto de Centro es el documento que expresa nuestras se\u00f1as de identidad. Es el aut\u00e9ntico referente, con car\u00e1cter sist\u00e9mico e integrador, del principio de autonom\u00eda pedag\u00f3gica, de organizaci\u00f3n y de gesti\u00f3n<em>.<\/em>&nbsp;Se revisa de forma anual, es decir se elabora cada a\u00f1o adapt\u00e1ndose a las circunstancias, dificultades, avances, deliberaciones y para mejorar en funci\u00f3n de los procesos de autoevaluaci\u00f3n.<\/p>\n<p>Se divide en los siguientes documentos:<\/p>\n<p><strong>\u2013&nbsp;<\/strong><strong>El Proyecto Educativo&nbsp;<\/strong>es un documento de car\u00e1cter pedag\u00f3gico como conjunto coherente de declaraciones destinadas a dirigir el proceso de intervenci\u00f3n educativa.<\/p>\n<p><strong>\u2013&nbsp;<\/strong><strong>El Reglamento de Organizaci\u00f3n y Funcionamiento<\/strong>&nbsp;es el documento que recoge el conjunto de normas que establecen la estructura organizativa de la comunidad educativa, como el instrumento que facilita el clima preciso para aplicaci\u00f3n del Proyecto Educativo.<\/p>\n<p><strong>\u2013&nbsp;<\/strong><strong>El Proyecto de Gesti\u00f3n<\/strong>&nbsp;es el documento recoge la ordenaci\u00f3n y utilizaci\u00f3n de los recursos del centro, como marco de la autonom\u00eda de gesti\u00f3n econ\u00f3mica que la legislaci\u00f3n otorga a los centros p\u00fablicos.<\/p>\n<p>&nbsp;<\/p>\n<p><a href=\"https:\/\/blogsaverroes.juntadeandalucia.es\/iesantoniogalanacosta\/files\/2020\/12\/2020-2021ProyectoEducativo.pdf\">2020-2021ProyectoEducativo<\/a><\/p>\n","protected":false},"excerpt":{"rendered":"<p>El Proyecto de Centro es el documento que expresa nuestras se\u00f1as de identidad. Es el aut\u00e9ntico referente, con car\u00e1cter sist\u00e9mico e integrador, del principio de autonom\u00eda pedag\u00f3gica, de organizaci\u00f3n y de gesti\u00f3n.&nbsp;Se revisa de&#46;&#46;&#46;<\/p>\n","protected":false},"author":1,"featured_media":1662,"parent":0,"menu_order":0,"comment_status":"closed","ping_status":"open","template":"page-cs.php","meta":{"ngg_post_thumbnail":0,"footnotes":"","_mc_calendar":[]},"aioseo_notices":[],"_links":{"self":[{"href":"https:\/\/blogsaverroes.juntadeandalucia.es\/iesantoniogalanacosta\/wp-json\/wp\/v2\/pages\/49"}],"collection":[{"href":"https:\/\/blogsaverroes.juntadeandalucia.es\/iesantoniogalanacosta\/wp-json\/wp\/v2\/pages"}],"about":[{"href":"https:\/\/blogsaverroes.juntadeandalucia.es\/iesantoniogalanacosta\/wp-json\/wp\/v2\/types\/page"}],"author":[{"embeddable":true,"href":"https:\/\/blogsaverroes.juntadeandalucia.es\/iesantoniogalanacosta\/wp-json\/wp\/v2\/users\/1"}],"replies":[{"embeddable":true,"href":"https:\/\/blogsaverroes.juntadeandalucia.es\/iesantoniogalanacosta\/wp-json\/wp\/v2\/comments?post=49"}],"version-history":[{"count":12,"href":"https:\/\/blogsaverroes.juntadeandalucia.es\/iesantoniogalanacosta\/wp-json\/wp\/v2\/pages\/49\/revisions"}],"predecessor-version":[{"id":2980,"href":"https:\/\/blogsaverroes.juntadeandalucia.es\/iesantoniogalanacosta\/wp-json\/wp\/v2\/pages\/49\/revisions\/2980"}],"wp:featuredmedia":[{"embeddable":true,"href":"https:\/\/blogsaverroes.juntadeandalucia.es\/iesantoniogalanacosta\/wp-json\/wp\/v2\/media\/1662"}],"wp:attachment":[{"href":"https:\/\/blogsaverroes.juntadeandalucia.es\/iesantoniogalanacosta\/wp-json\/wp\/v2\/media?parent=49"}],"curies":[{"name":"wp","href":"https:\/\/api.w.org\/{rel}","templated":true}]}}

<p><img loading="lazy" decoding="async" class="size-medium wp-image-1662 alignright" src="http://blogsaverroes.juntadeandalucia.es/temafrontieries/files/2015/03/proyecto-300x266.png" alt="proyecto" width="300" height="266" srcset="https://blogsaverroes.juntadeandalucia.es/iesantoniogalanacosta/files/2015/03/proyecto-300x266.png 300w, https://blogsaverroes.juntadeandalucia.es/iesantoniogalanacosta/files/2015/03/proyecto.png 640w" sizes="(max-width: 300px) 100vw, 300px" /></p>
<p>El Proyecto de Centro es el documento que expresa nuestras señas de identidad. Es el auténtico referente, con carácter sistémico e integrador, del principio de autonomía pedagógica, de organización y de gestión<em>.</em>&nbsp;Se revisa de forma anual, es decir se elabora cada año adaptándose a las circunstancias, dificultades, avances, deliberaciones y para mejorar en función de los procesos de autoevaluación.</p>
<p>Se divide en los siguientes documentos:</p>
<p><strong>–&nbsp;</strong><strong>El Proyecto Educativo&nbsp;</strong>es un documento de carácter pedagógico como conjunto coherente de declaraciones destinadas a dirigir el proceso de intervención educativa.</p>
<p><strong>–&nbsp;</strong><strong>El Reglamento de Organización y Funcionamiento</strong>&nbsp;es el documento que recoge el conjunto de normas que establecen la estructura organizativa de la comunidad educativa, como el instrumento que facilita el clima preciso para aplicación del Proyecto Educativo.</p>
<p><strong>–&nbsp;</strong><strong>El Proyecto de Gestión</strong>&nbsp;es el documento recoge la ordenación y utilización de los recursos del centro, como marco de la autonomía de gestión económica que la legislación otorga a los centros públicos.</p>
<p>&nbsp;</p>
<p><a href="https://blogsaverroes.juntadeandalucia.es/iesantoniogalanacosta/files/2020/12/2020-2021ProyectoEducativo.pdf">2020-2021ProyectoEducativo</a></p>

<p>El Proyecto de Centro es el documento que expresa nuestras señas de identidad. Es el auténtico referente, con carácter sistémico e integrador, del principio de autonomía pedagógica, de organización y de gestión.&nbsp;Se revisa de&#46;&#46;&#46;</p>
