{"id":2617,"date":"2022-01-24T14:58:02","date_gmt":"2022-01-24T14:58:02","guid":{"rendered":"https:\/\/blogsaverroes.juntadeandalucia.es\/iesantorre\/?page_id=2617"},"modified":"2024-11-06T12:04:38","modified_gmt":"2024-11-06T12:04:38","slug":"educacion-fisica","status":"publish","type":"page","link":"https:\/\/blogsaverroes.juntadeandalucia.es\/iesantorre\/educacion-fisica\/","title":{"rendered":"Educaci\u00f3n Art\u00edstica"},"content":{"rendered":"\t\t<div data-elementor-type=\"wp-page\" data-elementor-id=\"2617\" class=\"elementor elementor-2617\">\n\t\t\t\t\t\t<section class=\"elementor-section elementor-top-section elementor-element elementor-element-411e2f34 elementor-section-boxed elementor-section-height-default elementor-section-height-default\" data-id=\"411e2f34\" data-element_type=\"section\">\n\t\t\t\t\t\t<div class=\"elementor-container elementor-column-gap-default\">\n\t\t\t\t\t<div class=\"elementor-column elementor-col-100 elementor-top-column elementor-element elementor-element-5be28a18\" data-id=\"5be28a18\" data-element_type=\"column\">\n\t\t\t<div class=\"elementor-widget-wrap elementor-element-populated\">\n\t\t\t\t\t\t<div class=\"elementor-element elementor-element-3953526d elementor-widget elementor-widget-text-editor\" data-id=\"3953526d\" data-element_type=\"widget\" data-widget_type=\"text-editor.default\">\n\t\t\t\t<div class=\"elementor-widget-container\">\n\t\t\t\t\t\t\t\t\t<p><img fetchpriority=\"high\" decoding=\"async\" class=\"sFlh5c pT0Scc iPVvYb alignleft\" src=\"https:\/\/blogsaverroes.juntadeandalucia.es\/iesvilladesetenil\/files\/2015\/03\/educacion_fisica.png\" alt=\"Educaci\u00f3n F\u00edsica | IES Villa de Setenil\" width=\"257\" height=\"246\" aria-hidden=\"false\" \/><\/p><p style=\"text-align: justify\">La materia Educaci\u00f3n F\u00edsica tiene como finalidad principal desarrollar en las personas su competencia motriz, entendida como la integraci\u00f3n de los conocimientos, los procedimientos, las actitudes y los sentimientos vinculados sobre todo a la conducta motora; para su consecuci\u00f3n no es suficiente con la mera pr\u00e1ctica, sino que es necesario el an\u00e1lisis cr\u00edtico que afiance actitudes, valores referenciados al cuerpo, al movimiento y a la relaci\u00f3n con el entorno: de este modo, el alumnado lograr\u00e1 controlar y dar sentido a las propias acciones motrices, comprender los aspectos perceptivos, emotivos y cognitivos relacionados con dichas acciones y gestionar los sentimientos vinculados a las mismas, adem\u00e1s de integrar conocimientos y habilidades transversales como el trabajo en equipo, el juego limpio, el respeto a las normas, y la seguridad entre otras. Asimismo, la Educaci\u00f3n F\u00edsica est\u00e1 vinculada a la adquisici\u00f3n de competencias relacionadas con la salud, a trav\u00e9s de acciones que ayuden a la adquisici\u00f3n y consolidaci\u00f3n de h\u00e1bitos responsables de actividad f\u00edsica regular y la adopci\u00f3n de actitudes cr\u00edticas ante pr\u00e1cticas individuales, grupales y sociales no saludables, fundamentalmente en lo relacionado con las enfermedades de origen cardiovascular.<\/p><p style=\"text-align: justify\"><img decoding=\"async\" class=\"alignright\" src=\"http:\/\/blogsaverroes.juntadeandalucia.es\/temahuemanies\/files\/2015\/03\/dibujo-300x200.jpg\" alt=\"dibujo\" \/>La asignatura de Dibujo debe contribuir durante la Educaci\u00f3n Secundaria Obligatoria (ESO) a que el alumnado adquiera unos conocimientos y destrezas b\u00e1sicas del Dibujo como herramienta del pensamiento que participa en el proceso creativo, comunicativo, pl\u00e1stico y visual.<\/p><h4>\u00a0<\/h4>\t\t\t\t\t\t\t\t<\/div>\n\t\t\t\t<\/div>\n\t\t\t\t\t<\/div>\n\t\t<\/div>\n\t\t\t\t\t<\/div>\n\t\t<\/section>\n\t\t\t\t<section class=\"elementor-section elementor-top-section elementor-element elementor-element-a4f7477 elementor-section-boxed elementor-section-height-default elementor-section-height-default\" data-id=\"a4f7477\" data-element_type=\"section\">\n\t\t\t\t\t\t<div class=\"elementor-container elementor-column-gap-default\">\n\t\t\t\t\t<div class=\"elementor-column elementor-col-100 elementor-top-column elementor-element elementor-element-740d074\" data-id=\"740d074\" data-element_type=\"column\">\n\t\t\t<div class=\"elementor-widget-wrap elementor-element-populated\">\n\t\t\t\t\t\t<div class=\"elementor-element elementor-element-bfba4cd elementor-align-right elementor-widget elementor-widget-button\" data-id=\"bfba4cd\" data-element_type=\"widget\" data-widget_type=\"button.default\">\n\t\t\t\t<div class=\"elementor-widget-container\">\n\t\t\t\t\t\t\t\t\t<div class=\"elementor-button-wrapper\">\n\t\t\t\t\t<a class=\"elementor-button elementor-button-link elementor-size-sm\" href=\"https:\/\/blogsaverroes.juntadeandalucia.es\/iesantorre\/actividades-educacion-fisica\/\">\n\t\t\t\t\t\t<span class=\"elementor-button-content-wrapper\">\n\t\t\t\t\t\t\t\t\t<span class=\"elementor-button-text\">ACTIVIDADES REALIZADAS<\/span>\n\t\t\t\t\t<\/span>\n\t\t\t\t\t<\/a>\n\t\t\t\t<\/div>\n\t\t\t\t\t\t\t\t<\/div>\n\t\t\t\t<\/div>\n\t\t\t\t\t<\/div>\n\t\t<\/div>\n\t\t\t\t\t<\/div>\n\t\t<\/section>\n\t\t\t\t<section class=\"elementor-section elementor-top-section elementor-element elementor-element-0de5ced elementor-section-boxed elementor-section-height-default elementor-section-height-default\" data-id=\"0de5ced\" data-element_type=\"section\">\n\t\t\t\t\t\t<div class=\"elementor-container elementor-column-gap-default\">\n\t\t\t\t\t<div class=\"elementor-column elementor-col-100 elementor-top-column elementor-element elementor-element-65ee698\" data-id=\"65ee698\" data-element_type=\"column\">\n\t\t\t<div class=\"elementor-widget-wrap elementor-element-populated\">\n\t\t\t\t\t\t<div class=\"elementor-element elementor-element-6369041 elementor-widget elementor-widget-text-editor\" data-id=\"6369041\" data-element_type=\"widget\" data-widget_type=\"text-editor.default\">\n\t\t\t\t<div class=\"elementor-widget-container\">\n\t\t\t\t\t\t\t\t\tOs invitamos a que visit\u00e9is el blog de nuestro profesor Antonio Moreno Gonz\u00e1lez, <a href=\"https:\/\/antorredibujo.blogspot.com\/p\/arte.html\">AntorreDibujo<\/a>, donde encontrar\u00e9is gran variedad de recursos que os ser\u00e1n de gran ayuda para la asignatura de dibujo impartida en la etapa de Secundaria.\t\t\t\t\t\t\t\t<\/div>\n\t\t\t\t<\/div>\n\t\t\t\t\t<\/div>\n\t\t<\/div>\n\t\t\t\t\t<\/div>\n\t\t<\/section>\n\t\t\t\t<section class=\"elementor-section elementor-top-section elementor-element elementor-element-73b4a03 elementor-section-boxed elementor-section-height-default elementor-section-height-default\" data-id=\"73b4a03\" data-element_type=\"section\">\n\t\t\t\t\t\t<div class=\"elementor-container elementor-column-gap-default\">\n\t\t\t\t\t<div class=\"elementor-column elementor-col-100 elementor-top-column elementor-element elementor-element-c10c57a\" data-id=\"c10c57a\" data-element_type=\"column\">\n\t\t\t<div class=\"elementor-widget-wrap elementor-element-populated\">\n\t\t\t\t\t\t<div class=\"elementor-element elementor-element-c47e062 elementor-widget elementor-widget-image\" data-id=\"c47e062\" data-element_type=\"widget\" data-widget_type=\"image.default\">\n\t\t\t\t<div class=\"elementor-widget-container\">\n\t\t\t\t\t\t\t\t\t\t\t\t\t\t\t<img decoding=\"async\" width=\"300\" height=\"300\" src=\"https:\/\/blogsaverroes.juntadeandalucia.es\/iesantorre\/files\/2023\/06\/musica-300x300.jpg\" class=\"attachment-medium size-medium wp-image-4003\" alt=\"\" srcset=\"https:\/\/blogsaverroes.juntadeandalucia.es\/iesantorre\/files\/2023\/06\/musica-300x300.jpg 300w, https:\/\/blogsaverroes.juntadeandalucia.es\/iesantorre\/files\/2023\/06\/musica-150x150.jpg 150w, https:\/\/blogsaverroes.juntadeandalucia.es\/iesantorre\/files\/2023\/06\/musica-246x246.jpg 246w, https:\/\/blogsaverroes.juntadeandalucia.es\/iesantorre\/files\/2023\/06\/musica-520x520.jpg 520w, https:\/\/blogsaverroes.juntadeandalucia.es\/iesantorre\/files\/2023\/06\/musica-185x185.jpg 185w, https:\/\/blogsaverroes.juntadeandalucia.es\/iesantorre\/files\/2023\/06\/musica-220x220.jpg 220w, https:\/\/blogsaverroes.juntadeandalucia.es\/iesantorre\/files\/2023\/06\/musica-60x60.jpg 60w, https:\/\/blogsaverroes.juntadeandalucia.es\/iesantorre\/files\/2023\/06\/musica-384x384.jpg 384w, https:\/\/blogsaverroes.juntadeandalucia.es\/iesantorre\/files\/2023\/06\/musica.jpg 640w\" sizes=\"(max-width: 300px) 100vw, 300px\" \/>\t\t\t\t\t\t\t\t\t\t\t\t\t\t\t<\/div>\n\t\t\t\t<\/div>\n\t\t\t\t<div class=\"elementor-element elementor-element-b686fd1 elementor-widget elementor-widget-text-editor\" data-id=\"b686fd1\" data-element_type=\"widget\" data-widget_type=\"text-editor.default\">\n\t\t\t\t<div class=\"elementor-widget-container\">\n\t\t\t\t\t\t\t\t\t<p style=\"text-align: justify\">La m\u00fasica, como bien cultural y como lenguaje y medio de comunicaci\u00f3n no verbal, constituye un elemento con gran valor en la vida de las personas; adem\u00e1s, favorece el desarrollo integral de los individuos, interviene en su formaci\u00f3n emocional e intelectual y contribuye al afianzamiento de una postura abierta, reflexiva y cr\u00edtica en el alumnado.<\/p><p style=\"text-align: justify\">En la actualidad la m\u00fasica constituye uno de los principales referentes de identificaci\u00f3n de la juventud. Con el desarrollo tecnol\u00f3gico se han multiplicado los cauces de acceso a las cada vez m\u00e1s numerosas fuentes de cultura musical, as\u00ed como a sus diversas maneras de creaci\u00f3n e interpretaci\u00f3n a trav\u00e9s de veh\u00edculos que forman parte de su vida cotidiana como Internet, dispositivos m\u00f3viles, reproductores de audio o videojuegos; adem\u00e1s, fomenta el desarrollo de la percepci\u00f3n, la sensibilidad est\u00e9tica, la expresi\u00f3n creativa y la reflexi\u00f3n cr\u00edtica.<\/p>\t\t\t\t\t\t\t\t<\/div>\n\t\t\t\t<\/div>\n\t\t\t\t\t<\/div>\n\t\t<\/div>\n\t\t\t\t\t<\/div>\n\t\t<\/section>\n\t\t\t\t<section class=\"elementor-section elementor-top-section elementor-element elementor-element-7ead38b elementor-section-boxed elementor-section-height-default elementor-section-height-default\" data-id=\"7ead38b\" data-element_type=\"section\">\n\t\t\t\t\t\t<div class=\"elementor-container elementor-column-gap-default\">\n\t\t\t\t\t<div class=\"elementor-column elementor-col-100 elementor-top-column elementor-element elementor-element-594b2bc\" data-id=\"594b2bc\" data-element_type=\"column\">\n\t\t\t<div class=\"elementor-widget-wrap elementor-element-populated\">\n\t\t\t\t\t\t<div class=\"elementor-element elementor-element-110355f elementor-widget elementor-widget-text-editor\" data-id=\"110355f\" data-element_type=\"widget\" data-widget_type=\"text-editor.default\">\n\t\t\t\t<div class=\"elementor-widget-container\">\n\t\t\t\t\t\t\t\t\t<h4><strong><span style=\"text-decoration: underline\">MIEMBROS DEL DEPARTAMENTO<\/span><\/strong><\/h4><p>\u00c1ngel Antonio Carmona Dom\u00ednguez (E.F.)<\/p><p>Patricia G\u00e1lvez Fern\u00e1ndez (E.F.)<\/p><p><b>Rosa Mar\u00eda Verdia D\u00edaz <\/b>( Jefa de departamento. M\u00fasica)<\/p><p><span style=\"font-family: sans-serif;font-size: medium\">Jos\u00e9 Antonio De Castro Hern\u00e1ndez<\/span><span style=\"font-family: sans-serif;font-size: medium\">\u00a0(Pl\u00e1stica)<\/span><\/p>\t\t\t\t\t\t\t\t<\/div>\n\t\t\t\t<\/div>\n\t\t\t\t\t<\/div>\n\t\t<\/div>\n\t\t\t\t\t<\/div>\n\t\t<\/section>\n\t\t\t\t<\/div>\n\t\t","protected":false},"excerpt":{"rendered":"<p>La materia Educaci\u00f3n F\u00edsica tiene como finalidad principal desarrollar en las personas su competencia motriz, entendida como la integraci\u00f3n de los conocimientos, los procedimientos, las actitudes y los sentimientos vinculados sobre todo a la&#46;&#46;&#46;<\/p>\n","protected":false},"author":10241,"featured_media":0,"parent":0,"menu_order":0,"comment_status":"closed","ping_status":"closed","template":"","meta":{"ngg_post_thumbnail":0,"footnotes":"","_mc_calendar":[]},"aioseo_notices":[],"_links":{"self":[{"href":"https:\/\/blogsaverroes.juntadeandalucia.es\/iesantorre\/wp-json\/wp\/v2\/pages\/2617"}],"collection":[{"href":"https:\/\/blogsaverroes.juntadeandalucia.es\/iesantorre\/wp-json\/wp\/v2\/pages"}],"about":[{"href":"https:\/\/blogsaverroes.juntadeandalucia.es\/iesantorre\/wp-json\/wp\/v2\/types\/page"}],"author":[{"embeddable":true,"href":"https:\/\/blogsaverroes.juntadeandalucia.es\/iesantorre\/wp-json\/wp\/v2\/users\/10241"}],"replies":[{"embeddable":true,"href":"https:\/\/blogsaverroes.juntadeandalucia.es\/iesantorre\/wp-json\/wp\/v2\/comments?post=2617"}],"version-history":[{"count":48,"href":"https:\/\/blogsaverroes.juntadeandalucia.es\/iesantorre\/wp-json\/wp\/v2\/pages\/2617\/revisions"}],"predecessor-version":[{"id":4392,"href":"https:\/\/blogsaverroes.juntadeandalucia.es\/iesantorre\/wp-json\/wp\/v2\/pages\/2617\/revisions\/4392"}],"wp:attachment":[{"href":"https:\/\/blogsaverroes.juntadeandalucia.es\/iesantorre\/wp-json\/wp\/v2\/media?parent=2617"}],"curies":[{"name":"wp","href":"https:\/\/api.w.org\/{rel}","templated":true}]}}