{"id":2629,"date":"2022-01-24T15:04:23","date_gmt":"2022-01-24T15:04:23","guid":{"rendered":"https:\/\/blogsaverroes.juntadeandalucia.es\/iesantorre\/?page_id=2629"},"modified":"2024-11-06T12:13:46","modified_gmt":"2024-11-06T12:13:46","slug":"ingles-2","status":"publish","type":"page","link":"https:\/\/blogsaverroes.juntadeandalucia.es\/iesantorre\/ingles-2\/","title":{"rendered":"Lenguas Extranjeras"},"content":{"rendered":"\t\t<div data-elementor-type=\"wp-page\" data-elementor-id=\"2629\" class=\"elementor elementor-2629\">\n\t\t\t\t\t\t<section class=\"elementor-section elementor-top-section elementor-element elementor-element-20b30103 elementor-section-boxed elementor-section-height-default elementor-section-height-default\" data-id=\"20b30103\" data-element_type=\"section\">\n\t\t\t\t\t\t<div class=\"elementor-container elementor-column-gap-default\">\n\t\t\t\t\t<div class=\"elementor-column elementor-col-100 elementor-top-column elementor-element elementor-element-4ff4d7d1\" data-id=\"4ff4d7d1\" data-element_type=\"column\">\n\t\t\t<div class=\"elementor-widget-wrap elementor-element-populated\">\n\t\t\t\t\t\t<div class=\"elementor-element elementor-element-1d2b874 elementor-widget elementor-widget-text-editor\" data-id=\"1d2b874\" data-element_type=\"widget\" data-widget_type=\"text-editor.default\">\n\t\t\t\t<div class=\"elementor-widget-container\">\n\t\t\t\t\t\t\t\t\t<p style=\"text-align: justify\"><a href=\"https:\/\/blogsaverroes.juntadeandalucia.es\/iesantorre\/files\/2023\/10\/Idiomas.png\"><img fetchpriority=\"high\" decoding=\"async\" class=\"size-full wp-image-4195 alignleft\" src=\"https:\/\/blogsaverroes.juntadeandalucia.es\/iesantorre\/files\/2023\/10\/Lengua-extranjera.jpg\" alt=\"\" width=\"470\" height=\"313\" srcset=\"https:\/\/blogsaverroes.juntadeandalucia.es\/iesantorre\/files\/2023\/10\/Lengua-extranjera.jpg 470w, https:\/\/blogsaverroes.juntadeandalucia.es\/iesantorre\/files\/2023\/10\/Lengua-extranjera-300x200.jpg 300w\" sizes=\"(max-width: 470px) 100vw, 470px\" \/><\/a>La lengua es el instrumento por excelencia del aprendizaje y la comunicaci\u00f3n. Tanto las lenguas primeras como las lenguas extranjeras forman parte en la actualidad, y cada vez lo har\u00e1n m\u00e1s en el futuro, del bagaje vital de las personas en un mundo en continua expansi\u00f3n en el que, a la vez, las relaciones entre individuos, pa\u00edses, organismos y corporaciones se hacen m\u00e1s frecuentes y m\u00e1s estrechas. En la medida en que ese bagaje comprende diversos conocimientos, destrezas y actitudes en diversas lenguas, es decir un perfil pluriling\u00fce e intercultural, el individuo est\u00e1 mejor preparado para integrarse y participar en una variedad de contextos y de situaciones que suponen un est\u00edmulo para su desarrollo, y mejores oportunidades, en los \u00e1mbitos personal, p\u00fablico, educativo o acad\u00e9mico, ocupacional y profesional.<\/p>\n<h4 style=\"text-align: justify\"><span style=\"text-decoration: underline\">MIEMBROS DEL DEPARTAMENTO<\/span><\/h4>\n<p>Javier Vel\u00e1zquez Callado (Franc\u00e9s)<\/p>\n<p>M\u00aa del Carmen Reyes Alba (Ingl\u00e9s)<\/p>\n<p>Virginia Ramos de Haro (Ingl\u00e9s)<\/p>\n<p>Mar\u00eda del Mar Ponce Le\u00f3n (Ingl\u00e9s)<\/p>\n<p>Elizabeth Jane Hel\u00e8n Kenning de Jim\u00e9nez (Ingl\u00e9s)<\/p>\n<p><strong>Mar\u00eda Jos\u00e9 Prua\u00f1o Vega<\/strong> (Jefa de Departamento)<\/p>\t\t\t\t\t\t\t\t<\/div>\n\t\t\t\t<\/div>\n\t\t\t\t\t<\/div>\n\t\t<\/div>\n\t\t\t\t\t<\/div>\n\t\t<\/section>\n\t\t\t\t<section class=\"elementor-section elementor-top-section elementor-element elementor-element-aa146bf elementor-section-boxed elementor-section-height-default elementor-section-height-default\" data-id=\"aa146bf\" data-element_type=\"section\">\n\t\t\t\t\t\t<div class=\"elementor-container elementor-column-gap-default\">\n\t\t\t\t\t<div class=\"elementor-column elementor-col-100 elementor-top-column elementor-element elementor-element-367bc0a\" data-id=\"367bc0a\" data-element_type=\"column\">\n\t\t\t<div class=\"elementor-widget-wrap elementor-element-populated\">\n\t\t\t\t\t\t<div class=\"elementor-element elementor-element-83fd063 elementor-align-right elementor-widget elementor-widget-button\" data-id=\"83fd063\" data-element_type=\"widget\" data-widget_type=\"button.default\">\n\t\t\t\t<div class=\"elementor-widget-container\">\n\t\t\t\t\t\t\t\t\t<div class=\"elementor-button-wrapper\">\n\t\t\t\t\t<a class=\"elementor-button elementor-button-link elementor-size-sm\" href=\"https:\/\/blogsaverroes.juntadeandalucia.es\/iesantorre\/actividades-ingles\/\">\n\t\t\t\t\t\t<span class=\"elementor-button-content-wrapper\">\n\t\t\t\t\t\t\t\t\t<span class=\"elementor-button-text\">ACTIVIDADES REALIZADAS<\/span>\n\t\t\t\t\t<\/span>\n\t\t\t\t\t<\/a>\n\t\t\t\t<\/div>\n\t\t\t\t\t\t\t\t<\/div>\n\t\t\t\t<\/div>\n\t\t\t\t\t<\/div>\n\t\t<\/div>\n\t\t\t\t\t<\/div>\n\t\t<\/section>\n\t\t\t\t<\/div>\n\t\t","protected":false},"excerpt":{"rendered":"<p>La lengua es el instrumento por excelencia del aprendizaje y la comunicaci\u00f3n. Tanto las lenguas primeras como las lenguas extranjeras forman parte en la actualidad, y cada vez lo har\u00e1n m\u00e1s en el futuro,&#46;&#46;&#46;<\/p>\n","protected":false},"author":10241,"featured_media":0,"parent":0,"menu_order":0,"comment_status":"closed","ping_status":"closed","template":"","meta":{"ngg_post_thumbnail":0,"footnotes":"","_mc_calendar":[]},"aioseo_notices":[],"_links":{"self":[{"href":"https:\/\/blogsaverroes.juntadeandalucia.es\/iesantorre\/wp-json\/wp\/v2\/pages\/2629"}],"collection":[{"href":"https:\/\/blogsaverroes.juntadeandalucia.es\/iesantorre\/wp-json\/wp\/v2\/pages"}],"about":[{"href":"https:\/\/blogsaverroes.juntadeandalucia.es\/iesantorre\/wp-json\/wp\/v2\/types\/page"}],"author":[{"embeddable":true,"href":"https:\/\/blogsaverroes.juntadeandalucia.es\/iesantorre\/wp-json\/wp\/v2\/users\/10241"}],"replies":[{"embeddable":true,"href":"https:\/\/blogsaverroes.juntadeandalucia.es\/iesantorre\/wp-json\/wp\/v2\/comments?post=2629"}],"version-history":[{"count":53,"href":"https:\/\/blogsaverroes.juntadeandalucia.es\/iesantorre\/wp-json\/wp\/v2\/pages\/2629\/revisions"}],"predecessor-version":[{"id":4402,"href":"https:\/\/blogsaverroes.juntadeandalucia.es\/iesantorre\/wp-json\/wp\/v2\/pages\/2629\/revisions\/4402"}],"wp:attachment":[{"href":"https:\/\/blogsaverroes.juntadeandalucia.es\/iesantorre\/wp-json\/wp\/v2\/media?parent=2629"}],"curies":[{"name":"wp","href":"https:\/\/api.w.org\/{rel}","templated":true}]}}

<div data-elementor-type="wp-page" data-elementor-id="2629" class="elementor elementor-2629">
						<section class="elementor-section elementor-top-section elementor-element elementor-element-20b30103 elementor-section-boxed elementor-section-height-default elementor-section-height-default" data-id="20b30103" data-element_type="section">
						<div class="elementor-container elementor-column-gap-default">
					<div class="elementor-column elementor-col-100 elementor-top-column elementor-element elementor-element-4ff4d7d1" data-id="4ff4d7d1" data-element_type="column">
			<div class="elementor-widget-wrap elementor-element-populated">
						<div class="elementor-element elementor-element-1d2b874 elementor-widget elementor-widget-text-editor" data-id="1d2b874" data-element_type="widget" data-widget_type="text-editor.default">
				<div class="elementor-widget-container">
									<p style="text-align: justify"><a href="https://blogsaverroes.juntadeandalucia.es/iesantorre/files/2023/10/Idiomas.png"><img fetchpriority="high" decoding="async" class="size-full wp-image-4195 alignleft" src="https://blogsaverroes.juntadeandalucia.es/iesantorre/files/2023/10/Lengua-extranjera.jpg" alt="" width="470" height="313" srcset="https://blogsaverroes.juntadeandalucia.es/iesantorre/files/2023/10/Lengua-extranjera.jpg 470w, https://blogsaverroes.juntadeandalucia.es/iesantorre/files/2023/10/Lengua-extranjera-300x200.jpg 300w" sizes="(max-width: 470px) 100vw, 470px" /></a>La lengua es el instrumento por excelencia del aprendizaje y la comunicación. Tanto las lenguas primeras como las lenguas extranjeras forman parte en la actualidad, y cada vez lo harán más en el futuro, del bagaje vital de las personas en un mundo en continua expansión en el que, a la vez, las relaciones entre individuos, países, organismos y corporaciones se hacen más frecuentes y más estrechas. En la medida en que ese bagaje comprende diversos conocimientos, destrezas y actitudes en diversas lenguas, es decir un perfil plurilingüe e intercultural, el individuo está mejor preparado para integrarse y participar en una variedad de contextos y de situaciones que suponen un estímulo para su desarrollo, y mejores oportunidades, en los ámbitos personal, público, educativo o académico, ocupacional y profesional.</p>
<h4 style="text-align: justify"><span style="text-decoration: underline">MIEMBROS DEL DEPARTAMENTO</span></h4>
<p>Javier Velázquez Callado (Francés)</p>
<p>Mª del Carmen Reyes Alba (Inglés)</p>
<p>Virginia Ramos de Haro (Inglés)</p>
<p>María del Mar Ponce León (Inglés)</p>
<p>Elizabeth Jane Helèn Kenning de Jiménez (Inglés)</p>
<p><strong>María José Pruaño Vega</strong> (Jefa de Departamento)</p>								</div>
				</div>
					</div>
		</div>
					</div>
		</section>
				<section class="elementor-section elementor-top-section elementor-element elementor-element-aa146bf elementor-section-boxed elementor-section-height-default elementor-section-height-default" data-id="aa146bf" data-element_type="section">
						<div class="elementor-container elementor-column-gap-default">
					<div class="elementor-column elementor-col-100 elementor-top-column elementor-element elementor-element-367bc0a" data-id="367bc0a" data-element_type="column">
			<div class="elementor-widget-wrap elementor-element-populated">
						<div class="elementor-element elementor-element-83fd063 elementor-align-right elementor-widget elementor-widget-button" data-id="83fd063" data-element_type="widget" data-widget_type="button.default">
				<div class="elementor-widget-container">
									<div class="elementor-button-wrapper">
					<a class="elementor-button elementor-button-link elementor-size-sm" href="https://blogsaverroes.juntadeandalucia.es/iesantorre/actividades-ingles/">
						<span class="elementor-button-content-wrapper">
									<span class="elementor-button-text">ACTIVIDADES REALIZADAS</span>
					</span>
					</a>
				</div>
								</div>
				</div>
					</div>
		</div>
					</div>
		</section>
				</div>

<p>La lengua es el instrumento por excelencia del aprendizaje y la comunicación. Tanto las lenguas primeras como las lenguas extranjeras forman parte en la actualidad, y cada vez lo harán más en el futuro,&#46;&#46;&#46;</p>
