{"id":1475,"date":"2013-04-25T12:17:05","date_gmt":"2013-04-25T10:17:05","guid":{"rendered":"http:\/\/www.iesarroyodelamiel.es\/?page_id=1475"},"modified":"2013-04-25T12:17:05","modified_gmt":"2013-04-25T10:17:05","slug":"cubosoma","status":"publish","type":"page","link":"https:\/\/blogsaverroes.juntadeandalucia.es\/iesarroyodelamiel\/cubosoma\/","title":{"rendered":"Cubosoma"},"content":{"rendered":"<p>La explicaci\u00f3n de esta actividad se encuentra en el cartel.<\/p>\n<p>    Los materiales se pueden construir f\u00e1cilmente pegando cubitos de madera o adquiriendo cubitos de pl\u00e1stico encajables en tiendas de juguetes.<\/p>\n","protected":false},"excerpt":{"rendered":"<p>La explicaci\u00f3n de esta actividad se encuentra en el cartel. Los materiales se pueden construir f\u00e1cilmente pegando cubitos de madera o adquiriendo cubitos de pl\u00e1stico encajables en tiendas de juguetes.<\/p>\n","protected":false},"author":10424,"featured_media":0,"parent":0,"menu_order":0,"comment_status":"closed","ping_status":"closed","template":"","meta":{"ngg_post_thumbnail":0,"footnotes":"","_mc_calendar":[]},"aioseo_notices":[],"_links":{"self":[{"href":"https:\/\/blogsaverroes.juntadeandalucia.es\/iesarroyodelamiel\/wp-json\/wp\/v2\/pages\/1475"}],"collection":[{"href":"https:\/\/blogsaverroes.juntadeandalucia.es\/iesarroyodelamiel\/wp-json\/wp\/v2\/pages"}],"about":[{"href":"https:\/\/blogsaverroes.juntadeandalucia.es\/iesarroyodelamiel\/wp-json\/wp\/v2\/types\/page"}],"author":[{"embeddable":true,"href":"https:\/\/blogsaverroes.juntadeandalucia.es\/iesarroyodelamiel\/wp-json\/wp\/v2\/users\/10424"}],"replies":[{"embeddable":true,"href":"https:\/\/blogsaverroes.juntadeandalucia.es\/iesarroyodelamiel\/wp-json\/wp\/v2\/comments?post=1475"}],"version-history":[{"count":0,"href":"https:\/\/blogsaverroes.juntadeandalucia.es\/iesarroyodelamiel\/wp-json\/wp\/v2\/pages\/1475\/revisions"}],"wp:attachment":[{"href":"https:\/\/blogsaverroes.juntadeandalucia.es\/iesarroyodelamiel\/wp-json\/wp\/v2\/media?parent=1475"}],"curies":[{"name":"wp","href":"https:\/\/api.w.org\/{rel}","templated":true}]}}