{"id":169,"date":"2013-02-21T11:26:49","date_gmt":"2013-02-21T11:26:49","guid":{"rendered":"http:\/\/www.iesarroyodelamiel.es\/?page_id=169"},"modified":"2025-10-20T21:38:18","modified_gmt":"2025-10-20T21:38:18","slug":"instalaciones-2","status":"publish","type":"page","link":"https:\/\/blogsaverroes.juntadeandalucia.es\/iesarroyodelamiel\/instalaciones-2\/","title":{"rendered":"Instalaciones"},"content":{"rendered":"<div id=\"contenido_sitio\">\n<p><strong>&nbsp;-Aulas espec\u00edficas:<\/strong><\/p>\n<p>Tecnolog\u00eda.<\/p>\n<p>M\u00fasica.<\/p>\n<p>Inform\u00e1tica.<\/p>\n<p>Dibujo .<\/p>\n<p>Biblioteca y sala de estudios.<\/p>\n<p>Idiomas.<\/p>\n<p><strong>-Laboratorios:<\/strong><\/p>\n<p>Biolog\u00eda y geolog\u00eda.<\/p>\n<p>F\u00edsica.<\/p>\n<p>Qu\u00edmica.<\/p>\n<p>Idiomas.<\/p>\n<p><strong>-Instalaciones deportivas:<\/strong><\/p>\n<p>Pabell\u00f3n.<\/p>\n<p>Pistas polideportivas (dos).<\/p>\n<p>&nbsp;<\/p>\n<\/div>\n","protected":false},"excerpt":{"rendered":"<p>&nbsp;-Aulas espec\u00edficas: Tecnolog\u00eda. M\u00fasica. Inform\u00e1tica. Dibujo . Biblioteca y sala de estudios. Idiomas. -Laboratorios: Biolog\u00eda y geolog\u00eda. F\u00edsica. Qu\u00edmica. Idiomas. -Instalaciones deportivas: Pabell\u00f3n. Pistas polideportivas (dos). &nbsp;<\/p>\n","protected":false},"author":10424,"featured_media":0,"parent":0,"menu_order":0,"comment_status":"closed","ping_status":"closed","template":"","meta":{"ngg_post_thumbnail":0,"footnotes":"","_mc_calendar":[]},"aioseo_notices":[],"_links":{"self":[{"href":"https:\/\/blogsaverroes.juntadeandalucia.es\/iesarroyodelamiel\/wp-json\/wp\/v2\/pages\/169"}],"collection":[{"href":"https:\/\/blogsaverroes.juntadeandalucia.es\/iesarroyodelamiel\/wp-json\/wp\/v2\/pages"}],"about":[{"href":"https:\/\/blogsaverroes.juntadeandalucia.es\/iesarroyodelamiel\/wp-json\/wp\/v2\/types\/page"}],"author":[{"embeddable":true,"href":"https:\/\/blogsaverroes.juntadeandalucia.es\/iesarroyodelamiel\/wp-json\/wp\/v2\/users\/10424"}],"replies":[{"embeddable":true,"href":"https:\/\/blogsaverroes.juntadeandalucia.es\/iesarroyodelamiel\/wp-json\/wp\/v2\/comments?post=169"}],"version-history":[{"count":1,"href":"https:\/\/blogsaverroes.juntadeandalucia.es\/iesarroyodelamiel\/wp-json\/wp\/v2\/pages\/169\/revisions"}],"predecessor-version":[{"id":7683,"href":"https:\/\/blogsaverroes.juntadeandalucia.es\/iesarroyodelamiel\/wp-json\/wp\/v2\/pages\/169\/revisions\/7683"}],"wp:attachment":[{"href":"https:\/\/blogsaverroes.juntadeandalucia.es\/iesarroyodelamiel\/wp-json\/wp\/v2\/media?parent=169"}],"curies":[{"name":"wp","href":"https:\/\/api.w.org\/{rel}","templated":true}]}}