{"id":5408,"date":"2021-04-27T14:59:49","date_gmt":"2021-04-27T14:59:49","guid":{"rendered":"https:\/\/blogsaverroes.juntadeandalucia.es\/iesarroyodelamiel\/?page_id=5408"},"modified":"2025-09-09T08:00:21","modified_gmt":"2025-09-09T08:00:21","slug":"administracion","status":"publish","type":"page","link":"https:\/\/blogsaverroes.juntadeandalucia.es\/iesarroyodelamiel\/administracion\/","title":{"rendered":"Administraci\u00f3n"},"content":{"rendered":"<p><strong>Tel\u00e9fono Del centro:<\/strong><\/p>\n<p>951297980. Le contestar\u00e1n en conserjer\u00eda y le pasar\u00e1n con nosotros (Secretar\u00eda)<\/p>\n<p><strong>Horario de ventanilla del centro:&nbsp;<\/strong><\/p>\n<p><em><strong>Del 15 de septiembre al 30 de junio:<\/strong><\/em><\/p>\n<ul>\n<li>De Lunes a Viernes de 10:00 a 12:00<\/li>\n<\/ul>\n<p>(Alumnos del centro durante el recreo de 11:30 a 12:00)<\/p>\n<p><em><strong>Del &nbsp;1 de julio al 15 de septiembre&nbsp; (agosto cerrado):<\/strong><\/em><\/p>\n<ul>\n<li>&nbsp;&nbsp;De Lunes a Viernes de las 09:30 a 13:30<\/li>\n<\/ul>\n<p>&nbsp;<\/p>\n<p>&nbsp;<\/p>\n","protected":false},"excerpt":{"rendered":"<p>Tel\u00e9fono Del centro: 951297980. Le contestar\u00e1n en conserjer\u00eda y le pasar\u00e1n con nosotros (Secretar\u00eda) Horario de ventanilla del centro:&nbsp; Del 15 de septiembre al 30 de junio: De Lunes a Viernes de 10:00 a&#46;&#46;&#46;<\/p>\n","protected":false},"author":10424,"featured_media":0,"parent":0,"menu_order":0,"comment_status":"closed","ping_status":"closed","template":"","meta":{"ngg_post_thumbnail":0,"footnotes":"","_mc_calendar":[]},"aioseo_notices":[],"_links":{"self":[{"href":"https:\/\/blogsaverroes.juntadeandalucia.es\/iesarroyodelamiel\/wp-json\/wp\/v2\/pages\/5408"}],"collection":[{"href":"https:\/\/blogsaverroes.juntadeandalucia.es\/iesarroyodelamiel\/wp-json\/wp\/v2\/pages"}],"about":[{"href":"https:\/\/blogsaverroes.juntadeandalucia.es\/iesarroyodelamiel\/wp-json\/wp\/v2\/types\/page"}],"author":[{"embeddable":true,"href":"https:\/\/blogsaverroes.juntadeandalucia.es\/iesarroyodelamiel\/wp-json\/wp\/v2\/users\/10424"}],"replies":[{"embeddable":true,"href":"https:\/\/blogsaverroes.juntadeandalucia.es\/iesarroyodelamiel\/wp-json\/wp\/v2\/comments?post=5408"}],"version-history":[{"count":4,"href":"https:\/\/blogsaverroes.juntadeandalucia.es\/iesarroyodelamiel\/wp-json\/wp\/v2\/pages\/5408\/revisions"}],"predecessor-version":[{"id":7643,"href":"https:\/\/blogsaverroes.juntadeandalucia.es\/iesarroyodelamiel\/wp-json\/wp\/v2\/pages\/5408\/revisions\/7643"}],"wp:attachment":[{"href":"https:\/\/blogsaverroes.juntadeandalucia.es\/iesarroyodelamiel\/wp-json\/wp\/v2\/media?parent=5408"}],"curies":[{"name":"wp","href":"https:\/\/api.w.org\/{rel}","templated":true}]}}