{"id":5423,"date":"2021-04-27T17:24:45","date_gmt":"2021-04-27T17:24:45","guid":{"rendered":"https:\/\/blogsaverroes.juntadeandalucia.es\/iesarroyodelamiel\/?page_id=5423"},"modified":"2021-04-27T17:26:01","modified_gmt":"2021-04-27T17:26:01","slug":"iniciativas-ampa","status":"publish","type":"page","link":"https:\/\/blogsaverroes.juntadeandalucia.es\/iesarroyodelamiel\/iniciativas-ampa\/","title":{"rendered":"Iniciativas AMPA"},"content":{"rendered":"<p>Les iremos &nbsp;informando de las iniciativas que se est\u00e1n llevando desde el AMPA.<\/p>\n<p>\u00bfTiene alguna idea o iniciativa?&nbsp; H\u00e1gala llegar a trav\u00e9s del correo ampa.iesarroyo@gmail.com<\/p>\n<p style=\"text-align: center\"><a href=\"https:\/\/blogsaverroes.juntadeandalucia.es\/iesarroyodelamiel\/files\/2021\/04\/AMPA-familias.jpg\"><img loading=\"lazy\" decoding=\"async\" class=\"alignnone size-full wp-image-5424\" src=\"https:\/\/blogsaverroes.juntadeandalucia.es\/iesarroyodelamiel\/files\/2021\/04\/AMPA-familias.jpg\" alt=\"\" width=\"225\" height=\"225\" srcset=\"https:\/\/blogsaverroes.juntadeandalucia.es\/iesarroyodelamiel\/files\/2021\/04\/AMPA-familias.jpg 225w, https:\/\/blogsaverroes.juntadeandalucia.es\/iesarroyodelamiel\/files\/2021\/04\/AMPA-familias-150x150.jpg 150w, https:\/\/blogsaverroes.juntadeandalucia.es\/iesarroyodelamiel\/files\/2021\/04\/AMPA-familias-80x80.jpg 80w\" sizes=\"(max-width: 225px) 100vw, 225px\" \/><\/a><\/p>\n<p><strong>CLASES DE YOGA<\/strong><\/p>\n<p>A partir de la semana pr\u00f3xima el AMPA en colaboraci\u00f3n con el departamento de Educaci\u00f3n F\u00edsica ha preparado clases de introducci\u00f3n a Yoga para los alumnos de ESO y Bachillerato del turno de ma\u00f1ana del centro.&nbsp;<a href=\"http:\/\/www.iesarroyodelamiel.es\/wp-content\/uploads\/2017\/02\/I.-Arroyo-proyecto-Yoga.pdf\">Aqu\u00ed se puede consultar un enlace al proyecto con documentaci\u00f3n.<\/a><\/p>\n<p><a href=\"http:\/\/www.iesarroyodelamiel.es\/wp-content\/uploads\/2017\/02\/Alimenta-tu-mente.jpg\" data-rel=\"lightbox\"><img loading=\"lazy\" decoding=\"async\" class=\"size-medium wp-image-2865 aligncenter\" src=\"http:\/\/www.iesarroyodelamiel.es\/wp-content\/uploads\/2017\/02\/Alimenta-tu-mente-212x300.jpg\" alt=\"Alimenta tu mente\" width=\"212\" height=\"300\" srcset=\"https:\/\/blogsaverroes.juntadeandalucia.es\/iesarroyodelamiel\/files\/2017\/02\/Alimenta-tu-mente-212x300.jpg 212w, https:\/\/blogsaverroes.juntadeandalucia.es\/iesarroyodelamiel\/files\/2017\/02\/Alimenta-tu-mente-724x1024.jpg 724w, https:\/\/blogsaverroes.juntadeandalucia.es\/iesarroyodelamiel\/files\/2017\/02\/Alimenta-tu-mente-768x1087.jpg 768w, https:\/\/blogsaverroes.juntadeandalucia.es\/iesarroyodelamiel\/files\/2017\/02\/Alimenta-tu-mente-17x24.jpg 17w, https:\/\/blogsaverroes.juntadeandalucia.es\/iesarroyodelamiel\/files\/2017\/02\/Alimenta-tu-mente-25x36.jpg 25w, https:\/\/blogsaverroes.juntadeandalucia.es\/iesarroyodelamiel\/files\/2017\/02\/Alimenta-tu-mente-34x48.jpg 34w, https:\/\/blogsaverroes.juntadeandalucia.es\/iesarroyodelamiel\/files\/2017\/02\/Alimenta-tu-mente.jpg 826w\" sizes=\"(max-width: 212px) 100vw, 212px\" \/><\/a><\/p>\n","protected":false},"excerpt":{"rendered":"<p>Les iremos &nbsp;informando de las iniciativas que se est\u00e1n llevando desde el AMPA. \u00bfTiene alguna idea o iniciativa?&nbsp; H\u00e1gala llegar a trav\u00e9s del correo ampa.iesarroyo@gmail.com CLASES DE YOGA A partir de la semana pr\u00f3xima&#46;&#46;&#46;<\/p>\n","protected":false},"author":10424,"featured_media":0,"parent":0,"menu_order":0,"comment_status":"closed","ping_status":"closed","template":"","meta":{"ngg_post_thumbnail":0,"footnotes":"","_mc_calendar":[]},"aioseo_notices":[],"_links":{"self":[{"href":"https:\/\/blogsaverroes.juntadeandalucia.es\/iesarroyodelamiel\/wp-json\/wp\/v2\/pages\/5423"}],"collection":[{"href":"https:\/\/blogsaverroes.juntadeandalucia.es\/iesarroyodelamiel\/wp-json\/wp\/v2\/pages"}],"about":[{"href":"https:\/\/blogsaverroes.juntadeandalucia.es\/iesarroyodelamiel\/wp-json\/wp\/v2\/types\/page"}],"author":[{"embeddable":true,"href":"https:\/\/blogsaverroes.juntadeandalucia.es\/iesarroyodelamiel\/wp-json\/wp\/v2\/users\/10424"}],"replies":[{"embeddable":true,"href":"https:\/\/blogsaverroes.juntadeandalucia.es\/iesarroyodelamiel\/wp-json\/wp\/v2\/comments?post=5423"}],"version-history":[{"count":2,"href":"https:\/\/blogsaverroes.juntadeandalucia.es\/iesarroyodelamiel\/wp-json\/wp\/v2\/pages\/5423\/revisions"}],"predecessor-version":[{"id":5426,"href":"https:\/\/blogsaverroes.juntadeandalucia.es\/iesarroyodelamiel\/wp-json\/wp\/v2\/pages\/5423\/revisions\/5426"}],"wp:attachment":[{"href":"https:\/\/blogsaverroes.juntadeandalucia.es\/iesarroyodelamiel\/wp-json\/wp\/v2\/media?parent=5423"}],"curies":[{"name":"wp","href":"https:\/\/api.w.org\/{rel}","templated":true}]}}

<p>Les iremos &nbsp;informando de las iniciativas que se están llevando desde el AMPA.</p>
<p>¿Tiene alguna idea o iniciativa?&nbsp; Hágala llegar a través del correo ampa.iesarroyo@gmail.com</p>
<p style="text-align: center"><a href="https://blogsaverroes.juntadeandalucia.es/iesarroyodelamiel/files/2021/04/AMPA-familias.jpg"><img loading="lazy" decoding="async" class="alignnone size-full wp-image-5424" src="https://blogsaverroes.juntadeandalucia.es/iesarroyodelamiel/files/2021/04/AMPA-familias.jpg" alt="" width="225" height="225" srcset="https://blogsaverroes.juntadeandalucia.es/iesarroyodelamiel/files/2021/04/AMPA-familias.jpg 225w, https://blogsaverroes.juntadeandalucia.es/iesarroyodelamiel/files/2021/04/AMPA-familias-150x150.jpg 150w, https://blogsaverroes.juntadeandalucia.es/iesarroyodelamiel/files/2021/04/AMPA-familias-80x80.jpg 80w" sizes="(max-width: 225px) 100vw, 225px" /></a></p>
<p><strong>CLASES DE YOGA</strong></p>
<p>A partir de la semana próxima el AMPA en colaboración con el departamento de Educación Física ha preparado clases de introducción a Yoga para los alumnos de ESO y Bachillerato del turno de mañana del centro.&nbsp;<a href="http://www.iesarroyodelamiel.es/wp-content/uploads/2017/02/I.-Arroyo-proyecto-Yoga.pdf">Aquí se puede consultar un enlace al proyecto con documentación.</a></p>
<p><a href="http://www.iesarroyodelamiel.es/wp-content/uploads/2017/02/Alimenta-tu-mente.jpg" data-rel="lightbox"><img loading="lazy" decoding="async" class="size-medium wp-image-2865 aligncenter" src="http://www.iesarroyodelamiel.es/wp-content/uploads/2017/02/Alimenta-tu-mente-212x300.jpg" alt="Alimenta tu mente" width="212" height="300" srcset="https://blogsaverroes.juntadeandalucia.es/iesarroyodelamiel/files/2017/02/Alimenta-tu-mente-212x300.jpg 212w, https://blogsaverroes.juntadeandalucia.es/iesarroyodelamiel/files/2017/02/Alimenta-tu-mente-724x1024.jpg 724w, https://blogsaverroes.juntadeandalucia.es/iesarroyodelamiel/files/2017/02/Alimenta-tu-mente-768x1087.jpg 768w, https://blogsaverroes.juntadeandalucia.es/iesarroyodelamiel/files/2017/02/Alimenta-tu-mente-17x24.jpg 17w, https://blogsaverroes.juntadeandalucia.es/iesarroyodelamiel/files/2017/02/Alimenta-tu-mente-25x36.jpg 25w, https://blogsaverroes.juntadeandalucia.es/iesarroyodelamiel/files/2017/02/Alimenta-tu-mente-34x48.jpg 34w, https://blogsaverroes.juntadeandalucia.es/iesarroyodelamiel/files/2017/02/Alimenta-tu-mente.jpg 826w" sizes="(max-width: 212px) 100vw, 212px" /></a></p>

<p>Les iremos &nbsp;informando de las iniciativas que se están llevando desde el AMPA. ¿Tiene alguna idea o iniciativa?&nbsp; Hágala llegar a través del correo ampa.iesarroyo@gmail.com CLASES DE YOGA A partir de la semana próxima&#46;&#46;&#46;</p>
